-- phpMyAdmin SQL Dump
-- version 5.2.0
-- https://www.phpmyadmin.net/
--
-- Servidor: 127.0.0.1
-- Tiempo de generación: 21-04-2023 a las 01:18:21
-- Versión del servidor: 10.4.25-MariaDB
-- Versión de PHP: 7.4.30

SET SQL_MODE = "NO_AUTO_VALUE_ON_ZERO";
START TRANSACTION;
SET time_zone = "+00:00";


/*!40101 SET @OLD_CHARACTER_SET_CLIENT=@@CHARACTER_SET_CLIENT */;
/*!40101 SET @OLD_CHARACTER_SET_RESULTS=@@CHARACTER_SET_RESULTS */;
/*!40101 SET @OLD_COLLATION_CONNECTION=@@COLLATION_CONNECTION */;
/*!40101 SET NAMES utf8mb4 */;

--
-- Base de datos: `dbcreditcircle`
--

-- --------------------------------------------------------

--
-- Estructura de tabla para la tabla `circlerawrequests`
--

CREATE TABLE `circlerawrequests` (
  `id` int(11) NOT NULL,
  `timestamp` datetime NOT NULL DEFAULT current_timestamp(),
  `circlerequest_id` int(5) NOT NULL,
  `url` varchar(100) NOT NULL,
  `method` varchar(25) NOT NULL,
  `action` varchar(15) NOT NULL,
  `userCircle` varchar(25) NOT NULL,
  `rawrequest` text NOT NULL,
  `remote_ip` varchar(30) NOT NULL
) ENGINE=InnoDB DEFAULT CHARSET=utf8mb4;

--
-- Volcado de datos para la tabla `circlerawrequests`
--

INSERT INTO `circlerawrequests` (`id`, `timestamp`, `circlerequest_id`, `url`, `method`, `action`, `userCircle`, `rawrequest`, `remote_ip`) VALUES
(1, '2023-04-19 00:19:06', 4, 'urlCC', 'methodCC', 'actionCC', 'userCircle', '\"folio\": \"123456\",\r\n\"persona\": {\r\n  \"nombres\": \"JUAN\",\r\n  \"apellidoPaterno\": \"SESENTAYDOS\",\r\n  \"apellidoMaterno\": \"PRUEBA\",\r\n  \"fechaNacimiento\": \"1965-08-09\",\r\n  \"RFC\": \"SEPJ650809JG1\",\r\n  \"domicilio\": {\r\n    \"direccion\": \"PASADISO ENCONTRADO 58\",\r\n    \"coloniaPoblacion\": \"MONTEVIDEO\",\r\n    \"ciudad\": \"CIUDAD DE MÉXICO\",\r\n    \"CP\": \"07730\",\r\n    \"delegacionMunicipio\": \"GUSTAVO A MADERO\",\r\n    \"estado\": \"CDMX\"\r\n  }\r\n}', ''),
(2, '2023-04-19 00:19:11', 5, 'urlCC', 'methodCC', 'actionCC', 'userCircle', '\"folio\": \"123456\",\n\"persona\": {\n  \"nombres\": \"JUAN\",\n  \"apellidoPaterno\": \"SESENTAYDOS\",\n  \"apellidoMaterno\": \"PRUEBA\",\n  \"fechaNacimiento\": \"1965-08-09\",\n  \"RFC\": \"SEPJ650809JG1\",\n  \"domicilio\": {\n    \"direccion\": \"PASADISO ENCONTRADO 58\",\n    \"coloniaPoblacion\": \"MONTEVIDEO\",\n    \"ciudad\": \"CIUDAD DE MÉXICO\",\n    \"CP\": \"07730\",\n    \"delegacionMunicipio\": \"GUSTAVO A MADERO\",\n    \"estado\": \"CDMX\"\n  }\n}', ''),
(3, '2023-04-19 00:23:37', 6, 'urlCC', 'methodCC', 'actionCC', 'userCircle', '\"folio\": \"123456\",\n\"persona\": {\n  \"nombres\": \"{$firstname}\",\n  \"apellidoPaterno\": \"{$lastname}\",\n  \"apellidoMaterno\": \"{$secondname}\",\n  \"fechaNacimiento\": \"{$birthdate}\",\n  \"RFC\": \"SEPJ650809JG1\",\n  \"domicilio\": {\n    \"direccion\": \"PASADISO ENCONTRADO 58\",\n    \"coloniaPoblacion\": \"MONTEVIDEO\",\n    \"ciudad\": \"CIUDAD DE MÉXICO\",\n    \"CP\": \"07730\",\n    \"delegacionMunicipio\": \"GUSTAVO A MADERO\",\n    \"estado\": \"CDMX\"\n  }\n}', ''),
(4, '2023-04-19 00:24:17', 7, 'urlCC', 'methodCC', 'actionCC', 'userCircle', '\"folio\": \"123456\",\n\"persona\": {\n  \"nombres\": \"\".$firstname.\"\",\n  \"apellidoPaterno\": \"{$lastname}\",\n  \"apellidoMaterno\": \"{$secondname}\",\n  \"fechaNacimiento\": \"{$birthdate}\",\n  \"RFC\": \"SEPJ650809JG1\",\n  \"domicilio\": {\n    \"direccion\": \"PASADISO ENCONTRADO 58\",\n    \"coloniaPoblacion\": \"MONTEVIDEO\",\n    \"ciudad\": \"CIUDAD DE MÉXICO\",\n    \"CP\": \"07730\",\n    \"delegacionMunicipio\": \"GUSTAVO A MADERO\",\n    \"estado\": \"CDMX\"\n  }\n}', ''),
(5, '2023-04-19 00:25:11', 8, 'urlCC', 'methodCC', 'actionCC', 'userCircle', '\"folio\": \"123456\",\r\n\"persona\": {\r\n  \"nombres\": \"daniel\",\r\n  \"apellidoPaterno\": \"{$lastname}\",\r\n  \"apellidoMaterno\": \"{$secondname}\",\r\n  \"fechaNacimiento\": \"{$birthdate}\",\r\n  \"RFC\": \"SEPJ650809JG1\",\r\n  \"domicilio\": {\r\n    \"direccion\": \"PASADISO ENCONTRADO 58\",\r\n    \"coloniaPoblacion\": \"MONTEVIDEO\",\r\n    \"ciudad\": \"CIUDAD DE MÉXICO\",\r\n    \"CP\": \"07730\",\r\n    \"delegacionMunicipio\": \"GUSTAVO A MADERO\",\r\n    \"estado\": \"CDMX\"\r\n  }\r\n}', ''),
(6, '2023-04-19 00:31:22', 9, 'urlCC', 'methodCC', 'actionCC', 'userCircle', '  \"apellidoPaterno\": \"ramirez\",\n  \"apellidoMaterno\": \"irineo\",\n  \"primerNombre\": \"daniel\",\n  \"fechaNacimiento\": \"2013-03-23\",\n  \"RFC\": \"rfc\",\n  \"nacionalidad\": \"MX\",\n  \"domicilio\": {\n    \"direccion\": \"street\",\n    \"coloniaPoblacion\": \"country\",\n    \"delegacionMunicipio\": \"deleg\",\n    \"ciudad\": \"city\",\n    \"estado\": \"state\",\n    \"CP\": \"0\"\n  }', ''),
(7, '2023-04-19 00:31:59', 10, 'urlCC', 'methodCC', 'actionCC', 'userCircle', '  \"apellidoPaterno\": \"ramirez\",\r\n  \"apellidoMaterno\": \"irineo\",\r\n  \"primerNombre\": \"daniel\",\r\n  \"fechaNacimiento\": \"2013-03-23\",\r\n  \"RFC\": \"rfc\",\r\n  \"nacionalidad\": \"MX\",\r\n  \"domicilio\": {\r\n    \"direccion\": \"street\",\r\n    \"coloniaPoblacion\": \"country\",\r\n    \"delegacionMunicipio\": \"deleg\",\r\n    \"ciudad\": \"city\",\r\n    \"estado\": \"state\",\r\n    \"CP\": \"52765\"\r\n  }', ''),
(8, '2023-04-19 00:45:10', 11, 'urlCC', 'methodCC', 'actionCC', 'userCircle', '  \"apellidoPaterno\": \"ramirez\",\r\n  \"apellidoMaterno\": \"irineo\",\r\n  \"primerNombre\": \"daniel\",\r\n  \"fechaNacimiento\": \"2013-03-23\",\r\n  \"RFC\": \"rfc\",\r\n  \"nacionalidad\": \"MX\",\r\n  \"domicilio\": {\r\n    \"direccion\": \"street\",\r\n    \"coloniaPoblacion\": \"country\",\r\n    \"delegacionMunicipio\": \"deleg\",\r\n    \"ciudad\": \"city\",\r\n    \"estado\": \"state\",\r\n    \"CP\": \"52765\"\r\n  }', ''),
(9, '2023-04-19 00:45:21', 12, 'urlCC', 'methodCC', 'actionCC', 'userCircle', '  \"apellidoPaterno\": \"ramirez\",\r\n  \"apellidoMaterno\": \"irineo\",\r\n  \"primerNombre\": \"daniel\",\r\n  \"fechaNacimiento\": \"2013-03-23\",\r\n  \"RFC\": \"rfc\",\r\n  \"nacionalidad\": \"MX\",\r\n  \"domicilio\": {\r\n    \"direccion\": \"street\",\r\n    \"coloniaPoblacion\": \"country\",\r\n    \"delegacionMunicipio\": \"deleg\",\r\n    \"ciudad\": \"city\",\r\n    \"estado\": \"state\",\r\n    \"CP\": \"52765\"\r\n  }', ''),
(10, '2023-04-19 00:51:42', 13, 'urlCC', 'methodCC', 'actionCC', 'userCircle', '  \"apellidoPaterno\": \"ramirez\",\r\n  \"apellidoMaterno\": \"irineo\",\r\n  \"primerNombre\": \"daniel\",\r\n  \"fechaNacimiento\": \"2013-03-23\",\r\n  \"RFC\": \"rfc\",\r\n  \"nacionalidad\": \"MX\",\r\n  \"domicilio\": {\r\n    \"direccion\": \"street\",\r\n    \"coloniaPoblacion\": \"country\",\r\n    \"delegacionMunicipio\": \"deleg\",\r\n    \"ciudad\": \"city\",\r\n    \"estado\": \"state\",\r\n    \"CP\": \"52765\"\r\n  }', ''),
(11, '2023-04-19 00:53:15', 14, 'urlCC', 'methodCC', 'actionCC', 'userCircle', '  \"apellidoPaterno\": \"ramirez\",\r\n  \"apellidoMaterno\": \"irineo\",\r\n  \"primerNombre\": \"daniel\",\r\n  \"fechaNacimiento\": \"2013-03-23\",\r\n  \"RFC\": \"rfc\",\r\n  \"nacionalidad\": \"MX\",\r\n  \"domicilio\": {\r\n    \"direccion\": \"street\",\r\n    \"coloniaPoblacion\": \"country\",\r\n    \"delegacionMunicipio\": \"deleg\",\r\n    \"ciudad\": \"city\",\r\n    \"estado\": \"state\",\r\n    \"CP\": \"52765\"\r\n  }', ''),
(12, '2023-04-19 00:57:15', 15, 'urlCC', 'methodCC', 'actionCC', 'userCircle', '  \"apellidoPaterno\": \"ramirez\",\r\n  \"apellidoMaterno\": \"irineo\",\r\n  \"primerNombre\": \"daniel\",\r\n  \"fechaNacimiento\": \"2013-03-23\",\r\n  \"RFC\": \"rfc\",\r\n  \"nacionalidad\": \"MX\",\r\n  \"domicilio\": {\r\n    \"direccion\": \"street\",\r\n    \"coloniaPoblacion\": \"country\",\r\n    \"delegacionMunicipio\": \"deleg\",\r\n    \"ciudad\": \"city\",\r\n    \"estado\": \"state\",\r\n    \"CP\": \"52765\"\r\n  }', ''),
(13, '2023-04-19 00:58:05', 16, 'urlCC', 'methodCC', 'actionCC', 'userCircle', '\"folio\": \"123456\",\r\n\"persona\": {\r\n  \"nombres\": \"JUAN\",\r\n  \"apellidoPaterno\": \"SESENTAYDOS\",\r\n  \"apellidoMaterno\": \"PRUEBA\",\r\n  \"fechaNacimiento\": \"1965-08-09\",\r\n  \"RFC\": \"SEPJ650809JG1\",\r\n  \"domicilio\": {\r\n    \"direccion\": \"PASADISO ENCONTRADO 58\",\r\n    \"coloniaPoblacion\": \"MONTEVIDEO\",\r\n    \"ciudad\": \"CIUDAD DE MÉXICO\",\r\n    \"CP\": \"07730\",\r\n    \"delegacionMunicipio\": \"GUSTAVO A MADERO\",\r\n    \"estado\": \"CDMX\"\r\n  }\r\n}', ''),
(14, '2023-04-19 00:58:56', 17, 'urlCC', 'methodCC', 'actionCC', 'userCircle', '\"folio\": \"123456\",\r\n\"persona\": {\r\n  \"nombres\": \"JUAN\",\r\n  \"apellidoPaterno\": \"SESENTAYDOS\",\r\n  \"apellidoMaterno\": \"PRUEBA\",\r\n  \"fechaNacimiento\": \"1965-08-09\",\r\n  \"RFC\": \"SEPJ650809JG1\",\r\n  \"domicilio\": {\r\n    \"direccion\": \"PASADISO ENCONTRADO 58\",\r\n    \"coloniaPoblacion\": \"MONTEVIDEO\",\r\n    \"ciudad\": \"CIUDAD DE MÉXICO\",\r\n    \"CP\": \"07730\",\r\n    \"delegacionMunicipio\": \"GUSTAVO A MADERO\",\r\n    \"estado\": \"CDMX\"\r\n  }\r\n}', ''),
(15, '2023-04-19 00:59:46', 18, 'urlCC', 'methodCC', 'actionCC', 'userCircle', '\"apellidoPaterno\": \"ramirez\",\r\n  \"apellidoMaterno\": \"irineo\",\r\n  \"primerNombre\": \"daniel\",\r\n  \"fechaNacimiento\": \"2013-03-23\",\r\n  \"RFC\": \"rfc\",\r\n  \"nacionalidad\": \"MX\",\r\n  \"domicilio\": {\r\n    \"direccion\": \"street\",\r\n    \"coloniaPoblacion\": \"country\",\r\n    \"delegacionMunicipio\": \"deleg\",\r\n    \"ciudad\": \"city\",\r\n    \"estado\": \"state\",\r\n    \"CP\": \"52765\"\r\n  }', ''),
(16, '2023-04-19 01:00:28', 19, 'urlCC', 'methodCC', 'actionCC', 'userCircle', '\"apellidoPaterno\": \"ramirez\",\r\n  \"apellidoMaterno\": \"irineo\",\r\n  \"primerNombre\": \"daniel\",\r\n  \"fechaNacimiento\": \"2013-03-23\",\r\n  \"RFC\": \"rfc\",\r\n  \"nacionalidad\": \"MX\",\r\n  \"domicilio\": {\r\n    \"direccion\": \"street\",\r\n    \"coloniaPoblacion\": \"country\",\r\n    \"delegacionMunicipio\": \"deleg\",\r\n    \"ciudad\": \"city\",\r\n    \"estado\": \"state\",\r\n    \"CP\": \"52765\"\r\n  }', ''),
(17, '2023-04-19 01:01:22', 20, 'urlCC', 'methodCC', 'actionCC', 'userCircle', '{\"apellidoPaterno\": \"ramirez\",\r\n  \"apellidoMaterno\": \"irineo\",\r\n  \"primerNombre\": \"daniel\",\r\n  \"fechaNacimiento\": \"2013-03-23\",\r\n  \"RFC\": \"rfc\",\r\n  \"nacionalidad\": \"MX\",\r\n  \"domicilio\": {\r\n    \"direccion\": \"street\",\r\n    \"coloniaPoblacion\": \"country\",\r\n    \"delegacionMunicipio\": \"deleg\",\r\n    \"ciudad\": \"city\",\r\n    \"estado\": \"state\",\r\n    \"CP\": \"52765\"\r\n  }', ''),
(18, '2023-04-19 01:01:35', 21, 'urlCC', 'methodCC', 'actionCC', 'userCircle', '{\"apellidoPaterno\": \"ramirez\",\r\n  \"apellidoMaterno\": \"irineo\",\r\n  \"primerNombre\": \"daniel\",\r\n  \"fechaNacimiento\": \"2013-03-23\",\r\n  \"RFC\": \"rfc\",\r\n  \"nacionalidad\": \"MX\",\r\n  \"domicilio\": {\r\n    \"direccion\": \"street\",\r\n    \"coloniaPoblacion\": \"country\",\r\n    \"delegacionMunicipio\": \"deleg\",\r\n    \"ciudad\": \"city\",\r\n    \"estado\": \"state\",\r\n    \"CP\": \"52765\"\r\n  }', ''),
(19, '2023-04-19 09:18:07', 22, 'urlCC', 'methodCC', 'actionCC', 'userCircle', '{\"apellidoPaterno\": \"ramirez\",\r\n  \"apellidoMaterno\": \"irineo\",\r\n  \"primerNombre\": \"daniel\",\r\n  \"fechaNacimiento\": \"2013-03-23\",\r\n  \"RFC\": \"rfc\",\r\n  \"nacionalidad\": \"MX\",\r\n  \"domicilio\": {\r\n    \"direccion\": \"street\",\r\n    \"coloniaPoblacion\": \"country\",\r\n    \"delegacionMunicipio\": \"deleg\",\r\n    \"ciudad\": \"city\",\r\n    \"estado\": \"state\",\r\n    \"CP\": \"52765\"\r\n  }', ''),
(20, '2023-04-19 09:18:22', 23, 'urlCC', 'methodCC', 'actionCC', 'userCircle', '{\"apellidoPaterno\": \"ramirez\",\r\n  \"apellidoMaterno\": \"irineo\",\r\n  \"primerNombre\": \"daniel\",\r\n  \"fechaNacimiento\": \"2013-03-23\",\r\n  \"RFC\": \"rfc\",\r\n  \"nacionalidad\": \"MX\",\r\n  \"domicilio\": {\r\n    \"direccion\": \"street\",\r\n    \"coloniaPoblacion\": \"country\",\r\n    \"delegacionMunicipio\": \"deleg\",\r\n    \"ciudad\": \"city\",\r\n    \"estado\": \"state\",\r\n    \"CP\": \"52765\"\r\n  }', ''),
(21, '2023-04-19 09:22:20', 24, 'urlCC', 'methodCC', 'actionCC', 'userCircle', '{\"apellidoPaterno\": \"ramirez\",\r\n  \"apellidoMaterno\": \"irineo\",\r\n  \"primerNombre\": \"daniel\",\r\n  \"fechaNacimiento\": \"2013-03-23\",\r\n  \"RFC\": \"rfc\",\r\n  \"nacionalidad\": \"MX\",\r\n  \"domicilio\": {\r\n    \"direccion\": \"street\",\r\n    \"coloniaPoblacion\": \"country\",\r\n    \"delegacionMunicipio\": \"deleg\",\r\n    \"ciudad\": \"city\",\r\n    \"estado\": \"state\",\r\n    \"CP\": \"52765\"\r\n  }', ''),
(22, '2023-04-19 09:22:21', 25, 'urlCC', 'methodCC', 'actionCC', 'userCircle', '{\"apellidoPaterno\": \"ramirez\",\r\n  \"apellidoMaterno\": \"irineo\",\r\n  \"primerNombre\": \"daniel\",\r\n  \"fechaNacimiento\": \"2013-03-23\",\r\n  \"RFC\": \"rfc\",\r\n  \"nacionalidad\": \"MX\",\r\n  \"domicilio\": {\r\n    \"direccion\": \"street\",\r\n    \"coloniaPoblacion\": \"country\",\r\n    \"delegacionMunicipio\": \"deleg\",\r\n    \"ciudad\": \"city\",\r\n    \"estado\": \"state\",\r\n    \"CP\": \"52765\"\r\n  }', ''),
(23, '2023-04-19 10:23:48', 26, 'urlCC', 'methodCC', 'actionCC', 'userCircle', '{\"apellidoPaterno\": \"ramirez\",\r\n  \"apellidoMaterno\": \"irineo\",\r\n  \"primerNombre\": \"daniel\",\r\n  \"fechaNacimiento\": \"2013-03-23\",\r\n  \"RFC\": \"rfc\",\r\n  \"nacionalidad\": \"MX\",\r\n  \"domicilio\": {\r\n    \"direccion\": \"street\",\r\n    \"coloniaPoblacion\": \"country\",\r\n    \"delegacionMunicipio\": \"deleg\",\r\n    \"ciudad\": \"city\",\r\n    \"estado\": \"state\",\r\n    \"CP\": \"52765\"\r\n  }', ''),
(24, '2023-04-19 10:23:55', 27, 'urlCC', 'methodCC', 'actionCC', 'userCircle', '{\"apellidoPaterno\": \"ramirez\",\r\n  \"apellidoMaterno\": \"irineo\",\r\n  \"primerNombre\": \"daniel\",\r\n  \"fechaNacimiento\": \"2013-03-23\",\r\n  \"RFC\": \"rfc\",\r\n  \"nacionalidad\": \"MX\",\r\n  \"domicilio\": {\r\n    \"direccion\": \"street\",\r\n    \"coloniaPoblacion\": \"country\",\r\n    \"delegacionMunicipio\": \"deleg\",\r\n    \"ciudad\": \"city\",\r\n    \"estado\": \"state\",\r\n    \"CP\": \"52765\"\r\n  }', ''),
(25, '2023-04-19 10:25:53', 28, 'urlCC', 'methodCC', 'actionCC', 'userCircle', '{\"apellidoPaterno\": \"ramirez\",\r\n  \"apellidoMaterno\": \"irineo\",\r\n  \"primerNombre\": \"daniel\",\r\n  \"fechaNacimiento\": \"2013-03-23\",\r\n  \"RFC\": \"rfc\",\r\n  \"nacionalidad\": \"MX\",\r\n  \"domicilio\": {\r\n    \"direccion\": \"street\",\r\n    \"coloniaPoblacion\": \"country\",\r\n    \"delegacionMunicipio\": \"deleg\",\r\n    \"ciudad\": \"city\",\r\n    \"estado\": \"state\",\r\n    \"CP\": \"52765\"\r\n  }', ''),
(26, '2023-04-19 10:26:17', 29, 'urlCC', 'methodCC', 'actionCC', 'userCircle', '{\"apellidoPaterno\": \"ramirez\",\r\n  \"apellidoMaterno\": \"irineo\",\r\n  \"primerNombre\": \"daniel\",\r\n  \"fechaNacimiento\": \"2013-03-23\",\r\n  \"RFC\": \"rfc\",\r\n  \"nacionalidad\": \"MX\",\r\n  \"domicilio\": {\r\n    \"direccion\": \"street\",\r\n    \"coloniaPoblacion\": \"country\",\r\n    \"delegacionMunicipio\": \"deleg\",\r\n    \"ciudad\": \"city\",\r\n    \"estado\": \"state\",\r\n    \"CP\": \"52765\"\r\n  }', '');

-- --------------------------------------------------------

--
-- Estructura de tabla para la tabla `circlerawresponses`
--

CREATE TABLE `circlerawresponses` (
  `id` int(11) NOT NULL,
  `timestamp` datetime NOT NULL DEFAULT current_timestamp(),
  `circlerawrequest_id` int(6) DEFAULT NULL,
  `response` varchar(50) NOT NULL,
  `rawresponse` text DEFAULT NULL
) ENGINE=InnoDB DEFAULT CHARSET=utf8mb4;

--
-- Volcado de datos para la tabla `circlerawresponses`
--

INSERT INTO `circlerawresponses` (`id`, `timestamp`, `circlerawrequest_id`, `response`, `rawresponse`) VALUES
(1, '2023-04-19 00:42:26', NULL, '', '{\n    \"folio\": \"\",\n    \"folioConsulta\": \"19698610\",\n    \"folioConsultaOtorgante\": \"1\",\n    \"claveOtorgante\": \"0000081008\",\n    \"declaracionesConsumidor\": null,\n    \"persona\": {\n        \"apellidoPaterno\": \"SESENTAYDOS\",\n        \"apellidoMaterno\": \"PRUEBA\",\n        \"nombres\": \"JUAN\",\n        \"fechaNacimiento\": \"1965-08-09\",\n        \"RFC\": \"SEPJ650809JG1\",\n        \"nacionalidad\": \"MX\",\n        \"residencia\": \"5\",\n        \"estadoCivil\": \"C\",\n        \"sexo\": \"M\",\n        \"numeroDependientes\": \"0\"\n    },\n    \"consultas\": [\n        {\n            \"fechaConsulta\": \"2020-06-10\",\n            \"nombreOtorgante\": \"REPORTE DE CREDITO ESPECIAL\",\n            \"telefonoOtorgante\": \"51662455\",\n            \"tipoCredito\": \"M\",\n            \"claveUnidadMonetaria\": \"MX\",\n            \"importeCredito\": \"1\"\n        },\n        {\n            \"fechaConsulta\": \"2018-08-24\",\n            \"nombreOtorgante\": \"CONSUMIDOR FINAL / BC\",\n            \"tipoCredito\": \"NC\",\n            \"importeCredito\": \"0\",\n            \"tipoResponsabilidad\": \"I\"\n        },\n        {\n            \"fechaConsulta\": \"2018-06-13\",\n            \"nombreOtorgante\": \"BANCO / BC\",\n            \"tipoCredito\": \"NC\",\n            \"importeCredito\": \"0\",\n            \"tipoResponsabilidad\": \"I\"\n        },\n        {\n            \"fechaConsulta\": \"2018-06-01\",\n            \"nombreOtorgante\": \"FIANZAS / BC\",\n            \"tipoCredito\": \"FI\",\n            \"importeCredito\": \"0\",\n            \"tipoResponsabilidad\": \"I\"\n        },\n        {\n            \"fechaConsulta\": \"2018-05-24\",\n            \"nombreOtorgante\": \"CONSUMIDOR FINAL / BC\",\n            \"tipoCredito\": \"NC\",\n            \"importeCredito\": \"0\",\n            \"tipoResponsabilidad\": \"I\"\n        },\n        {\n            \"fechaConsulta\": \"2018-03-14\",\n            \"nombreOtorgante\": \"BANCO / BC\",\n            \"tipoCredito\": \"NC\",\n            \"importeCredito\": \"0\",\n            \"tipoResponsabilidad\": \"I\"\n        },\n        {\n            \"fechaConsulta\": \"2018-02-24\",\n            \"nombreOtorgante\": \"CONSUMIDOR FINAL / BC\",\n            \"tipoCredito\": \"NC\",\n            \"importeCredito\": \"0\",\n            \"tipoResponsabilidad\": \"I\"\n        },\n        {\n            \"fechaConsulta\": \"2017-11-23\",\n            \"nombreOtorgante\": \"CONSUMIDOR FINAL / BC\",\n            \"tipoCredito\": \"NC\",\n            \"importeCredito\": \"0\",\n            \"tipoResponsabilidad\": \"I\"\n        },\n        {\n            \"fechaConsulta\": \"2017-09-15\",\n            \"nombreOtorgante\": \"BANCO / BC\",\n            \"tipoCredito\": \"NC\",\n            \"importeCredito\": \"0\",\n            \"tipoResponsabilidad\": \"I\"\n        },\n        {\n            \"fechaConsulta\": \"2017-08-23\",\n            \"nombreOtorgante\": \"CONSUMIDOR FINAL / BC\",\n            \"tipoCredito\": \"NC\",\n            \"importeCredito\": \"0\",\n            \"tipoResponsabilidad\": \"I\"\n        },\n        {\n            \"fechaConsulta\": \"2017-05-25\",\n            \"nombreOtorgante\": \"FIANZAS / BC\",\n            \"tipoCredito\": \"FI\",\n            \"importeCredito\": \"0\",\n            \"tipoResponsabilidad\": \"I\"\n        },\n        {\n            \"fechaConsulta\": \"2017-05-23\",\n            \"nombreOtorgante\": \"CONSUMIDOR FINAL / BC\",\n            \"tipoCredito\": \"NC\",\n            \"importeCredito\": \"0\",\n            \"tipoResponsabilidad\": \"I\"\n        },\n        {\n            \"fechaConsulta\": \"2017-03-08\",\n            \"nombreOtorgante\": \"BANCO / BC\",\n            \"tipoCredito\": \"TC\",\n            \"importeCredito\": \"0\",\n            \"tipoResponsabilidad\": \"I\"\n        },\n        {\n            \"fechaConsulta\": \"2017-02-23\",\n            \"nombreOtorgante\": \"CONSUMIDOR FINAL / BC\",\n            \"tipoCredito\": \"NC\",\n            \"importeCredito\": \"0\",\n            \"tipoResponsabilidad\": \"I\"\n        }\n    ],\n    \"creditos\": [\n        {\n            \"fechaActualizacion\": \"2020-05-31\",\n            \"registroImpugnado\": \"0\",\n            \"nombreOtorgante\": \"REPORTE DE CREDITO ESPECIAL\",\n            \"cuentaActual\": \"1234567890135\",\n            \"tipoResponsabilidad\": \"I\",\n            \"tipoCuenta\": \"F\",\n            \"tipoCredito\": \"CC\",\n            \"claveUnidadMonetaria\": \"UD\",\n            \"valorActivoValuacion\": \"1098\",\n            \"numeroPagos\": \"40\",\n            \"frecuenciaPagos\": \"M\",\n            \"montoPagar\": \"20\",\n            \"fechaAperturaCuenta\": \"2017-01-28\",\n            \"fechaUltimoPago\": \"2020-04-21\",\n            \"fechaUltimaCompra\": \"2020-04-03\",\n            \"fechaReporte\": \"2020-05-31\",\n            \"creditoMaximo\": \"160000\",\n            \"saldoActual\": \"100\",\n            \"limiteCredito\": \"200000\",\n            \"saldoVencido\": \"70\",\n            \"numeroPagosVencidos\": \"4\",\n            \"pagoActual\": \"02\",\n            \"historicoPagos\": \" V V V V V V V V V V V V\",\n            \"totalPagosReportados\": \"0\",\n            \"peorAtraso\": \"2\",\n            \"fechaPeorAtraso\": \"2020-05-31\",\n            \"saldoVencidoPeorAtraso\": \"70\"\n        },\n        {\n            \"fechaActualizacion\": \"2018-09-14\",\n            \"registroImpugnado\": \"0\",\n            \"nombreOtorgante\": \"BANCO / BC\",\n            \"tipoResponsabilidad\": \"I\",\n            \"tipoCuenta\": \"R\",\n            \"tipoCredito\": \"TC\",\n            \"claveUnidadMonetaria\": \"MX\",\n            \"frecuenciaPagos\": \"M\",\n            \"montoPagar\": \"1925\",\n            \"fechaAperturaCuenta\": \"1998-08-25\",\n            \"fechaUltimoPago\": \"2018-08-13\",\n            \"fechaUltimaCompra\": \"2018-08-26\",\n            \"fechaReporte\": \"2018-08-31\",\n            \"creditoMaximo\": \"118648\",\n            \"saldoActual\": \"20353\",\n            \"limiteCredito\": \"154000\",\n            \"saldoVencido\": \"0\",\n            \"numeroPagosVencidos\": \"0\",\n            \"pagoActual\": \"V\",\n            \"historicoPagos\": \" V V V V V V V V V V V V\",\n            \"saldoVencidoPeorAtraso\": \"0\",\n            \"CAN\": {\n                \"identificadorCAN\": \"01\",\n                \"prelacionOrigen\": \"1\",\n                \"prelacionActual\": \"1\",\n                \"fechaAperturaCAN\": \"2019-12-01\",\n                \"fechaCancelacionCAN\": \"2019-12-01\",\n                \"historicoCAN\": \"2\",\n                \"fechaMACAN\": \"2019-12-01\"\n            }\n        },\n        {\n            \"fechaActualizacion\": \"2018-09-13\",\n            \"registroImpugnado\": \"0\",\n            \"nombreOtorgante\": \"BANCO / BC\",\n            \"tipoResponsabilidad\": \"I\",\n            \"tipoCuenta\": \"R\",\n            \"tipoCredito\": \"TC\",\n            \"claveUnidadMonetaria\": \"MX\",\n            \"frecuenciaPagos\": \"M\",\n            \"montoPagar\": \"0\",\n            \"fechaAperturaCuenta\": \"2010-12-21\",\n            \"fechaUltimoPago\": \"2018-08-23\",\n            \"fechaUltimaCompra\": \"2018-08-28\",\n            \"fechaReporte\": \"2018-08-31\",\n            \"creditoMaximo\": \"124551\",\n            \"saldoActual\": \"37456\",\n            \"limiteCredito\": \"172500\",\n            \"saldoVencido\": \"0\",\n            \"numeroPagosVencidos\": \"0\",\n            \"pagoActual\": \"V\",\n            \"historicoPagos\": \" V V V V V V V V V V V V\",\n            \"saldoVencidoPeorAtraso\": \"0\"\n        },\n        {\n            \"fechaActualizacion\": \"2018-09-07\",\n            \"registroImpugnado\": \"0\",\n            \"nombreOtorgante\": \"BANCO / BC\",\n            \"tipoResponsabilidad\": \"I\",\n            \"tipoCuenta\": \"R\",\n            \"tipoCredito\": \"LC\",\n            \"claveUnidadMonetaria\": \"MX\",\n            \"frecuenciaPagos\": \"M\",\n            \"montoPagar\": \"0\",\n            \"fechaAperturaCuenta\": \"2004-06-07\",\n            \"fechaUltimoPago\": \"2018-06-21\",\n            \"fechaUltimaCompra\": \"2015-08-14\",\n            \"fechaReporte\": \"2018-08-31\",\n            \"creditoMaximo\": \"252703\",\n            \"saldoActual\": \"0\",\n            \"limiteCredito\": \"250000\",\n            \"saldoVencido\": \"0\",\n            \"numeroPagosVencidos\": \"1\",\n            \"pagoActual\": \"V\",\n            \"historicoPagos\": \" V V V V V V V V V V V V\",\n            \"clavePrevencion\": \"IA\",\n            \"saldoVencidoPeorAtraso\": \"0\"\n        },\n        {\n            \"fechaActualizacion\": \"2017-09-06\",\n            \"registroImpugnado\": \"0\",\n            \"nombreOtorgante\": \"BANCO / BC\",\n            \"tipoResponsabilidad\": \"I\",\n            \"tipoCuenta\": \"R\",\n            \"tipoCredito\": \"TC\",\n            \"claveUnidadMonetaria\": \"MX\",\n            \"frecuenciaPagos\": \"M\",\n            \"montoPagar\": \"0\",\n            \"fechaAperturaCuenta\": \"1998-08-25\",\n            \"fechaUltimoPago\": \"2017-08-10\",\n            \"fechaUltimaCompra\": \"2017-08-28\",\n            \"fechaCierreCuenta\": \"2017-08-31\",\n            \"fechaReporte\": \"2017-08-31\",\n            \"creditoMaximo\": \"118648\",\n            \"saldoActual\": \"0\",\n            \"limiteCredito\": \"154000\",\n            \"saldoVencido\": \"0\",\n            \"numeroPagosVencidos\": \"0\",\n            \"pagoActual\": \"--\",\n            \"clavePrevencion\": \"LS\",\n            \"saldoVencidoPeorAtraso\": \"0\"\n        },\n        {\n            \"fechaActualizacion\": \"2017-09-06\",\n            \"registroImpugnado\": \"0\",\n            \"nombreOtorgante\": \"BANCO / BC\",\n            \"tipoResponsabilidad\": \"I\",\n            \"tipoCuenta\": \"R\",\n            \"tipoCredito\": \"TC\",\n            \"claveUnidadMonetaria\": \"MX\",\n            \"frecuenciaPagos\": \"M\",\n            \"montoPagar\": \"0\",\n            \"fechaAperturaCuenta\": \"1998-08-25\",\n            \"fechaUltimoPago\": \"2017-08-10\",\n            \"fechaUltimaCompra\": \"2017-08-28\",\n            \"fechaCierreCuenta\": \"2017-08-31\",\n            \"fechaReporte\": \"2017-08-31\",\n            \"creditoMaximo\": \"118648\",\n            \"saldoActual\": \"0\",\n            \"limiteCredito\": \"154000\",\n            \"saldoVencido\": \"0\",\n            \"numeroPagosVencidos\": \"1\",\n            \"pagoActual\": \"V\",\n            \"historicoPagos\": \" V V V V V V V V V V V V\",\n            \"clavePrevencion\": \"CC\",\n            \"saldoVencidoPeorAtraso\": \"0\"\n        },\n        {\n            \"fechaActualizacion\": \"2018-08-28\",\n            \"registroImpugnado\": \"0\",\n            \"nombreOtorgante\": \"BANCO / BC\",\n            \"tipoResponsabilidad\": \"I\",\n            \"tipoCuenta\": \"R\",\n            \"tipoCredito\": \"TC\",\n            \"claveUnidadMonetaria\": \"MX\",\n            \"frecuenciaPagos\": \"M\",\n            \"montoPagar\": \"0\",\n            \"fechaAperturaCuenta\": \"2010-12-21\",\n            \"fechaUltimoPago\": \"2017-07-25\",\n            \"fechaUltimaCompra\": \"2017-07-28\",\n            \"fechaCierreCuenta\": \"2017-08-01\",\n            \"fechaReporte\": \"2017-07-31\",\n            \"creditoMaximo\": \"124551\",\n            \"saldoActual\": \"0\",\n            \"limiteCredito\": \"172500\",\n            \"saldoVencido\": \"0\",\n            \"numeroPagosVencidos\": \"1\",\n            \"pagoActual\": \"V\",\n            \"historicoPagos\": \" V V V V V V V V V V V V\",\n            \"clavePrevencion\": \"CA\",\n            \"saldoVencidoPeorAtraso\": \"0\"\n        },\n        {\n            \"fechaActualizacion\": \"2015-06-01\",\n            \"registroImpugnado\": \"0\",\n            \"nombreOtorgante\": \"BANCO / BC\",\n            \"tipoResponsabilidad\": \"I\",\n            \"tipoCuenta\": \"H\",\n            \"tipoCredito\": \"BR\",\n            \"claveUnidadMonetaria\": \"MX\",\n            \"numeroPagos\": \"120\",\n            \"frecuenciaPagos\": \"M\",\n            \"montoPagar\": \"0\",\n            \"fechaAperturaCuenta\": \"2006-06-16\",\n            \"fechaUltimoPago\": \"2015-05-27\",\n            \"fechaCierreCuenta\": \"2015-05-27\",\n            \"fechaReporte\": \"2015-05-31\",\n            \"creditoMaximo\": \"1538820\",\n            \"saldoActual\": \"0\",\n            \"limiteCredito\": \"1538820\",\n            \"saldoVencido\": \"0\",\n            \"numeroPagosVencidos\": \"1\",\n            \"pagoActual\": \"V\",\n            \"historicoPagos\": \" V V V V V V V V V V V V\",\n            \"clavePrevencion\": \"CC\",\n            \"saldoVencidoPeorAtraso\": \"0\"\n        },\n        {\n            \"fechaActualizacion\": \"2014-10-28\",\n            \"registroImpugnado\": \"0\",\n            \"nombreOtorgante\": \"TIENDA COMERCIAL / BC\",\n            \"tipoResponsabilidad\": \"I\",\n            \"tipoCuenta\": \"R\",\n            \"tipoCredito\": \"LC\",\n            \"claveUnidadMonetaria\": \"MX\",\n            \"frecuenciaPagos\": \"M\",\n            \"montoPagar\": \"0\",\n            \"fechaAperturaCuenta\": \"2001-11-28\",\n            \"fechaUltimoPago\": \"2011-08-17\",\n            \"fechaUltimaCompra\": \"2010-06-05\",\n            \"fechaCierreCuenta\": \"2014-10-06\",\n            \"fechaReporte\": \"2014-10-08\",\n            \"creditoMaximo\": \"37500\",\n            \"saldoActual\": \"0\",\n            \"limiteCredito\": \"37500\",\n            \"saldoVencido\": \"0\",\n            \"numeroPagosVencidos\": \"0\",\n            \"pagoActual\": \"--\",\n            \"historicoPagos\": \" V V V V V V V V V V V V\",\n            \"saldoVencidoPeorAtraso\": \"0\"\n        }\n    ],\n    \"domicilios\": [\n        {\n            \"direccion\": \"PASADISO ENCONTRADO 58\",\n            \"coloniaPoblacion\": \"montevideo\",\n            \"delegacionMunicipio\": \"GUSTAVO A MADERO\",\n            \"ciudad\": \"CIUDAD DE MÉXICO\",\n            \"estado\": \"DF\",\n            \"CP\": \"07730\",\n            \"fechaResidencia\": \"2020-06-10\",\n            \"fechaRegistroDomicilio\": \"2020-06-10\"\n        },\n        {\n            \"direccion\": \"PASADISO ENCONTRADO 58\",\n            \"coloniaPoblacion\": \"MONTEVIDEO\",\n            \"delegacionMunicipio\": \"GUSTAVO A MADERO\",\n            \"ciudad\": \"CIUDAD DE MXICO\",\n            \"estado\": \"CDMX\",\n            \"CP\": \"07730\",\n            \"fechaResidencia\": \"2020-06-02\",\n            \"numeroTelefono\": \"55664420\",\n            \"tipoDomicilio\": \"C\",\n            \"tipoAsentamiento\": \"0\",\n            \"fechaRegistroDomicilio\": \"2020-06-02\"\n        }\n    ],\n    \"empleos\": [\n        {\n            \"nombreEmpresa\": \"EMPRESA EJEMPLO\",\n            \"direccion\": \"PASADISO ENCONTRADO 58\",\n            \"coloniaPoblacion\": \"MONTEVIDEO\",\n            \"delegacionMunicipio\": \"GUSTAVO A MADERO\",\n            \"ciudad\": \"CIUDAD DE MXICO\",\n            \"estado\": \"CDMX\",\n            \"CP\": \"00000\",\n            \"numeroTelefono\": \"54783257\",\n            \"extension\": \"1110\",\n            \"fax\": \"54146531\",\n            \"puesto\": \"AUXILIAR ADMINISTRATIVO\",\n            \"fechaContratacion\": \"2000-02-02\",\n            \"claveMoneda\": \"UD\",\n            \"salarioMensual\": 6499,\n            \"fechaUltimoDiaEmpleo\": \"2020-06-02\",\n            \"fechaVerificacionEmpleo\": \"2000-05-10\"\n        }\n    ],\n    \"mensajes\": [\n        {\n            \"tipoMensaje\": 2,\n            \"leyenda\": \"Respuesta exitosa de otras SIC´s\"\n        }\n    ]\n}'),
(2, '2023-04-19 00:45:10', 8, '', ''),
(3, '2023-04-19 00:45:21', 9, '', ''),
(4, '2023-04-19 00:51:42', 10, '', ''),
(5, '2023-04-19 00:53:15', 11, '', ''),
(6, '2023-04-19 00:57:15', 12, '1', '{\"errores\":[{\"codigo\": \"400.2\",\"mensaje\": \"El servidor no pudo entender la solicitud debido a una sintaxis inválida.\"}}'),
(7, '2023-04-19 00:58:05', 13, '1', '{\"errores\":[{\"codigo\": \"400.2\",\"mensaje\": \"El servidor no pudo entender la solicitud debido a una sintaxis inválida.\"}}'),
(8, '2023-04-19 00:58:56', 14, '1', '{\"errores\":[{\"codigo\": \"400.2\",\"mensaje\": \"El servidor no pudo entender la solicitud debido a una sintaxis inválida.\"}}'),
(9, '2023-04-19 00:59:46', 15, '1', '{\"errores\":[{\"codigo\": \"400.2\",\"mensaje\": \"El servidor no pudo entender la solicitud debido a una sintaxis inválida.\"}}'),
(10, '2023-04-19 01:00:28', 16, '1', '{\"errores\":[{\"codigo\": \"400.2\",\"mensaje\": \"El servidor no pudo entender la solicitud debido a una sintaxis inválida.\"}}'),
(11, '2023-04-19 01:01:22', 17, '1', '    { \"folio\": \"\", \"folioConsulta\": \"19698610\", \"folioConsultaOtorgante\": \"1\", \"claveOtorgante\": \"0000081008\", \"declaracionesConsumidor\": null, \"persona\": { \"apellidoPaterno\": \"SESENTAYDOS\", \"apellidoMaterno\": \"PRUEBA\", \"nombres\": \"JUAN\", \"fechaNacimiento\": \"1965-08-09\", \"RFC\": \"SEPJ650809JG1\", \"nacionalidad\": \"MX\", \"residencia\": \"5\", \"estadoCivil\": \"C\", \"sexo\": \"M\", \"numeroDependientes\": \"0\" }, \"consultas\": [ { \"fechaConsulta\": \"2020-06-10\", \"nombreOtorgante\": \"REPORTE DE CREDITO ESPECIAL\", \"telefonoOtorgante\": \"51662455\", \"tipoCredito\": \"M\", \"claveUnidadMonetaria\": \"MX\", \"importeCredito\": \"1\" }, { \"fechaConsulta\": \"2018-08-24\", \"nombreOtorgante\": \"CONSUMIDOR FINAL / BC\", \"tipoCredito\": \"NC\", \"importeCredito\": \"0\", \"tipoResponsabilidad\": \"I\" }, { \"fechaConsulta\": \"2018-06-13\", \"nombreOtorgante\": \"BANCO / BC\", \"tipoCredito\": \"NC\", \"importeCredito\": \"0\", \"tipoResponsabilidad\": \"I\" }, { \"fechaConsulta\": \"2018-06-01\", \"nombreOtorgante\": \"FIANZAS / BC\", \"tipoCredito\": \"FI\", \"importeCredito\": \"0\", \"tipoResponsabilidad\": \"I\" }, { \"fechaConsulta\": \"2018-05-24\", \"nombreOtorgante\": \"CONSUMIDOR FINAL / BC\", \"tipoCredito\": \"NC\", \"importeCredito\": \"0\", \"tipoResponsabilidad\": \"I\" }, { \"fechaConsulta\": \"2018-03-14\", \"nombreOtorgante\": \"BANCO / BC\", \"tipoCredito\": \"NC\", \"importeCredito\": \"0\", \"tipoResponsabilidad\": \"I\" }, { \"fechaConsulta\": \"2018-02-24\", \"nombreOtorgante\": \"CONSUMIDOR FINAL / BC\", \"tipoCredito\": \"NC\", \"importeCredito\": \"0\", \"tipoResponsabilidad\": \"I\" }, { \"fechaConsulta\": \"2017-11-23\", \"nombreOtorgante\": \"CONSUMIDOR FINAL / BC\", \"tipoCredito\": \"NC\", \"importeCredito\": \"0\", \"tipoResponsabilidad\": \"I\" }, { \"fechaConsulta\": \"2017-09-15\", \"nombreOtorgante\": \"BANCO / BC\", \"tipoCredito\": \"NC\", \"importeCredito\": \"0\", \"tipoResponsabilidad\": \"I\" }, { \"fechaConsulta\": \"2017-08-23\", \"nombreOtorgante\": \"CONSUMIDOR FINAL / BC\", \"tipoCredito\": \"NC\", \"importeCredito\": \"0\", \"tipoResponsabilidad\": \"I\" }, { \"fechaConsulta\": \"2017-05-25\", \"nombreOtorgante\": \"FIANZAS / BC\", \"tipoCredito\": \"FI\", \"importeCredito\": \"0\", \"tipoResponsabilidad\": \"I\" }, { \"fechaConsulta\": \"2017-05-23\", \"nombreOtorgante\": \"CONSUMIDOR FINAL / BC\", \"tipoCredito\": \"NC\", \"importeCredito\": \"0\", \"tipoResponsabilidad\": \"I\" }, { \"fechaConsulta\": \"2017-03-08\", \"nombreOtorgante\": \"BANCO / BC\", \"tipoCredito\": \"TC\", \"importeCredito\": \"0\", \"tipoResponsabilidad\": \"I\" }, { \"fechaConsulta\": \"2017-02-23\", \"nombreOtorgante\": \"CONSUMIDOR FINAL / BC\", \"tipoCredito\": \"NC\", \"importeCredito\": \"0\", \"tipoResponsabilidad\": \"I\" } ], \"creditos\": [ { \"fechaActualizacion\": \"2020-05-31\", \"registroImpugnado\": \"0\", \"nombreOtorgante\": \"REPORTE DE CREDITO ESPECIAL\", \"cuentaActual\": \"1234567890135\", \"tipoResponsabilidad\": \"I\", \"tipoCuenta\": \"F\", \"tipoCredito\": \"CC\", \"claveUnidadMonetaria\": \"UD\", \"valorActivoValuacion\": \"1098\", \"numeroPagos\": \"40\", \"frecuenciaPagos\": \"M\", \"montoPagar\": \"20\", \"fechaAperturaCuenta\": \"2017-01-28\", \"fechaUltimoPago\": \"2020-04-21\", \"fechaUltimaCompra\": \"2020-04-03\", \"fechaReporte\": \"2020-05-31\", \"creditoMaximo\": \"160000\", \"saldoActual\": \"100\", \"limiteCredito\": \"200000\", \"saldoVencido\": \"70\", \"numeroPagosVencidos\": \"4\", \"pagoActual\": \"02\", \"historicoPagos\": \" V V V V V V V V V V V V\", \"totalPagosReportados\": \"0\", \"peorAtraso\": \"2\", \"fechaPeorAtraso\": \"2020-05-31\", \"saldoVencidoPeorAtraso\": \"70\" }, { \"fechaActualizacion\": \"2018-09-14\", \"registroImpugnado\": \"0\", \"nombreOtorgante\": \"BANCO / BC\", \"tipoResponsabilidad\": \"I\", \"tipoCuenta\": \"R\", \"tipoCredito\": \"TC\", \"claveUnidadMonetaria\": \"MX\", \"frecuenciaPagos\": \"M\", \"montoPagar\": \"1925\", \"fechaAperturaCuenta\": \"1998-08-25\", \"fechaUltimoPago\": \"2018-08-13\", \"fechaUltimaCompra\": \"2018-08-26\", \"fechaReporte\": \"2018-08-31\", \"creditoMaximo\": \"118648\", \"saldoActual\": \"20353\", \"limiteCredito\": \"154000\", \"saldoVencido\": \"0\", \"numeroPagosVencidos\": \"0\", \"pagoActual\": \"V\", \"historicoPagos\": \" V V V V V V V V V V V V\", \"saldoVencidoPeorAtraso\": \"0\", \"CAN\": { \"identificadorCAN\": \"01\", \"prelacionOrigen\": \"1\", \"prelacionActual\": \"1\", \"fechaAperturaCAN\": \"2019-12-01\", \"fechaCancelacionCAN\": \"2019-12-01\", \"historicoCAN\": \"2\", \"fechaMACAN\": \"2019-12-01\" } }, { \"fechaActualizacion\": \"2018-09-13\", \"registroImpugnado\": \"0\", \"nombreOtorgante\": \"BANCO / BC\", \"tipoResponsabilidad\": \"I\", \"tipoCuenta\": \"R\", \"tipoCredito\": \"TC\", \"claveUnidadMonetaria\": \"MX\", \"frecuenciaPagos\": \"M\", \"montoPagar\": \"0\", \"fechaAperturaCuenta\": \"2010-12-21\", \"fechaUltimoPago\": \"2018-08-23\", \"fechaUltimaCompra\": \"2018-08-28\", \"fechaReporte\": \"2018-08-31\", \"creditoMaximo\": \"124551\", \"saldoActual\": \"37456\", \"limiteCredito\": \"172500\", \"saldoVencido\": \"0\", \"numeroPagosVencidos\": \"0\", \"pagoActual\": \"V\", \"historicoPagos\": \" V V V V V V V V V V V V\", \"saldoVencidoPeorAtraso\": \"0\" }, { \"fechaActualizacion\": \"2018-09-07\", \"registroImpugnado\": \"0\", \"nombreOtorgante\": \"BANCO / BC\", \"tipoResponsabilidad\": \"I\", \"tipoCuenta\": \"R\", \"tipoCredito\": \"LC\", \"claveUnidadMonetaria\": \"MX\", \"frecuenciaPagos\": \"M\", \"montoPagar\": \"0\", \"fechaAperturaCuenta\": \"2004-06-07\", \"fechaUltimoPago\": \"2018-06-21\", \"fechaUltimaCompra\": \"2015-08-14\", \"fechaReporte\": \"2018-08-31\", \"creditoMaximo\": \"252703\", \"saldoActual\": \"0\", \"limiteCredito\": \"250000\", \"saldoVencido\": \"0\", \"numeroPagosVencidos\": \"1\", \"pagoActual\": \"V\", \"historicoPagos\": \" V V V V V V V V V V V V\", \"clavePrevencion\": \"IA\", \"saldoVencidoPeorAtraso\": \"0\" }, { \"fechaActualizacion\": \"2017-09-06\", \"registroImpugnado\": \"0\", \"nombreOtorgante\": \"BANCO / BC\", \"tipoResponsabilidad\": \"I\", \"tipoCuenta\": \"R\", \"tipoCredito\": \"TC\", \"claveUnidadMonetaria\": \"MX\", \"frecuenciaPagos\": \"M\", \"montoPagar\": \"0\", \"fechaAperturaCuenta\": \"1998-08-25\", \"fechaUltimoPago\": \"2017-08-10\", \"fechaUltimaCompra\": \"2017-08-28\", \"fechaCierreCuenta\": \"2017-08-31\", \"fechaReporte\": \"2017-08-31\", \"creditoMaximo\": \"118648\", \"saldoActual\": \"0\", \"limiteCredito\": \"154000\", \"saldoVencido\": \"0\", \"numeroPagosVencidos\": \"0\", \"pagoActual\": \"--\", \"clavePrevencion\": \"LS\", \"saldoVencidoPeorAtraso\": \"0\" }, { \"fechaActualizacion\": \"2017-09-06\", \"registroImpugnado\": \"0\", \"nombreOtorgante\": \"BANCO / BC\", \"tipoResponsabilidad\": \"I\", \"tipoCuenta\": \"R\", \"tipoCredito\": \"TC\", \"claveUnidadMonetaria\": \"MX\", \"frecuenciaPagos\": \"M\", \"montoPagar\": \"0\", \"fechaAperturaCuenta\": \"1998-08-25\", \"fechaUltimoPago\": \"2017-08-10\", \"fechaUltimaCompra\": \"2017-08-28\", \"fechaCierreCuenta\": \"2017-08-31\", \"fechaReporte\": \"2017-08-31\", \"creditoMaximo\": \"118648\", \"saldoActual\": \"0\", \"limiteCredito\": \"154000\", \"saldoVencido\": \"0\", \"numeroPagosVencidos\": \"1\", \"pagoActual\": \"V\", \"historicoPagos\": \" V V V V V V V V V V V V\", \"clavePrevencion\": \"CC\", \"saldoVencidoPeorAtraso\": \"0\" }, { \"fechaActualizacion\": \"2018-08-28\", \"registroImpugnado\": \"0\", \"nombreOtorgante\": \"BANCO / BC\", \"tipoResponsabilidad\": \"I\", \"tipoCuenta\": \"R\", \"tipoCredito\": \"TC\", \"claveUnidadMonetaria\": \"MX\", \"frecuenciaPagos\": \"M\", \"montoPagar\": \"0\", \"fechaAperturaCuenta\": \"2010-12-21\", \"fechaUltimoPago\": \"2017-07-25\", \"fechaUltimaCompra\": \"2017-07-28\", \"fechaCierreCuenta\": \"2017-08-01\", \"fechaReporte\": \"2017-07-31\", \"creditoMaximo\": \"124551\", \"saldoActual\": \"0\", \"limiteCredito\": \"172500\", \"saldoVencido\": \"0\", \"numeroPagosVencidos\": \"1\", \"pagoActual\": \"V\", \"historicoPagos\": \" V V V V V V V V V V V V\", \"clavePrevencion\": \"CA\", \"saldoVencidoPeorAtraso\": \"0\" }, { \"fechaActualizacion\": \"2015-06-01\", \"registroImpugnado\": \"0\", \"nombreOtorgante\": \"BANCO / BC\", \"tipoResponsabilidad\": \"I\", \"tipoCuenta\": \"H\", \"tipoCredito\": \"BR\", \"claveUnidadMonetaria\": \"MX\", \"numeroPagos\": \"120\", \"frecuenciaPagos\": \"M\", \"montoPagar\": \"0\", \"fechaAperturaCuenta\": \"2006-06-16\", \"fechaUltimoPago\": \"2015-05-27\", \"fechaCierreCuenta\": \"2015-05-27\", \"fechaReporte\": \"2015-05-31\", \"creditoMaximo\": \"1538820\", \"saldoActual\": \"0\", \"limiteCredito\": \"1538820\", \"saldoVencido\": \"0\", \"numeroPagosVencidos\": \"1\", \"pagoActual\": \"V\", \"historicoPagos\": \" V V V V V V V V V V V V\", \"clavePrevencion\": \"CC\", \"saldoVencidoPeorAtraso\": \"0\" }, { \"fechaActualizacion\": \"2014-10-28\", \"registroImpugnado\": \"0\", \"nombreOtorgante\": \"TIENDA COMERCIAL / BC\", \"tipoResponsabilidad\": \"I\", \"tipoCuenta\": \"R\", \"tipoCredito\": \"LC\", \"claveUnidadMonetaria\": \"MX\", \"frecuenciaPagos\": \"M\", \"montoPagar\": \"0\", \"fechaAperturaCuenta\": \"2001-11-28\", \"fechaUltimoPago\": \"2011-08-17\", \"fechaUltimaCompra\": \"2010-06-05\", \"fechaCierreCuenta\": \"2014-10-06\", \"fechaReporte\": \"2014-10-08\", \"creditoMaximo\": \"37500\", \"saldoActual\": \"0\", \"limiteCredito\": \"37500\", \"saldoVencido\": \"0\", \"numeroPagosVencidos\": \"0\", \"pagoActual\": \"--\", \"historicoPagos\": \" V V V V V V V V V V V V\", \"saldoVencidoPeorAtraso\": \"0\" } ], \"domicilios\": [ { \"direccion\": \"PASADISO ENCONTRADO 58\", \"coloniaPoblacion\": \"montevideo\", \"delegacionMunicipio\": \"GUSTAVO A MADERO\", \"ciudad\": \"CIUDAD DE M\\u00c9XICO\", \"estado\": \"DF\", \"CP\": \"07730\", \"fechaResidencia\": \"2020-06-10\", \"fechaRegistroDomicilio\": \"2020-06-10\" }, { \"direccion\": \"PASADISO ENCONTRADO 58\", \"coloniaPoblacion\": \"MONTEVIDEO\", \"delegacionMunicipio\": \"GUSTAVO A MADERO\", \"ciudad\": \"CIUDAD DE MXICO\", \"estado\": \"CDMX\", \"CP\": \"07730\", \"fechaResidencia\": \"2020-06-02\", \"numeroTelefono\": \"55664420\", \"tipoDomicilio\": \"C\", \"tipoAsentamiento\": \"0\", \"fechaRegistroDomicilio\": \"2020-06-02\" } ], \"empleos\": [ { \"nombreEmpresa\": \"EMPRESA EJEMPLO\", \"direccion\": \"PASADISO ENCONTRADO 58\", \"coloniaPoblacion\": \"MONTEVIDEO\", \"delegacionMunicipio\": \"GUSTAVO A MADERO\", \"ciudad\": \"CIUDAD DE MXICO\", \"estado\": \"CDMX\", \"CP\": \"00000\", \"numeroTelefono\": \"54783257\", \"extension\": \"1110\", \"fax\": \"54146531\", \"puesto\": \"AUXILIAR ADMINISTRATIVO\", \"fechaContratacion\": \"2000-02-02\", \"claveMoneda\": \"UD\", \"salarioMensual\": 6499, \"fechaUltimoDiaEmpleo\": \"2020-06-02\", \"fechaVerificacionEmpleo\": \"2000-05-10\" } ], \"mensajes\": [ { \"tipoMensaje\": 2, \"leyenda\": \"Respuesta exitosa de otras SIC´s\" } ] }\n'),
(12, '2023-04-19 01:01:35', 18, '1', '    { \"folio\": \"\", \"folioConsulta\": \"19698610\", \"folioConsultaOtorgante\": \"1\", \"claveOtorgante\": \"0000081008\", \"declaracionesConsumidor\": null, \"persona\": { \"apellidoPaterno\": \"SESENTAYDOS\", \"apellidoMaterno\": \"PRUEBA\", \"nombres\": \"JUAN\", \"fechaNacimiento\": \"1965-08-09\", \"RFC\": \"SEPJ650809JG1\", \"nacionalidad\": \"MX\", \"residencia\": \"5\", \"estadoCivil\": \"C\", \"sexo\": \"M\", \"numeroDependientes\": \"0\" }, \"consultas\": [ { \"fechaConsulta\": \"2020-06-10\", \"nombreOtorgante\": \"REPORTE DE CREDITO ESPECIAL\", \"telefonoOtorgante\": \"51662455\", \"tipoCredito\": \"M\", \"claveUnidadMonetaria\": \"MX\", \"importeCredito\": \"1\" }, { \"fechaConsulta\": \"2018-08-24\", \"nombreOtorgante\": \"CONSUMIDOR FINAL / BC\", \"tipoCredito\": \"NC\", \"importeCredito\": \"0\", \"tipoResponsabilidad\": \"I\" }, { \"fechaConsulta\": \"2018-06-13\", \"nombreOtorgante\": \"BANCO / BC\", \"tipoCredito\": \"NC\", \"importeCredito\": \"0\", \"tipoResponsabilidad\": \"I\" }, { \"fechaConsulta\": \"2018-06-01\", \"nombreOtorgante\": \"FIANZAS / BC\", \"tipoCredito\": \"FI\", \"importeCredito\": \"0\", \"tipoResponsabilidad\": \"I\" }, { \"fechaConsulta\": \"2018-05-24\", \"nombreOtorgante\": \"CONSUMIDOR FINAL / BC\", \"tipoCredito\": \"NC\", \"importeCredito\": \"0\", \"tipoResponsabilidad\": \"I\" }, { \"fechaConsulta\": \"2018-03-14\", \"nombreOtorgante\": \"BANCO / BC\", \"tipoCredito\": \"NC\", \"importeCredito\": \"0\", \"tipoResponsabilidad\": \"I\" }, { \"fechaConsulta\": \"2018-02-24\", \"nombreOtorgante\": \"CONSUMIDOR FINAL / BC\", \"tipoCredito\": \"NC\", \"importeCredito\": \"0\", \"tipoResponsabilidad\": \"I\" }, { \"fechaConsulta\": \"2017-11-23\", \"nombreOtorgante\": \"CONSUMIDOR FINAL / BC\", \"tipoCredito\": \"NC\", \"importeCredito\": \"0\", \"tipoResponsabilidad\": \"I\" }, { \"fechaConsulta\": \"2017-09-15\", \"nombreOtorgante\": \"BANCO / BC\", \"tipoCredito\": \"NC\", \"importeCredito\": \"0\", \"tipoResponsabilidad\": \"I\" }, { \"fechaConsulta\": \"2017-08-23\", \"nombreOtorgante\": \"CONSUMIDOR FINAL / BC\", \"tipoCredito\": \"NC\", \"importeCredito\": \"0\", \"tipoResponsabilidad\": \"I\" }, { \"fechaConsulta\": \"2017-05-25\", \"nombreOtorgante\": \"FIANZAS / BC\", \"tipoCredito\": \"FI\", \"importeCredito\": \"0\", \"tipoResponsabilidad\": \"I\" }, { \"fechaConsulta\": \"2017-05-23\", \"nombreOtorgante\": \"CONSUMIDOR FINAL / BC\", \"tipoCredito\": \"NC\", \"importeCredito\": \"0\", \"tipoResponsabilidad\": \"I\" }, { \"fechaConsulta\": \"2017-03-08\", \"nombreOtorgante\": \"BANCO / BC\", \"tipoCredito\": \"TC\", \"importeCredito\": \"0\", \"tipoResponsabilidad\": \"I\" }, { \"fechaConsulta\": \"2017-02-23\", \"nombreOtorgante\": \"CONSUMIDOR FINAL / BC\", \"tipoCredito\": \"NC\", \"importeCredito\": \"0\", \"tipoResponsabilidad\": \"I\" } ], \"creditos\": [ { \"fechaActualizacion\": \"2020-05-31\", \"registroImpugnado\": \"0\", \"nombreOtorgante\": \"REPORTE DE CREDITO ESPECIAL\", \"cuentaActual\": \"1234567890135\", \"tipoResponsabilidad\": \"I\", \"tipoCuenta\": \"F\", \"tipoCredito\": \"CC\", \"claveUnidadMonetaria\": \"UD\", \"valorActivoValuacion\": \"1098\", \"numeroPagos\": \"40\", \"frecuenciaPagos\": \"M\", \"montoPagar\": \"20\", \"fechaAperturaCuenta\": \"2017-01-28\", \"fechaUltimoPago\": \"2020-04-21\", \"fechaUltimaCompra\": \"2020-04-03\", \"fechaReporte\": \"2020-05-31\", \"creditoMaximo\": \"160000\", \"saldoActual\": \"100\", \"limiteCredito\": \"200000\", \"saldoVencido\": \"70\", \"numeroPagosVencidos\": \"4\", \"pagoActual\": \"02\", \"historicoPagos\": \" V V V V V V V V V V V V\", \"totalPagosReportados\": \"0\", \"peorAtraso\": \"2\", \"fechaPeorAtraso\": \"2020-05-31\", \"saldoVencidoPeorAtraso\": \"70\" }, { \"fechaActualizacion\": \"2018-09-14\", \"registroImpugnado\": \"0\", \"nombreOtorgante\": \"BANCO / BC\", \"tipoResponsabilidad\": \"I\", \"tipoCuenta\": \"R\", \"tipoCredito\": \"TC\", \"claveUnidadMonetaria\": \"MX\", \"frecuenciaPagos\": \"M\", \"montoPagar\": \"1925\", \"fechaAperturaCuenta\": \"1998-08-25\", \"fechaUltimoPago\": \"2018-08-13\", \"fechaUltimaCompra\": \"2018-08-26\", \"fechaReporte\": \"2018-08-31\", \"creditoMaximo\": \"118648\", \"saldoActual\": \"20353\", \"limiteCredito\": \"154000\", \"saldoVencido\": \"0\", \"numeroPagosVencidos\": \"0\", \"pagoActual\": \"V\", \"historicoPagos\": \" V V V V V V V V V V V V\", \"saldoVencidoPeorAtraso\": \"0\", \"CAN\": { \"identificadorCAN\": \"01\", \"prelacionOrigen\": \"1\", \"prelacionActual\": \"1\", \"fechaAperturaCAN\": \"2019-12-01\", \"fechaCancelacionCAN\": \"2019-12-01\", \"historicoCAN\": \"2\", \"fechaMACAN\": \"2019-12-01\" } }, { \"fechaActualizacion\": \"2018-09-13\", \"registroImpugnado\": \"0\", \"nombreOtorgante\": \"BANCO / BC\", \"tipoResponsabilidad\": \"I\", \"tipoCuenta\": \"R\", \"tipoCredito\": \"TC\", \"claveUnidadMonetaria\": \"MX\", \"frecuenciaPagos\": \"M\", \"montoPagar\": \"0\", \"fechaAperturaCuenta\": \"2010-12-21\", \"fechaUltimoPago\": \"2018-08-23\", \"fechaUltimaCompra\": \"2018-08-28\", \"fechaReporte\": \"2018-08-31\", \"creditoMaximo\": \"124551\", \"saldoActual\": \"37456\", \"limiteCredito\": \"172500\", \"saldoVencido\": \"0\", \"numeroPagosVencidos\": \"0\", \"pagoActual\": \"V\", \"historicoPagos\": \" V V V V V V V V V V V V\", \"saldoVencidoPeorAtraso\": \"0\" }, { \"fechaActualizacion\": \"2018-09-07\", \"registroImpugnado\": \"0\", \"nombreOtorgante\": \"BANCO / BC\", \"tipoResponsabilidad\": \"I\", \"tipoCuenta\": \"R\", \"tipoCredito\": \"LC\", \"claveUnidadMonetaria\": \"MX\", \"frecuenciaPagos\": \"M\", \"montoPagar\": \"0\", \"fechaAperturaCuenta\": \"2004-06-07\", \"fechaUltimoPago\": \"2018-06-21\", \"fechaUltimaCompra\": \"2015-08-14\", \"fechaReporte\": \"2018-08-31\", \"creditoMaximo\": \"252703\", \"saldoActual\": \"0\", \"limiteCredito\": \"250000\", \"saldoVencido\": \"0\", \"numeroPagosVencidos\": \"1\", \"pagoActual\": \"V\", \"historicoPagos\": \" V V V V V V V V V V V V\", \"clavePrevencion\": \"IA\", \"saldoVencidoPeorAtraso\": \"0\" }, { \"fechaActualizacion\": \"2017-09-06\", \"registroImpugnado\": \"0\", \"nombreOtorgante\": \"BANCO / BC\", \"tipoResponsabilidad\": \"I\", \"tipoCuenta\": \"R\", \"tipoCredito\": \"TC\", \"claveUnidadMonetaria\": \"MX\", \"frecuenciaPagos\": \"M\", \"montoPagar\": \"0\", \"fechaAperturaCuenta\": \"1998-08-25\", \"fechaUltimoPago\": \"2017-08-10\", \"fechaUltimaCompra\": \"2017-08-28\", \"fechaCierreCuenta\": \"2017-08-31\", \"fechaReporte\": \"2017-08-31\", \"creditoMaximo\": \"118648\", \"saldoActual\": \"0\", \"limiteCredito\": \"154000\", \"saldoVencido\": \"0\", \"numeroPagosVencidos\": \"0\", \"pagoActual\": \"--\", \"clavePrevencion\": \"LS\", \"saldoVencidoPeorAtraso\": \"0\" }, { \"fechaActualizacion\": \"2017-09-06\", \"registroImpugnado\": \"0\", \"nombreOtorgante\": \"BANCO / BC\", \"tipoResponsabilidad\": \"I\", \"tipoCuenta\": \"R\", \"tipoCredito\": \"TC\", \"claveUnidadMonetaria\": \"MX\", \"frecuenciaPagos\": \"M\", \"montoPagar\": \"0\", \"fechaAperturaCuenta\": \"1998-08-25\", \"fechaUltimoPago\": \"2017-08-10\", \"fechaUltimaCompra\": \"2017-08-28\", \"fechaCierreCuenta\": \"2017-08-31\", \"fechaReporte\": \"2017-08-31\", \"creditoMaximo\": \"118648\", \"saldoActual\": \"0\", \"limiteCredito\": \"154000\", \"saldoVencido\": \"0\", \"numeroPagosVencidos\": \"1\", \"pagoActual\": \"V\", \"historicoPagos\": \" V V V V V V V V V V V V\", \"clavePrevencion\": \"CC\", \"saldoVencidoPeorAtraso\": \"0\" }, { \"fechaActualizacion\": \"2018-08-28\", \"registroImpugnado\": \"0\", \"nombreOtorgante\": \"BANCO / BC\", \"tipoResponsabilidad\": \"I\", \"tipoCuenta\": \"R\", \"tipoCredito\": \"TC\", \"claveUnidadMonetaria\": \"MX\", \"frecuenciaPagos\": \"M\", \"montoPagar\": \"0\", \"fechaAperturaCuenta\": \"2010-12-21\", \"fechaUltimoPago\": \"2017-07-25\", \"fechaUltimaCompra\": \"2017-07-28\", \"fechaCierreCuenta\": \"2017-08-01\", \"fechaReporte\": \"2017-07-31\", \"creditoMaximo\": \"124551\", \"saldoActual\": \"0\", \"limiteCredito\": \"172500\", \"saldoVencido\": \"0\", \"numeroPagosVencidos\": \"1\", \"pagoActual\": \"V\", \"historicoPagos\": \" V V V V V V V V V V V V\", \"clavePrevencion\": \"CA\", \"saldoVencidoPeorAtraso\": \"0\" }, { \"fechaActualizacion\": \"2015-06-01\", \"registroImpugnado\": \"0\", \"nombreOtorgante\": \"BANCO / BC\", \"tipoResponsabilidad\": \"I\", \"tipoCuenta\": \"H\", \"tipoCredito\": \"BR\", \"claveUnidadMonetaria\": \"MX\", \"numeroPagos\": \"120\", \"frecuenciaPagos\": \"M\", \"montoPagar\": \"0\", \"fechaAperturaCuenta\": \"2006-06-16\", \"fechaUltimoPago\": \"2015-05-27\", \"fechaCierreCuenta\": \"2015-05-27\", \"fechaReporte\": \"2015-05-31\", \"creditoMaximo\": \"1538820\", \"saldoActual\": \"0\", \"limiteCredito\": \"1538820\", \"saldoVencido\": \"0\", \"numeroPagosVencidos\": \"1\", \"pagoActual\": \"V\", \"historicoPagos\": \" V V V V V V V V V V V V\", \"clavePrevencion\": \"CC\", \"saldoVencidoPeorAtraso\": \"0\" }, { \"fechaActualizacion\": \"2014-10-28\", \"registroImpugnado\": \"0\", \"nombreOtorgante\": \"TIENDA COMERCIAL / BC\", \"tipoResponsabilidad\": \"I\", \"tipoCuenta\": \"R\", \"tipoCredito\": \"LC\", \"claveUnidadMonetaria\": \"MX\", \"frecuenciaPagos\": \"M\", \"montoPagar\": \"0\", \"fechaAperturaCuenta\": \"2001-11-28\", \"fechaUltimoPago\": \"2011-08-17\", \"fechaUltimaCompra\": \"2010-06-05\", \"fechaCierreCuenta\": \"2014-10-06\", \"fechaReporte\": \"2014-10-08\", \"creditoMaximo\": \"37500\", \"saldoActual\": \"0\", \"limiteCredito\": \"37500\", \"saldoVencido\": \"0\", \"numeroPagosVencidos\": \"0\", \"pagoActual\": \"--\", \"historicoPagos\": \" V V V V V V V V V V V V\", \"saldoVencidoPeorAtraso\": \"0\" } ], \"domicilios\": [ { \"direccion\": \"PASADISO ENCONTRADO 58\", \"coloniaPoblacion\": \"montevideo\", \"delegacionMunicipio\": \"GUSTAVO A MADERO\", \"ciudad\": \"CIUDAD DE M\\u00c9XICO\", \"estado\": \"DF\", \"CP\": \"07730\", \"fechaResidencia\": \"2020-06-10\", \"fechaRegistroDomicilio\": \"2020-06-10\" }, { \"direccion\": \"PASADISO ENCONTRADO 58\", \"coloniaPoblacion\": \"MONTEVIDEO\", \"delegacionMunicipio\": \"GUSTAVO A MADERO\", \"ciudad\": \"CIUDAD DE MXICO\", \"estado\": \"CDMX\", \"CP\": \"07730\", \"fechaResidencia\": \"2020-06-02\", \"numeroTelefono\": \"55664420\", \"tipoDomicilio\": \"C\", \"tipoAsentamiento\": \"0\", \"fechaRegistroDomicilio\": \"2020-06-02\" } ], \"empleos\": [ { \"nombreEmpresa\": \"EMPRESA EJEMPLO\", \"direccion\": \"PASADISO ENCONTRADO 58\", \"coloniaPoblacion\": \"MONTEVIDEO\", \"delegacionMunicipio\": \"GUSTAVO A MADERO\", \"ciudad\": \"CIUDAD DE MXICO\", \"estado\": \"CDMX\", \"CP\": \"00000\", \"numeroTelefono\": \"54783257\", \"extension\": \"1110\", \"fax\": \"54146531\", \"puesto\": \"AUXILIAR ADMINISTRATIVO\", \"fechaContratacion\": \"2000-02-02\", \"claveMoneda\": \"UD\", \"salarioMensual\": 6499, \"fechaUltimoDiaEmpleo\": \"2020-06-02\", \"fechaVerificacionEmpleo\": \"2000-05-10\" } ], \"mensajes\": [ { \"tipoMensaje\": 2, \"leyenda\": \"Respuesta exitosa de otras SIC´s\" } ] }\n');
INSERT INTO `circlerawresponses` (`id`, `timestamp`, `circlerawrequest_id`, `response`, `rawresponse`) VALUES
(13, '2023-04-19 09:18:07', 19, '1', '    { \"folio\": \"\", \"folioConsulta\": \"19698610\", \"folioConsultaOtorgante\": \"1\", \"claveOtorgante\": \"0000081008\", \"declaracionesConsumidor\": null, \"persona\": { \"apellidoPaterno\": \"SESENTAYDOS\", \"apellidoMaterno\": \"PRUEBA\", \"nombres\": \"JUAN\", \"fechaNacimiento\": \"1965-08-09\", \"RFC\": \"SEPJ650809JG1\", \"nacionalidad\": \"MX\", \"residencia\": \"5\", \"estadoCivil\": \"C\", \"sexo\": \"M\", \"numeroDependientes\": \"0\" }, \"consultas\": [ { \"fechaConsulta\": \"2020-06-10\", \"nombreOtorgante\": \"REPORTE DE CREDITO ESPECIAL\", \"telefonoOtorgante\": \"51662455\", \"tipoCredito\": \"M\", \"claveUnidadMonetaria\": \"MX\", \"importeCredito\": \"1\" }, { \"fechaConsulta\": \"2018-08-24\", \"nombreOtorgante\": \"CONSUMIDOR FINAL / BC\", \"tipoCredito\": \"NC\", \"importeCredito\": \"0\", \"tipoResponsabilidad\": \"I\" }, { \"fechaConsulta\": \"2018-06-13\", \"nombreOtorgante\": \"BANCO / BC\", \"tipoCredito\": \"NC\", \"importeCredito\": \"0\", \"tipoResponsabilidad\": \"I\" }, { \"fechaConsulta\": \"2018-06-01\", \"nombreOtorgante\": \"FIANZAS / BC\", \"tipoCredito\": \"FI\", \"importeCredito\": \"0\", \"tipoResponsabilidad\": \"I\" }, { \"fechaConsulta\": \"2018-05-24\", \"nombreOtorgante\": \"CONSUMIDOR FINAL / BC\", \"tipoCredito\": \"NC\", \"importeCredito\": \"0\", \"tipoResponsabilidad\": \"I\" }, { \"fechaConsulta\": \"2018-03-14\", \"nombreOtorgante\": \"BANCO / BC\", \"tipoCredito\": \"NC\", \"importeCredito\": \"0\", \"tipoResponsabilidad\": \"I\" }, { \"fechaConsulta\": \"2018-02-24\", \"nombreOtorgante\": \"CONSUMIDOR FINAL / BC\", \"tipoCredito\": \"NC\", \"importeCredito\": \"0\", \"tipoResponsabilidad\": \"I\" }, { \"fechaConsulta\": \"2017-11-23\", \"nombreOtorgante\": \"CONSUMIDOR FINAL / BC\", \"tipoCredito\": \"NC\", \"importeCredito\": \"0\", \"tipoResponsabilidad\": \"I\" }, { \"fechaConsulta\": \"2017-09-15\", \"nombreOtorgante\": \"BANCO / BC\", \"tipoCredito\": \"NC\", \"importeCredito\": \"0\", \"tipoResponsabilidad\": \"I\" }, { \"fechaConsulta\": \"2017-08-23\", \"nombreOtorgante\": \"CONSUMIDOR FINAL / BC\", \"tipoCredito\": \"NC\", \"importeCredito\": \"0\", \"tipoResponsabilidad\": \"I\" }, { \"fechaConsulta\": \"2017-05-25\", \"nombreOtorgante\": \"FIANZAS / BC\", \"tipoCredito\": \"FI\", \"importeCredito\": \"0\", \"tipoResponsabilidad\": \"I\" }, { \"fechaConsulta\": \"2017-05-23\", \"nombreOtorgante\": \"CONSUMIDOR FINAL / BC\", \"tipoCredito\": \"NC\", \"importeCredito\": \"0\", \"tipoResponsabilidad\": \"I\" }, { \"fechaConsulta\": \"2017-03-08\", \"nombreOtorgante\": \"BANCO / BC\", \"tipoCredito\": \"TC\", \"importeCredito\": \"0\", \"tipoResponsabilidad\": \"I\" }, { \"fechaConsulta\": \"2017-02-23\", \"nombreOtorgante\": \"CONSUMIDOR FINAL / BC\", \"tipoCredito\": \"NC\", \"importeCredito\": \"0\", \"tipoResponsabilidad\": \"I\" } ], \"creditos\": [ { \"fechaActualizacion\": \"2020-05-31\", \"registroImpugnado\": \"0\", \"nombreOtorgante\": \"REPORTE DE CREDITO ESPECIAL\", \"cuentaActual\": \"1234567890135\", \"tipoResponsabilidad\": \"I\", \"tipoCuenta\": \"F\", \"tipoCredito\": \"CC\", \"claveUnidadMonetaria\": \"UD\", \"valorActivoValuacion\": \"1098\", \"numeroPagos\": \"40\", \"frecuenciaPagos\": \"M\", \"montoPagar\": \"20\", \"fechaAperturaCuenta\": \"2017-01-28\", \"fechaUltimoPago\": \"2020-04-21\", \"fechaUltimaCompra\": \"2020-04-03\", \"fechaReporte\": \"2020-05-31\", \"creditoMaximo\": \"160000\", \"saldoActual\": \"100\", \"limiteCredito\": \"200000\", \"saldoVencido\": \"70\", \"numeroPagosVencidos\": \"4\", \"pagoActual\": \"02\", \"historicoPagos\": \" V V V V V V V V V V V V\", \"totalPagosReportados\": \"0\", \"peorAtraso\": \"2\", \"fechaPeorAtraso\": \"2020-05-31\", \"saldoVencidoPeorAtraso\": \"70\" }, { \"fechaActualizacion\": \"2018-09-14\", \"registroImpugnado\": \"0\", \"nombreOtorgante\": \"BANCO / BC\", \"tipoResponsabilidad\": \"I\", \"tipoCuenta\": \"R\", \"tipoCredito\": \"TC\", \"claveUnidadMonetaria\": \"MX\", \"frecuenciaPagos\": \"M\", \"montoPagar\": \"1925\", \"fechaAperturaCuenta\": \"1998-08-25\", \"fechaUltimoPago\": \"2018-08-13\", \"fechaUltimaCompra\": \"2018-08-26\", \"fechaReporte\": \"2018-08-31\", \"creditoMaximo\": \"118648\", \"saldoActual\": \"20353\", \"limiteCredito\": \"154000\", \"saldoVencido\": \"0\", \"numeroPagosVencidos\": \"0\", \"pagoActual\": \"V\", \"historicoPagos\": \" V V V V V V V V V V V V\", \"saldoVencidoPeorAtraso\": \"0\", \"CAN\": { \"identificadorCAN\": \"01\", \"prelacionOrigen\": \"1\", \"prelacionActual\": \"1\", \"fechaAperturaCAN\": \"2019-12-01\", \"fechaCancelacionCAN\": \"2019-12-01\", \"historicoCAN\": \"2\", \"fechaMACAN\": \"2019-12-01\" } }, { \"fechaActualizacion\": \"2018-09-13\", \"registroImpugnado\": \"0\", \"nombreOtorgante\": \"BANCO / BC\", \"tipoResponsabilidad\": \"I\", \"tipoCuenta\": \"R\", \"tipoCredito\": \"TC\", \"claveUnidadMonetaria\": \"MX\", \"frecuenciaPagos\": \"M\", \"montoPagar\": \"0\", \"fechaAperturaCuenta\": \"2010-12-21\", \"fechaUltimoPago\": \"2018-08-23\", \"fechaUltimaCompra\": \"2018-08-28\", \"fechaReporte\": \"2018-08-31\", \"creditoMaximo\": \"124551\", \"saldoActual\": \"37456\", \"limiteCredito\": \"172500\", \"saldoVencido\": \"0\", \"numeroPagosVencidos\": \"0\", \"pagoActual\": \"V\", \"historicoPagos\": \" V V V V V V V V V V V V\", \"saldoVencidoPeorAtraso\": \"0\" }, { \"fechaActualizacion\": \"2018-09-07\", \"registroImpugnado\": \"0\", \"nombreOtorgante\": \"BANCO / BC\", \"tipoResponsabilidad\": \"I\", \"tipoCuenta\": \"R\", \"tipoCredito\": \"LC\", \"claveUnidadMonetaria\": \"MX\", \"frecuenciaPagos\": \"M\", \"montoPagar\": \"0\", \"fechaAperturaCuenta\": \"2004-06-07\", \"fechaUltimoPago\": \"2018-06-21\", \"fechaUltimaCompra\": \"2015-08-14\", \"fechaReporte\": \"2018-08-31\", \"creditoMaximo\": \"252703\", \"saldoActual\": \"0\", \"limiteCredito\": \"250000\", \"saldoVencido\": \"0\", \"numeroPagosVencidos\": \"1\", \"pagoActual\": \"V\", \"historicoPagos\": \" V V V V V V V V V V V V\", \"clavePrevencion\": \"IA\", \"saldoVencidoPeorAtraso\": \"0\" }, { \"fechaActualizacion\": \"2017-09-06\", \"registroImpugnado\": \"0\", \"nombreOtorgante\": \"BANCO / BC\", \"tipoResponsabilidad\": \"I\", \"tipoCuenta\": \"R\", \"tipoCredito\": \"TC\", \"claveUnidadMonetaria\": \"MX\", \"frecuenciaPagos\": \"M\", \"montoPagar\": \"0\", \"fechaAperturaCuenta\": \"1998-08-25\", \"fechaUltimoPago\": \"2017-08-10\", \"fechaUltimaCompra\": \"2017-08-28\", \"fechaCierreCuenta\": \"2017-08-31\", \"fechaReporte\": \"2017-08-31\", \"creditoMaximo\": \"118648\", \"saldoActual\": \"0\", \"limiteCredito\": \"154000\", \"saldoVencido\": \"0\", \"numeroPagosVencidos\": \"0\", \"pagoActual\": \"--\", \"clavePrevencion\": \"LS\", \"saldoVencidoPeorAtraso\": \"0\" }, { \"fechaActualizacion\": \"2017-09-06\", \"registroImpugnado\": \"0\", \"nombreOtorgante\": \"BANCO / BC\", \"tipoResponsabilidad\": \"I\", \"tipoCuenta\": \"R\", \"tipoCredito\": \"TC\", \"claveUnidadMonetaria\": \"MX\", \"frecuenciaPagos\": \"M\", \"montoPagar\": \"0\", \"fechaAperturaCuenta\": \"1998-08-25\", \"fechaUltimoPago\": \"2017-08-10\", \"fechaUltimaCompra\": \"2017-08-28\", \"fechaCierreCuenta\": \"2017-08-31\", \"fechaReporte\": \"2017-08-31\", \"creditoMaximo\": \"118648\", \"saldoActual\": \"0\", \"limiteCredito\": \"154000\", \"saldoVencido\": \"0\", \"numeroPagosVencidos\": \"1\", \"pagoActual\": \"V\", \"historicoPagos\": \" V V V V V V V V V V V V\", \"clavePrevencion\": \"CC\", \"saldoVencidoPeorAtraso\": \"0\" }, { \"fechaActualizacion\": \"2018-08-28\", \"registroImpugnado\": \"0\", \"nombreOtorgante\": \"BANCO / BC\", \"tipoResponsabilidad\": \"I\", \"tipoCuenta\": \"R\", \"tipoCredito\": \"TC\", \"claveUnidadMonetaria\": \"MX\", \"frecuenciaPagos\": \"M\", \"montoPagar\": \"0\", \"fechaAperturaCuenta\": \"2010-12-21\", \"fechaUltimoPago\": \"2017-07-25\", \"fechaUltimaCompra\": \"2017-07-28\", \"fechaCierreCuenta\": \"2017-08-01\", \"fechaReporte\": \"2017-07-31\", \"creditoMaximo\": \"124551\", \"saldoActual\": \"0\", \"limiteCredito\": \"172500\", \"saldoVencido\": \"0\", \"numeroPagosVencidos\": \"1\", \"pagoActual\": \"V\", \"historicoPagos\": \" V V V V V V V V V V V V\", \"clavePrevencion\": \"CA\", \"saldoVencidoPeorAtraso\": \"0\" }, { \"fechaActualizacion\": \"2015-06-01\", \"registroImpugnado\": \"0\", \"nombreOtorgante\": \"BANCO / BC\", \"tipoResponsabilidad\": \"I\", \"tipoCuenta\": \"H\", \"tipoCredito\": \"BR\", \"claveUnidadMonetaria\": \"MX\", \"numeroPagos\": \"120\", \"frecuenciaPagos\": \"M\", \"montoPagar\": \"0\", \"fechaAperturaCuenta\": \"2006-06-16\", \"fechaUltimoPago\": \"2015-05-27\", \"fechaCierreCuenta\": \"2015-05-27\", \"fechaReporte\": \"2015-05-31\", \"creditoMaximo\": \"1538820\", \"saldoActual\": \"0\", \"limiteCredito\": \"1538820\", \"saldoVencido\": \"0\", \"numeroPagosVencidos\": \"1\", \"pagoActual\": \"V\", \"historicoPagos\": \" V V V V V V V V V V V V\", \"clavePrevencion\": \"CC\", \"saldoVencidoPeorAtraso\": \"0\" }, { \"fechaActualizacion\": \"2014-10-28\", \"registroImpugnado\": \"0\", \"nombreOtorgante\": \"TIENDA COMERCIAL / BC\", \"tipoResponsabilidad\": \"I\", \"tipoCuenta\": \"R\", \"tipoCredito\": \"LC\", \"claveUnidadMonetaria\": \"MX\", \"frecuenciaPagos\": \"M\", \"montoPagar\": \"0\", \"fechaAperturaCuenta\": \"2001-11-28\", \"fechaUltimoPago\": \"2011-08-17\", \"fechaUltimaCompra\": \"2010-06-05\", \"fechaCierreCuenta\": \"2014-10-06\", \"fechaReporte\": \"2014-10-08\", \"creditoMaximo\": \"37500\", \"saldoActual\": \"0\", \"limiteCredito\": \"37500\", \"saldoVencido\": \"0\", \"numeroPagosVencidos\": \"0\", \"pagoActual\": \"--\", \"historicoPagos\": \" V V V V V V V V V V V V\", \"saldoVencidoPeorAtraso\": \"0\" } ], \"domicilios\": [ { \"direccion\": \"PASADISO ENCONTRADO 58\", \"coloniaPoblacion\": \"montevideo\", \"delegacionMunicipio\": \"GUSTAVO A MADERO\", \"ciudad\": \"CIUDAD DE M\\u00c9XICO\", \"estado\": \"DF\", \"CP\": \"07730\", \"fechaResidencia\": \"2020-06-10\", \"fechaRegistroDomicilio\": \"2020-06-10\" }, { \"direccion\": \"PASADISO ENCONTRADO 58\", \"coloniaPoblacion\": \"MONTEVIDEO\", \"delegacionMunicipio\": \"GUSTAVO A MADERO\", \"ciudad\": \"CIUDAD DE MXICO\", \"estado\": \"CDMX\", \"CP\": \"07730\", \"fechaResidencia\": \"2020-06-02\", \"numeroTelefono\": \"55664420\", \"tipoDomicilio\": \"C\", \"tipoAsentamiento\": \"0\", \"fechaRegistroDomicilio\": \"2020-06-02\" } ], \"empleos\": [ { \"nombreEmpresa\": \"EMPRESA EJEMPLO\", \"direccion\": \"PASADISO ENCONTRADO 58\", \"coloniaPoblacion\": \"MONTEVIDEO\", \"delegacionMunicipio\": \"GUSTAVO A MADERO\", \"ciudad\": \"CIUDAD DE MXICO\", \"estado\": \"CDMX\", \"CP\": \"00000\", \"numeroTelefono\": \"54783257\", \"extension\": \"1110\", \"fax\": \"54146531\", \"puesto\": \"AUXILIAR ADMINISTRATIVO\", \"fechaContratacion\": \"2000-02-02\", \"claveMoneda\": \"UD\", \"salarioMensual\": 6499, \"fechaUltimoDiaEmpleo\": \"2020-06-02\", \"fechaVerificacionEmpleo\": \"2000-05-10\" } ], \"mensajes\": [ { \"tipoMensaje\": 2, \"leyenda\": \"Respuesta exitosa de otras SIC´s\" } ] }\n'),
(14, '2023-04-19 09:18:22', 20, '1', '    { \"folio\": \"\", \"folioConsulta\": \"19698610\", \"folioConsultaOtorgante\": \"1\", \"claveOtorgante\": \"0000081008\", \"declaracionesConsumidor\": null, \"persona\": { \"apellidoPaterno\": \"SESENTAYDOS\", \"apellidoMaterno\": \"PRUEBA\", \"nombres\": \"JUAN\", \"fechaNacimiento\": \"1965-08-09\", \"RFC\": \"SEPJ650809JG1\", \"nacionalidad\": \"MX\", \"residencia\": \"5\", \"estadoCivil\": \"C\", \"sexo\": \"M\", \"numeroDependientes\": \"0\" }, \"consultas\": [ { \"fechaConsulta\": \"2020-06-10\", \"nombreOtorgante\": \"REPORTE DE CREDITO ESPECIAL\", \"telefonoOtorgante\": \"51662455\", \"tipoCredito\": \"M\", \"claveUnidadMonetaria\": \"MX\", \"importeCredito\": \"1\" }, { \"fechaConsulta\": \"2018-08-24\", \"nombreOtorgante\": \"CONSUMIDOR FINAL / BC\", \"tipoCredito\": \"NC\", \"importeCredito\": \"0\", \"tipoResponsabilidad\": \"I\" }, { \"fechaConsulta\": \"2018-06-13\", \"nombreOtorgante\": \"BANCO / BC\", \"tipoCredito\": \"NC\", \"importeCredito\": \"0\", \"tipoResponsabilidad\": \"I\" }, { \"fechaConsulta\": \"2018-06-01\", \"nombreOtorgante\": \"FIANZAS / BC\", \"tipoCredito\": \"FI\", \"importeCredito\": \"0\", \"tipoResponsabilidad\": \"I\" }, { \"fechaConsulta\": \"2018-05-24\", \"nombreOtorgante\": \"CONSUMIDOR FINAL / BC\", \"tipoCredito\": \"NC\", \"importeCredito\": \"0\", \"tipoResponsabilidad\": \"I\" }, { \"fechaConsulta\": \"2018-03-14\", \"nombreOtorgante\": \"BANCO / BC\", \"tipoCredito\": \"NC\", \"importeCredito\": \"0\", \"tipoResponsabilidad\": \"I\" }, { \"fechaConsulta\": \"2018-02-24\", \"nombreOtorgante\": \"CONSUMIDOR FINAL / BC\", \"tipoCredito\": \"NC\", \"importeCredito\": \"0\", \"tipoResponsabilidad\": \"I\" }, { \"fechaConsulta\": \"2017-11-23\", \"nombreOtorgante\": \"CONSUMIDOR FINAL / BC\", \"tipoCredito\": \"NC\", \"importeCredito\": \"0\", \"tipoResponsabilidad\": \"I\" }, { \"fechaConsulta\": \"2017-09-15\", \"nombreOtorgante\": \"BANCO / BC\", \"tipoCredito\": \"NC\", \"importeCredito\": \"0\", \"tipoResponsabilidad\": \"I\" }, { \"fechaConsulta\": \"2017-08-23\", \"nombreOtorgante\": \"CONSUMIDOR FINAL / BC\", \"tipoCredito\": \"NC\", \"importeCredito\": \"0\", \"tipoResponsabilidad\": \"I\" }, { \"fechaConsulta\": \"2017-05-25\", \"nombreOtorgante\": \"FIANZAS / BC\", \"tipoCredito\": \"FI\", \"importeCredito\": \"0\", \"tipoResponsabilidad\": \"I\" }, { \"fechaConsulta\": \"2017-05-23\", \"nombreOtorgante\": \"CONSUMIDOR FINAL / BC\", \"tipoCredito\": \"NC\", \"importeCredito\": \"0\", \"tipoResponsabilidad\": \"I\" }, { \"fechaConsulta\": \"2017-03-08\", \"nombreOtorgante\": \"BANCO / BC\", \"tipoCredito\": \"TC\", \"importeCredito\": \"0\", \"tipoResponsabilidad\": \"I\" }, { \"fechaConsulta\": \"2017-02-23\", \"nombreOtorgante\": \"CONSUMIDOR FINAL / BC\", \"tipoCredito\": \"NC\", \"importeCredito\": \"0\", \"tipoResponsabilidad\": \"I\" } ], \"creditos\": [ { \"fechaActualizacion\": \"2020-05-31\", \"registroImpugnado\": \"0\", \"nombreOtorgante\": \"REPORTE DE CREDITO ESPECIAL\", \"cuentaActual\": \"1234567890135\", \"tipoResponsabilidad\": \"I\", \"tipoCuenta\": \"F\", \"tipoCredito\": \"CC\", \"claveUnidadMonetaria\": \"UD\", \"valorActivoValuacion\": \"1098\", \"numeroPagos\": \"40\", \"frecuenciaPagos\": \"M\", \"montoPagar\": \"20\", \"fechaAperturaCuenta\": \"2017-01-28\", \"fechaUltimoPago\": \"2020-04-21\", \"fechaUltimaCompra\": \"2020-04-03\", \"fechaReporte\": \"2020-05-31\", \"creditoMaximo\": \"160000\", \"saldoActual\": \"100\", \"limiteCredito\": \"200000\", \"saldoVencido\": \"70\", \"numeroPagosVencidos\": \"4\", \"pagoActual\": \"02\", \"historicoPagos\": \" V V V V V V V V V V V V\", \"totalPagosReportados\": \"0\", \"peorAtraso\": \"2\", \"fechaPeorAtraso\": \"2020-05-31\", \"saldoVencidoPeorAtraso\": \"70\" }, { \"fechaActualizacion\": \"2018-09-14\", \"registroImpugnado\": \"0\", \"nombreOtorgante\": \"BANCO / BC\", \"tipoResponsabilidad\": \"I\", \"tipoCuenta\": \"R\", \"tipoCredito\": \"TC\", \"claveUnidadMonetaria\": \"MX\", \"frecuenciaPagos\": \"M\", \"montoPagar\": \"1925\", \"fechaAperturaCuenta\": \"1998-08-25\", \"fechaUltimoPago\": \"2018-08-13\", \"fechaUltimaCompra\": \"2018-08-26\", \"fechaReporte\": \"2018-08-31\", \"creditoMaximo\": \"118648\", \"saldoActual\": \"20353\", \"limiteCredito\": \"154000\", \"saldoVencido\": \"0\", \"numeroPagosVencidos\": \"0\", \"pagoActual\": \"V\", \"historicoPagos\": \" V V V V V V V V V V V V\", \"saldoVencidoPeorAtraso\": \"0\", \"CAN\": { \"identificadorCAN\": \"01\", \"prelacionOrigen\": \"1\", \"prelacionActual\": \"1\", \"fechaAperturaCAN\": \"2019-12-01\", \"fechaCancelacionCAN\": \"2019-12-01\", \"historicoCAN\": \"2\", \"fechaMACAN\": \"2019-12-01\" } }, { \"fechaActualizacion\": \"2018-09-13\", \"registroImpugnado\": \"0\", \"nombreOtorgante\": \"BANCO / BC\", \"tipoResponsabilidad\": \"I\", \"tipoCuenta\": \"R\", \"tipoCredito\": \"TC\", \"claveUnidadMonetaria\": \"MX\", \"frecuenciaPagos\": \"M\", \"montoPagar\": \"0\", \"fechaAperturaCuenta\": \"2010-12-21\", \"fechaUltimoPago\": \"2018-08-23\", \"fechaUltimaCompra\": \"2018-08-28\", \"fechaReporte\": \"2018-08-31\", \"creditoMaximo\": \"124551\", \"saldoActual\": \"37456\", \"limiteCredito\": \"172500\", \"saldoVencido\": \"0\", \"numeroPagosVencidos\": \"0\", \"pagoActual\": \"V\", \"historicoPagos\": \" V V V V V V V V V V V V\", \"saldoVencidoPeorAtraso\": \"0\" }, { \"fechaActualizacion\": \"2018-09-07\", \"registroImpugnado\": \"0\", \"nombreOtorgante\": \"BANCO / BC\", \"tipoResponsabilidad\": \"I\", \"tipoCuenta\": \"R\", \"tipoCredito\": \"LC\", \"claveUnidadMonetaria\": \"MX\", \"frecuenciaPagos\": \"M\", \"montoPagar\": \"0\", \"fechaAperturaCuenta\": \"2004-06-07\", \"fechaUltimoPago\": \"2018-06-21\", \"fechaUltimaCompra\": \"2015-08-14\", \"fechaReporte\": \"2018-08-31\", \"creditoMaximo\": \"252703\", \"saldoActual\": \"0\", \"limiteCredito\": \"250000\", \"saldoVencido\": \"0\", \"numeroPagosVencidos\": \"1\", \"pagoActual\": \"V\", \"historicoPagos\": \" V V V V V V V V V V V V\", \"clavePrevencion\": \"IA\", \"saldoVencidoPeorAtraso\": \"0\" }, { \"fechaActualizacion\": \"2017-09-06\", \"registroImpugnado\": \"0\", \"nombreOtorgante\": \"BANCO / BC\", \"tipoResponsabilidad\": \"I\", \"tipoCuenta\": \"R\", \"tipoCredito\": \"TC\", \"claveUnidadMonetaria\": \"MX\", \"frecuenciaPagos\": \"M\", \"montoPagar\": \"0\", \"fechaAperturaCuenta\": \"1998-08-25\", \"fechaUltimoPago\": \"2017-08-10\", \"fechaUltimaCompra\": \"2017-08-28\", \"fechaCierreCuenta\": \"2017-08-31\", \"fechaReporte\": \"2017-08-31\", \"creditoMaximo\": \"118648\", \"saldoActual\": \"0\", \"limiteCredito\": \"154000\", \"saldoVencido\": \"0\", \"numeroPagosVencidos\": \"0\", \"pagoActual\": \"--\", \"clavePrevencion\": \"LS\", \"saldoVencidoPeorAtraso\": \"0\" }, { \"fechaActualizacion\": \"2017-09-06\", \"registroImpugnado\": \"0\", \"nombreOtorgante\": \"BANCO / BC\", \"tipoResponsabilidad\": \"I\", \"tipoCuenta\": \"R\", \"tipoCredito\": \"TC\", \"claveUnidadMonetaria\": \"MX\", \"frecuenciaPagos\": \"M\", \"montoPagar\": \"0\", \"fechaAperturaCuenta\": \"1998-08-25\", \"fechaUltimoPago\": \"2017-08-10\", \"fechaUltimaCompra\": \"2017-08-28\", \"fechaCierreCuenta\": \"2017-08-31\", \"fechaReporte\": \"2017-08-31\", \"creditoMaximo\": \"118648\", \"saldoActual\": \"0\", \"limiteCredito\": \"154000\", \"saldoVencido\": \"0\", \"numeroPagosVencidos\": \"1\", \"pagoActual\": \"V\", \"historicoPagos\": \" V V V V V V V V V V V V\", \"clavePrevencion\": \"CC\", \"saldoVencidoPeorAtraso\": \"0\" }, { \"fechaActualizacion\": \"2018-08-28\", \"registroImpugnado\": \"0\", \"nombreOtorgante\": \"BANCO / BC\", \"tipoResponsabilidad\": \"I\", \"tipoCuenta\": \"R\", \"tipoCredito\": \"TC\", \"claveUnidadMonetaria\": \"MX\", \"frecuenciaPagos\": \"M\", \"montoPagar\": \"0\", \"fechaAperturaCuenta\": \"2010-12-21\", \"fechaUltimoPago\": \"2017-07-25\", \"fechaUltimaCompra\": \"2017-07-28\", \"fechaCierreCuenta\": \"2017-08-01\", \"fechaReporte\": \"2017-07-31\", \"creditoMaximo\": \"124551\", \"saldoActual\": \"0\", \"limiteCredito\": \"172500\", \"saldoVencido\": \"0\", \"numeroPagosVencidos\": \"1\", \"pagoActual\": \"V\", \"historicoPagos\": \" V V V V V V V V V V V V\", \"clavePrevencion\": \"CA\", \"saldoVencidoPeorAtraso\": \"0\" }, { \"fechaActualizacion\": \"2015-06-01\", \"registroImpugnado\": \"0\", \"nombreOtorgante\": \"BANCO / BC\", \"tipoResponsabilidad\": \"I\", \"tipoCuenta\": \"H\", \"tipoCredito\": \"BR\", \"claveUnidadMonetaria\": \"MX\", \"numeroPagos\": \"120\", \"frecuenciaPagos\": \"M\", \"montoPagar\": \"0\", \"fechaAperturaCuenta\": \"2006-06-16\", \"fechaUltimoPago\": \"2015-05-27\", \"fechaCierreCuenta\": \"2015-05-27\", \"fechaReporte\": \"2015-05-31\", \"creditoMaximo\": \"1538820\", \"saldoActual\": \"0\", \"limiteCredito\": \"1538820\", \"saldoVencido\": \"0\", \"numeroPagosVencidos\": \"1\", \"pagoActual\": \"V\", \"historicoPagos\": \" V V V V V V V V V V V V\", \"clavePrevencion\": \"CC\", \"saldoVencidoPeorAtraso\": \"0\" }, { \"fechaActualizacion\": \"2014-10-28\", \"registroImpugnado\": \"0\", \"nombreOtorgante\": \"TIENDA COMERCIAL / BC\", \"tipoResponsabilidad\": \"I\", \"tipoCuenta\": \"R\", \"tipoCredito\": \"LC\", \"claveUnidadMonetaria\": \"MX\", \"frecuenciaPagos\": \"M\", \"montoPagar\": \"0\", \"fechaAperturaCuenta\": \"2001-11-28\", \"fechaUltimoPago\": \"2011-08-17\", \"fechaUltimaCompra\": \"2010-06-05\", \"fechaCierreCuenta\": \"2014-10-06\", \"fechaReporte\": \"2014-10-08\", \"creditoMaximo\": \"37500\", \"saldoActual\": \"0\", \"limiteCredito\": \"37500\", \"saldoVencido\": \"0\", \"numeroPagosVencidos\": \"0\", \"pagoActual\": \"--\", \"historicoPagos\": \" V V V V V V V V V V V V\", \"saldoVencidoPeorAtraso\": \"0\" } ], \"domicilios\": [ { \"direccion\": \"PASADISO ENCONTRADO 58\", \"coloniaPoblacion\": \"montevideo\", \"delegacionMunicipio\": \"GUSTAVO A MADERO\", \"ciudad\": \"CIUDAD DE M\\u00c9XICO\", \"estado\": \"DF\", \"CP\": \"07730\", \"fechaResidencia\": \"2020-06-10\", \"fechaRegistroDomicilio\": \"2020-06-10\" }, { \"direccion\": \"PASADISO ENCONTRADO 58\", \"coloniaPoblacion\": \"MONTEVIDEO\", \"delegacionMunicipio\": \"GUSTAVO A MADERO\", \"ciudad\": \"CIUDAD DE MXICO\", \"estado\": \"CDMX\", \"CP\": \"07730\", \"fechaResidencia\": \"2020-06-02\", \"numeroTelefono\": \"55664420\", \"tipoDomicilio\": \"C\", \"tipoAsentamiento\": \"0\", \"fechaRegistroDomicilio\": \"2020-06-02\" } ], \"empleos\": [ { \"nombreEmpresa\": \"EMPRESA EJEMPLO\", \"direccion\": \"PASADISO ENCONTRADO 58\", \"coloniaPoblacion\": \"MONTEVIDEO\", \"delegacionMunicipio\": \"GUSTAVO A MADERO\", \"ciudad\": \"CIUDAD DE MXICO\", \"estado\": \"CDMX\", \"CP\": \"00000\", \"numeroTelefono\": \"54783257\", \"extension\": \"1110\", \"fax\": \"54146531\", \"puesto\": \"AUXILIAR ADMINISTRATIVO\", \"fechaContratacion\": \"2000-02-02\", \"claveMoneda\": \"UD\", \"salarioMensual\": 6499, \"fechaUltimoDiaEmpleo\": \"2020-06-02\", \"fechaVerificacionEmpleo\": \"2000-05-10\" } ], \"mensajes\": [ { \"tipoMensaje\": 2, \"leyenda\": \"Respuesta exitosa de otras SIC´s\" } ] }\n'),
(15, '2023-04-19 09:22:20', 21, '1', '    { \"folio\": \"\", \"folioConsulta\": \"19698610\", \"folioConsultaOtorgante\": \"1\", \"claveOtorgante\": \"0000081008\", \"declaracionesConsumidor\": null, \"persona\": { \"apellidoPaterno\": \"SESENTAYDOS\", \"apellidoMaterno\": \"PRUEBA\", \"nombres\": \"JUAN\", \"fechaNacimiento\": \"1965-08-09\", \"RFC\": \"SEPJ650809JG1\", \"nacionalidad\": \"MX\", \"residencia\": \"5\", \"estadoCivil\": \"C\", \"sexo\": \"M\", \"numeroDependientes\": \"0\" }, \"consultas\": [ { \"fechaConsulta\": \"2020-06-10\", \"nombreOtorgante\": \"REPORTE DE CREDITO ESPECIAL\", \"telefonoOtorgante\": \"51662455\", \"tipoCredito\": \"M\", \"claveUnidadMonetaria\": \"MX\", \"importeCredito\": \"1\" }, { \"fechaConsulta\": \"2018-08-24\", \"nombreOtorgante\": \"CONSUMIDOR FINAL / BC\", \"tipoCredito\": \"NC\", \"importeCredito\": \"0\", \"tipoResponsabilidad\": \"I\" }, { \"fechaConsulta\": \"2018-06-13\", \"nombreOtorgante\": \"BANCO / BC\", \"tipoCredito\": \"NC\", \"importeCredito\": \"0\", \"tipoResponsabilidad\": \"I\" }, { \"fechaConsulta\": \"2018-06-01\", \"nombreOtorgante\": \"FIANZAS / BC\", \"tipoCredito\": \"FI\", \"importeCredito\": \"0\", \"tipoResponsabilidad\": \"I\" }, { \"fechaConsulta\": \"2018-05-24\", \"nombreOtorgante\": \"CONSUMIDOR FINAL / BC\", \"tipoCredito\": \"NC\", \"importeCredito\": \"0\", \"tipoResponsabilidad\": \"I\" }, { \"fechaConsulta\": \"2018-03-14\", \"nombreOtorgante\": \"BANCO / BC\", \"tipoCredito\": \"NC\", \"importeCredito\": \"0\", \"tipoResponsabilidad\": \"I\" }, { \"fechaConsulta\": \"2018-02-24\", \"nombreOtorgante\": \"CONSUMIDOR FINAL / BC\", \"tipoCredito\": \"NC\", \"importeCredito\": \"0\", \"tipoResponsabilidad\": \"I\" }, { \"fechaConsulta\": \"2017-11-23\", \"nombreOtorgante\": \"CONSUMIDOR FINAL / BC\", \"tipoCredito\": \"NC\", \"importeCredito\": \"0\", \"tipoResponsabilidad\": \"I\" }, { \"fechaConsulta\": \"2017-09-15\", \"nombreOtorgante\": \"BANCO / BC\", \"tipoCredito\": \"NC\", \"importeCredito\": \"0\", \"tipoResponsabilidad\": \"I\" }, { \"fechaConsulta\": \"2017-08-23\", \"nombreOtorgante\": \"CONSUMIDOR FINAL / BC\", \"tipoCredito\": \"NC\", \"importeCredito\": \"0\", \"tipoResponsabilidad\": \"I\" }, { \"fechaConsulta\": \"2017-05-25\", \"nombreOtorgante\": \"FIANZAS / BC\", \"tipoCredito\": \"FI\", \"importeCredito\": \"0\", \"tipoResponsabilidad\": \"I\" }, { \"fechaConsulta\": \"2017-05-23\", \"nombreOtorgante\": \"CONSUMIDOR FINAL / BC\", \"tipoCredito\": \"NC\", \"importeCredito\": \"0\", \"tipoResponsabilidad\": \"I\" }, { \"fechaConsulta\": \"2017-03-08\", \"nombreOtorgante\": \"BANCO / BC\", \"tipoCredito\": \"TC\", \"importeCredito\": \"0\", \"tipoResponsabilidad\": \"I\" }, { \"fechaConsulta\": \"2017-02-23\", \"nombreOtorgante\": \"CONSUMIDOR FINAL / BC\", \"tipoCredito\": \"NC\", \"importeCredito\": \"0\", \"tipoResponsabilidad\": \"I\" } ], \"creditos\": [ { \"fechaActualizacion\": \"2020-05-31\", \"registroImpugnado\": \"0\", \"nombreOtorgante\": \"REPORTE DE CREDITO ESPECIAL\", \"cuentaActual\": \"1234567890135\", \"tipoResponsabilidad\": \"I\", \"tipoCuenta\": \"F\", \"tipoCredito\": \"CC\", \"claveUnidadMonetaria\": \"UD\", \"valorActivoValuacion\": \"1098\", \"numeroPagos\": \"40\", \"frecuenciaPagos\": \"M\", \"montoPagar\": \"20\", \"fechaAperturaCuenta\": \"2017-01-28\", \"fechaUltimoPago\": \"2020-04-21\", \"fechaUltimaCompra\": \"2020-04-03\", \"fechaReporte\": \"2020-05-31\", \"creditoMaximo\": \"160000\", \"saldoActual\": \"100\", \"limiteCredito\": \"200000\", \"saldoVencido\": \"70\", \"numeroPagosVencidos\": \"4\", \"pagoActual\": \"02\", \"historicoPagos\": \" V V V V V V V V V V V V\", \"totalPagosReportados\": \"0\", \"peorAtraso\": \"2\", \"fechaPeorAtraso\": \"2020-05-31\", \"saldoVencidoPeorAtraso\": \"70\" }, { \"fechaActualizacion\": \"2018-09-14\", \"registroImpugnado\": \"0\", \"nombreOtorgante\": \"BANCO / BC\", \"tipoResponsabilidad\": \"I\", \"tipoCuenta\": \"R\", \"tipoCredito\": \"TC\", \"claveUnidadMonetaria\": \"MX\", \"frecuenciaPagos\": \"M\", \"montoPagar\": \"1925\", \"fechaAperturaCuenta\": \"1998-08-25\", \"fechaUltimoPago\": \"2018-08-13\", \"fechaUltimaCompra\": \"2018-08-26\", \"fechaReporte\": \"2018-08-31\", \"creditoMaximo\": \"118648\", \"saldoActual\": \"20353\", \"limiteCredito\": \"154000\", \"saldoVencido\": \"0\", \"numeroPagosVencidos\": \"0\", \"pagoActual\": \"V\", \"historicoPagos\": \" V V V V V V V V V V V V\", \"saldoVencidoPeorAtraso\": \"0\", \"CAN\": { \"identificadorCAN\": \"01\", \"prelacionOrigen\": \"1\", \"prelacionActual\": \"1\", \"fechaAperturaCAN\": \"2019-12-01\", \"fechaCancelacionCAN\": \"2019-12-01\", \"historicoCAN\": \"2\", \"fechaMACAN\": \"2019-12-01\" } }, { \"fechaActualizacion\": \"2018-09-13\", \"registroImpugnado\": \"0\", \"nombreOtorgante\": \"BANCO / BC\", \"tipoResponsabilidad\": \"I\", \"tipoCuenta\": \"R\", \"tipoCredito\": \"TC\", \"claveUnidadMonetaria\": \"MX\", \"frecuenciaPagos\": \"M\", \"montoPagar\": \"0\", \"fechaAperturaCuenta\": \"2010-12-21\", \"fechaUltimoPago\": \"2018-08-23\", \"fechaUltimaCompra\": \"2018-08-28\", \"fechaReporte\": \"2018-08-31\", \"creditoMaximo\": \"124551\", \"saldoActual\": \"37456\", \"limiteCredito\": \"172500\", \"saldoVencido\": \"0\", \"numeroPagosVencidos\": \"0\", \"pagoActual\": \"V\", \"historicoPagos\": \" V V V V V V V V V V V V\", \"saldoVencidoPeorAtraso\": \"0\" }, { \"fechaActualizacion\": \"2018-09-07\", \"registroImpugnado\": \"0\", \"nombreOtorgante\": \"BANCO / BC\", \"tipoResponsabilidad\": \"I\", \"tipoCuenta\": \"R\", \"tipoCredito\": \"LC\", \"claveUnidadMonetaria\": \"MX\", \"frecuenciaPagos\": \"M\", \"montoPagar\": \"0\", \"fechaAperturaCuenta\": \"2004-06-07\", \"fechaUltimoPago\": \"2018-06-21\", \"fechaUltimaCompra\": \"2015-08-14\", \"fechaReporte\": \"2018-08-31\", \"creditoMaximo\": \"252703\", \"saldoActual\": \"0\", \"limiteCredito\": \"250000\", \"saldoVencido\": \"0\", \"numeroPagosVencidos\": \"1\", \"pagoActual\": \"V\", \"historicoPagos\": \" V V V V V V V V V V V V\", \"clavePrevencion\": \"IA\", \"saldoVencidoPeorAtraso\": \"0\" }, { \"fechaActualizacion\": \"2017-09-06\", \"registroImpugnado\": \"0\", \"nombreOtorgante\": \"BANCO / BC\", \"tipoResponsabilidad\": \"I\", \"tipoCuenta\": \"R\", \"tipoCredito\": \"TC\", \"claveUnidadMonetaria\": \"MX\", \"frecuenciaPagos\": \"M\", \"montoPagar\": \"0\", \"fechaAperturaCuenta\": \"1998-08-25\", \"fechaUltimoPago\": \"2017-08-10\", \"fechaUltimaCompra\": \"2017-08-28\", \"fechaCierreCuenta\": \"2017-08-31\", \"fechaReporte\": \"2017-08-31\", \"creditoMaximo\": \"118648\", \"saldoActual\": \"0\", \"limiteCredito\": \"154000\", \"saldoVencido\": \"0\", \"numeroPagosVencidos\": \"0\", \"pagoActual\": \"--\", \"clavePrevencion\": \"LS\", \"saldoVencidoPeorAtraso\": \"0\" }, { \"fechaActualizacion\": \"2017-09-06\", \"registroImpugnado\": \"0\", \"nombreOtorgante\": \"BANCO / BC\", \"tipoResponsabilidad\": \"I\", \"tipoCuenta\": \"R\", \"tipoCredito\": \"TC\", \"claveUnidadMonetaria\": \"MX\", \"frecuenciaPagos\": \"M\", \"montoPagar\": \"0\", \"fechaAperturaCuenta\": \"1998-08-25\", \"fechaUltimoPago\": \"2017-08-10\", \"fechaUltimaCompra\": \"2017-08-28\", \"fechaCierreCuenta\": \"2017-08-31\", \"fechaReporte\": \"2017-08-31\", \"creditoMaximo\": \"118648\", \"saldoActual\": \"0\", \"limiteCredito\": \"154000\", \"saldoVencido\": \"0\", \"numeroPagosVencidos\": \"1\", \"pagoActual\": \"V\", \"historicoPagos\": \" V V V V V V V V V V V V\", \"clavePrevencion\": \"CC\", \"saldoVencidoPeorAtraso\": \"0\" }, { \"fechaActualizacion\": \"2018-08-28\", \"registroImpugnado\": \"0\", \"nombreOtorgante\": \"BANCO / BC\", \"tipoResponsabilidad\": \"I\", \"tipoCuenta\": \"R\", \"tipoCredito\": \"TC\", \"claveUnidadMonetaria\": \"MX\", \"frecuenciaPagos\": \"M\", \"montoPagar\": \"0\", \"fechaAperturaCuenta\": \"2010-12-21\", \"fechaUltimoPago\": \"2017-07-25\", \"fechaUltimaCompra\": \"2017-07-28\", \"fechaCierreCuenta\": \"2017-08-01\", \"fechaReporte\": \"2017-07-31\", \"creditoMaximo\": \"124551\", \"saldoActual\": \"0\", \"limiteCredito\": \"172500\", \"saldoVencido\": \"0\", \"numeroPagosVencidos\": \"1\", \"pagoActual\": \"V\", \"historicoPagos\": \" V V V V V V V V V V V V\", \"clavePrevencion\": \"CA\", \"saldoVencidoPeorAtraso\": \"0\" }, { \"fechaActualizacion\": \"2015-06-01\", \"registroImpugnado\": \"0\", \"nombreOtorgante\": \"BANCO / BC\", \"tipoResponsabilidad\": \"I\", \"tipoCuenta\": \"H\", \"tipoCredito\": \"BR\", \"claveUnidadMonetaria\": \"MX\", \"numeroPagos\": \"120\", \"frecuenciaPagos\": \"M\", \"montoPagar\": \"0\", \"fechaAperturaCuenta\": \"2006-06-16\", \"fechaUltimoPago\": \"2015-05-27\", \"fechaCierreCuenta\": \"2015-05-27\", \"fechaReporte\": \"2015-05-31\", \"creditoMaximo\": \"1538820\", \"saldoActual\": \"0\", \"limiteCredito\": \"1538820\", \"saldoVencido\": \"0\", \"numeroPagosVencidos\": \"1\", \"pagoActual\": \"V\", \"historicoPagos\": \" V V V V V V V V V V V V\", \"clavePrevencion\": \"CC\", \"saldoVencidoPeorAtraso\": \"0\" }, { \"fechaActualizacion\": \"2014-10-28\", \"registroImpugnado\": \"0\", \"nombreOtorgante\": \"TIENDA COMERCIAL / BC\", \"tipoResponsabilidad\": \"I\", \"tipoCuenta\": \"R\", \"tipoCredito\": \"LC\", \"claveUnidadMonetaria\": \"MX\", \"frecuenciaPagos\": \"M\", \"montoPagar\": \"0\", \"fechaAperturaCuenta\": \"2001-11-28\", \"fechaUltimoPago\": \"2011-08-17\", \"fechaUltimaCompra\": \"2010-06-05\", \"fechaCierreCuenta\": \"2014-10-06\", \"fechaReporte\": \"2014-10-08\", \"creditoMaximo\": \"37500\", \"saldoActual\": \"0\", \"limiteCredito\": \"37500\", \"saldoVencido\": \"0\", \"numeroPagosVencidos\": \"0\", \"pagoActual\": \"--\", \"historicoPagos\": \" V V V V V V V V V V V V\", \"saldoVencidoPeorAtraso\": \"0\" } ], \"domicilios\": [ { \"direccion\": \"PASADISO ENCONTRADO 58\", \"coloniaPoblacion\": \"montevideo\", \"delegacionMunicipio\": \"GUSTAVO A MADERO\", \"ciudad\": \"CIUDAD DE M\\u00c9XICO\", \"estado\": \"DF\", \"CP\": \"07730\", \"fechaResidencia\": \"2020-06-10\", \"fechaRegistroDomicilio\": \"2020-06-10\" }, { \"direccion\": \"PASADISO ENCONTRADO 58\", \"coloniaPoblacion\": \"MONTEVIDEO\", \"delegacionMunicipio\": \"GUSTAVO A MADERO\", \"ciudad\": \"CIUDAD DE MXICO\", \"estado\": \"CDMX\", \"CP\": \"07730\", \"fechaResidencia\": \"2020-06-02\", \"numeroTelefono\": \"55664420\", \"tipoDomicilio\": \"C\", \"tipoAsentamiento\": \"0\", \"fechaRegistroDomicilio\": \"2020-06-02\" } ], \"empleos\": [ { \"nombreEmpresa\": \"EMPRESA EJEMPLO\", \"direccion\": \"PASADISO ENCONTRADO 58\", \"coloniaPoblacion\": \"MONTEVIDEO\", \"delegacionMunicipio\": \"GUSTAVO A MADERO\", \"ciudad\": \"CIUDAD DE MXICO\", \"estado\": \"CDMX\", \"CP\": \"00000\", \"numeroTelefono\": \"54783257\", \"extension\": \"1110\", \"fax\": \"54146531\", \"puesto\": \"AUXILIAR ADMINISTRATIVO\", \"fechaContratacion\": \"2000-02-02\", \"claveMoneda\": \"UD\", \"salarioMensual\": 6499, \"fechaUltimoDiaEmpleo\": \"2020-06-02\", \"fechaVerificacionEmpleo\": \"2000-05-10\" } ], \"mensajes\": [ { \"tipoMensaje\": 2, \"leyenda\": \"Respuesta exitosa de otras SIC´s\" } ] }\n'),
(16, '2023-04-19 09:22:21', 22, '1', '    { \"folio\": \"\", \"folioConsulta\": \"19698610\", \"folioConsultaOtorgante\": \"1\", \"claveOtorgante\": \"0000081008\", \"declaracionesConsumidor\": null, \"persona\": { \"apellidoPaterno\": \"SESENTAYDOS\", \"apellidoMaterno\": \"PRUEBA\", \"nombres\": \"JUAN\", \"fechaNacimiento\": \"1965-08-09\", \"RFC\": \"SEPJ650809JG1\", \"nacionalidad\": \"MX\", \"residencia\": \"5\", \"estadoCivil\": \"C\", \"sexo\": \"M\", \"numeroDependientes\": \"0\" }, \"consultas\": [ { \"fechaConsulta\": \"2020-06-10\", \"nombreOtorgante\": \"REPORTE DE CREDITO ESPECIAL\", \"telefonoOtorgante\": \"51662455\", \"tipoCredito\": \"M\", \"claveUnidadMonetaria\": \"MX\", \"importeCredito\": \"1\" }, { \"fechaConsulta\": \"2018-08-24\", \"nombreOtorgante\": \"CONSUMIDOR FINAL / BC\", \"tipoCredito\": \"NC\", \"importeCredito\": \"0\", \"tipoResponsabilidad\": \"I\" }, { \"fechaConsulta\": \"2018-06-13\", \"nombreOtorgante\": \"BANCO / BC\", \"tipoCredito\": \"NC\", \"importeCredito\": \"0\", \"tipoResponsabilidad\": \"I\" }, { \"fechaConsulta\": \"2018-06-01\", \"nombreOtorgante\": \"FIANZAS / BC\", \"tipoCredito\": \"FI\", \"importeCredito\": \"0\", \"tipoResponsabilidad\": \"I\" }, { \"fechaConsulta\": \"2018-05-24\", \"nombreOtorgante\": \"CONSUMIDOR FINAL / BC\", \"tipoCredito\": \"NC\", \"importeCredito\": \"0\", \"tipoResponsabilidad\": \"I\" }, { \"fechaConsulta\": \"2018-03-14\", \"nombreOtorgante\": \"BANCO / BC\", \"tipoCredito\": \"NC\", \"importeCredito\": \"0\", \"tipoResponsabilidad\": \"I\" }, { \"fechaConsulta\": \"2018-02-24\", \"nombreOtorgante\": \"CONSUMIDOR FINAL / BC\", \"tipoCredito\": \"NC\", \"importeCredito\": \"0\", \"tipoResponsabilidad\": \"I\" }, { \"fechaConsulta\": \"2017-11-23\", \"nombreOtorgante\": \"CONSUMIDOR FINAL / BC\", \"tipoCredito\": \"NC\", \"importeCredito\": \"0\", \"tipoResponsabilidad\": \"I\" }, { \"fechaConsulta\": \"2017-09-15\", \"nombreOtorgante\": \"BANCO / BC\", \"tipoCredito\": \"NC\", \"importeCredito\": \"0\", \"tipoResponsabilidad\": \"I\" }, { \"fechaConsulta\": \"2017-08-23\", \"nombreOtorgante\": \"CONSUMIDOR FINAL / BC\", \"tipoCredito\": \"NC\", \"importeCredito\": \"0\", \"tipoResponsabilidad\": \"I\" }, { \"fechaConsulta\": \"2017-05-25\", \"nombreOtorgante\": \"FIANZAS / BC\", \"tipoCredito\": \"FI\", \"importeCredito\": \"0\", \"tipoResponsabilidad\": \"I\" }, { \"fechaConsulta\": \"2017-05-23\", \"nombreOtorgante\": \"CONSUMIDOR FINAL / BC\", \"tipoCredito\": \"NC\", \"importeCredito\": \"0\", \"tipoResponsabilidad\": \"I\" }, { \"fechaConsulta\": \"2017-03-08\", \"nombreOtorgante\": \"BANCO / BC\", \"tipoCredito\": \"TC\", \"importeCredito\": \"0\", \"tipoResponsabilidad\": \"I\" }, { \"fechaConsulta\": \"2017-02-23\", \"nombreOtorgante\": \"CONSUMIDOR FINAL / BC\", \"tipoCredito\": \"NC\", \"importeCredito\": \"0\", \"tipoResponsabilidad\": \"I\" } ], \"creditos\": [ { \"fechaActualizacion\": \"2020-05-31\", \"registroImpugnado\": \"0\", \"nombreOtorgante\": \"REPORTE DE CREDITO ESPECIAL\", \"cuentaActual\": \"1234567890135\", \"tipoResponsabilidad\": \"I\", \"tipoCuenta\": \"F\", \"tipoCredito\": \"CC\", \"claveUnidadMonetaria\": \"UD\", \"valorActivoValuacion\": \"1098\", \"numeroPagos\": \"40\", \"frecuenciaPagos\": \"M\", \"montoPagar\": \"20\", \"fechaAperturaCuenta\": \"2017-01-28\", \"fechaUltimoPago\": \"2020-04-21\", \"fechaUltimaCompra\": \"2020-04-03\", \"fechaReporte\": \"2020-05-31\", \"creditoMaximo\": \"160000\", \"saldoActual\": \"100\", \"limiteCredito\": \"200000\", \"saldoVencido\": \"70\", \"numeroPagosVencidos\": \"4\", \"pagoActual\": \"02\", \"historicoPagos\": \" V V V V V V V V V V V V\", \"totalPagosReportados\": \"0\", \"peorAtraso\": \"2\", \"fechaPeorAtraso\": \"2020-05-31\", \"saldoVencidoPeorAtraso\": \"70\" }, { \"fechaActualizacion\": \"2018-09-14\", \"registroImpugnado\": \"0\", \"nombreOtorgante\": \"BANCO / BC\", \"tipoResponsabilidad\": \"I\", \"tipoCuenta\": \"R\", \"tipoCredito\": \"TC\", \"claveUnidadMonetaria\": \"MX\", \"frecuenciaPagos\": \"M\", \"montoPagar\": \"1925\", \"fechaAperturaCuenta\": \"1998-08-25\", \"fechaUltimoPago\": \"2018-08-13\", \"fechaUltimaCompra\": \"2018-08-26\", \"fechaReporte\": \"2018-08-31\", \"creditoMaximo\": \"118648\", \"saldoActual\": \"20353\", \"limiteCredito\": \"154000\", \"saldoVencido\": \"0\", \"numeroPagosVencidos\": \"0\", \"pagoActual\": \"V\", \"historicoPagos\": \" V V V V V V V V V V V V\", \"saldoVencidoPeorAtraso\": \"0\", \"CAN\": { \"identificadorCAN\": \"01\", \"prelacionOrigen\": \"1\", \"prelacionActual\": \"1\", \"fechaAperturaCAN\": \"2019-12-01\", \"fechaCancelacionCAN\": \"2019-12-01\", \"historicoCAN\": \"2\", \"fechaMACAN\": \"2019-12-01\" } }, { \"fechaActualizacion\": \"2018-09-13\", \"registroImpugnado\": \"0\", \"nombreOtorgante\": \"BANCO / BC\", \"tipoResponsabilidad\": \"I\", \"tipoCuenta\": \"R\", \"tipoCredito\": \"TC\", \"claveUnidadMonetaria\": \"MX\", \"frecuenciaPagos\": \"M\", \"montoPagar\": \"0\", \"fechaAperturaCuenta\": \"2010-12-21\", \"fechaUltimoPago\": \"2018-08-23\", \"fechaUltimaCompra\": \"2018-08-28\", \"fechaReporte\": \"2018-08-31\", \"creditoMaximo\": \"124551\", \"saldoActual\": \"37456\", \"limiteCredito\": \"172500\", \"saldoVencido\": \"0\", \"numeroPagosVencidos\": \"0\", \"pagoActual\": \"V\", \"historicoPagos\": \" V V V V V V V V V V V V\", \"saldoVencidoPeorAtraso\": \"0\" }, { \"fechaActualizacion\": \"2018-09-07\", \"registroImpugnado\": \"0\", \"nombreOtorgante\": \"BANCO / BC\", \"tipoResponsabilidad\": \"I\", \"tipoCuenta\": \"R\", \"tipoCredito\": \"LC\", \"claveUnidadMonetaria\": \"MX\", \"frecuenciaPagos\": \"M\", \"montoPagar\": \"0\", \"fechaAperturaCuenta\": \"2004-06-07\", \"fechaUltimoPago\": \"2018-06-21\", \"fechaUltimaCompra\": \"2015-08-14\", \"fechaReporte\": \"2018-08-31\", \"creditoMaximo\": \"252703\", \"saldoActual\": \"0\", \"limiteCredito\": \"250000\", \"saldoVencido\": \"0\", \"numeroPagosVencidos\": \"1\", \"pagoActual\": \"V\", \"historicoPagos\": \" V V V V V V V V V V V V\", \"clavePrevencion\": \"IA\", \"saldoVencidoPeorAtraso\": \"0\" }, { \"fechaActualizacion\": \"2017-09-06\", \"registroImpugnado\": \"0\", \"nombreOtorgante\": \"BANCO / BC\", \"tipoResponsabilidad\": \"I\", \"tipoCuenta\": \"R\", \"tipoCredito\": \"TC\", \"claveUnidadMonetaria\": \"MX\", \"frecuenciaPagos\": \"M\", \"montoPagar\": \"0\", \"fechaAperturaCuenta\": \"1998-08-25\", \"fechaUltimoPago\": \"2017-08-10\", \"fechaUltimaCompra\": \"2017-08-28\", \"fechaCierreCuenta\": \"2017-08-31\", \"fechaReporte\": \"2017-08-31\", \"creditoMaximo\": \"118648\", \"saldoActual\": \"0\", \"limiteCredito\": \"154000\", \"saldoVencido\": \"0\", \"numeroPagosVencidos\": \"0\", \"pagoActual\": \"--\", \"clavePrevencion\": \"LS\", \"saldoVencidoPeorAtraso\": \"0\" }, { \"fechaActualizacion\": \"2017-09-06\", \"registroImpugnado\": \"0\", \"nombreOtorgante\": \"BANCO / BC\", \"tipoResponsabilidad\": \"I\", \"tipoCuenta\": \"R\", \"tipoCredito\": \"TC\", \"claveUnidadMonetaria\": \"MX\", \"frecuenciaPagos\": \"M\", \"montoPagar\": \"0\", \"fechaAperturaCuenta\": \"1998-08-25\", \"fechaUltimoPago\": \"2017-08-10\", \"fechaUltimaCompra\": \"2017-08-28\", \"fechaCierreCuenta\": \"2017-08-31\", \"fechaReporte\": \"2017-08-31\", \"creditoMaximo\": \"118648\", \"saldoActual\": \"0\", \"limiteCredito\": \"154000\", \"saldoVencido\": \"0\", \"numeroPagosVencidos\": \"1\", \"pagoActual\": \"V\", \"historicoPagos\": \" V V V V V V V V V V V V\", \"clavePrevencion\": \"CC\", \"saldoVencidoPeorAtraso\": \"0\" }, { \"fechaActualizacion\": \"2018-08-28\", \"registroImpugnado\": \"0\", \"nombreOtorgante\": \"BANCO / BC\", \"tipoResponsabilidad\": \"I\", \"tipoCuenta\": \"R\", \"tipoCredito\": \"TC\", \"claveUnidadMonetaria\": \"MX\", \"frecuenciaPagos\": \"M\", \"montoPagar\": \"0\", \"fechaAperturaCuenta\": \"2010-12-21\", \"fechaUltimoPago\": \"2017-07-25\", \"fechaUltimaCompra\": \"2017-07-28\", \"fechaCierreCuenta\": \"2017-08-01\", \"fechaReporte\": \"2017-07-31\", \"creditoMaximo\": \"124551\", \"saldoActual\": \"0\", \"limiteCredito\": \"172500\", \"saldoVencido\": \"0\", \"numeroPagosVencidos\": \"1\", \"pagoActual\": \"V\", \"historicoPagos\": \" V V V V V V V V V V V V\", \"clavePrevencion\": \"CA\", \"saldoVencidoPeorAtraso\": \"0\" }, { \"fechaActualizacion\": \"2015-06-01\", \"registroImpugnado\": \"0\", \"nombreOtorgante\": \"BANCO / BC\", \"tipoResponsabilidad\": \"I\", \"tipoCuenta\": \"H\", \"tipoCredito\": \"BR\", \"claveUnidadMonetaria\": \"MX\", \"numeroPagos\": \"120\", \"frecuenciaPagos\": \"M\", \"montoPagar\": \"0\", \"fechaAperturaCuenta\": \"2006-06-16\", \"fechaUltimoPago\": \"2015-05-27\", \"fechaCierreCuenta\": \"2015-05-27\", \"fechaReporte\": \"2015-05-31\", \"creditoMaximo\": \"1538820\", \"saldoActual\": \"0\", \"limiteCredito\": \"1538820\", \"saldoVencido\": \"0\", \"numeroPagosVencidos\": \"1\", \"pagoActual\": \"V\", \"historicoPagos\": \" V V V V V V V V V V V V\", \"clavePrevencion\": \"CC\", \"saldoVencidoPeorAtraso\": \"0\" }, { \"fechaActualizacion\": \"2014-10-28\", \"registroImpugnado\": \"0\", \"nombreOtorgante\": \"TIENDA COMERCIAL / BC\", \"tipoResponsabilidad\": \"I\", \"tipoCuenta\": \"R\", \"tipoCredito\": \"LC\", \"claveUnidadMonetaria\": \"MX\", \"frecuenciaPagos\": \"M\", \"montoPagar\": \"0\", \"fechaAperturaCuenta\": \"2001-11-28\", \"fechaUltimoPago\": \"2011-08-17\", \"fechaUltimaCompra\": \"2010-06-05\", \"fechaCierreCuenta\": \"2014-10-06\", \"fechaReporte\": \"2014-10-08\", \"creditoMaximo\": \"37500\", \"saldoActual\": \"0\", \"limiteCredito\": \"37500\", \"saldoVencido\": \"0\", \"numeroPagosVencidos\": \"0\", \"pagoActual\": \"--\", \"historicoPagos\": \" V V V V V V V V V V V V\", \"saldoVencidoPeorAtraso\": \"0\" } ], \"domicilios\": [ { \"direccion\": \"PASADISO ENCONTRADO 58\", \"coloniaPoblacion\": \"montevideo\", \"delegacionMunicipio\": \"GUSTAVO A MADERO\", \"ciudad\": \"CIUDAD DE M\\u00c9XICO\", \"estado\": \"DF\", \"CP\": \"07730\", \"fechaResidencia\": \"2020-06-10\", \"fechaRegistroDomicilio\": \"2020-06-10\" }, { \"direccion\": \"PASADISO ENCONTRADO 58\", \"coloniaPoblacion\": \"MONTEVIDEO\", \"delegacionMunicipio\": \"GUSTAVO A MADERO\", \"ciudad\": \"CIUDAD DE MXICO\", \"estado\": \"CDMX\", \"CP\": \"07730\", \"fechaResidencia\": \"2020-06-02\", \"numeroTelefono\": \"55664420\", \"tipoDomicilio\": \"C\", \"tipoAsentamiento\": \"0\", \"fechaRegistroDomicilio\": \"2020-06-02\" } ], \"empleos\": [ { \"nombreEmpresa\": \"EMPRESA EJEMPLO\", \"direccion\": \"PASADISO ENCONTRADO 58\", \"coloniaPoblacion\": \"MONTEVIDEO\", \"delegacionMunicipio\": \"GUSTAVO A MADERO\", \"ciudad\": \"CIUDAD DE MXICO\", \"estado\": \"CDMX\", \"CP\": \"00000\", \"numeroTelefono\": \"54783257\", \"extension\": \"1110\", \"fax\": \"54146531\", \"puesto\": \"AUXILIAR ADMINISTRATIVO\", \"fechaContratacion\": \"2000-02-02\", \"claveMoneda\": \"UD\", \"salarioMensual\": 6499, \"fechaUltimoDiaEmpleo\": \"2020-06-02\", \"fechaVerificacionEmpleo\": \"2000-05-10\" } ], \"mensajes\": [ { \"tipoMensaje\": 2, \"leyenda\": \"Respuesta exitosa de otras SIC´s\" } ] }\n');
INSERT INTO `circlerawresponses` (`id`, `timestamp`, `circlerawrequest_id`, `response`, `rawresponse`) VALUES
(17, '2023-04-19 10:23:48', 23, '1', '    { \"folio\": \"\", \"folioConsulta\": \"19698610\", \"folioConsultaOtorgante\": \"1\", \"claveOtorgante\": \"0000081008\", \"declaracionesConsumidor\": null, \"persona\": { \"apellidoPaterno\": \"SESENTAYDOS\", \"apellidoMaterno\": \"PRUEBA\", \"nombres\": \"JUAN\", \"fechaNacimiento\": \"1965-08-09\", \"RFC\": \"SEPJ650809JG1\", \"nacionalidad\": \"MX\", \"residencia\": \"5\", \"estadoCivil\": \"C\", \"sexo\": \"M\", \"numeroDependientes\": \"0\" }, \"consultas\": [ { \"fechaConsulta\": \"2020-06-10\", \"nombreOtorgante\": \"REPORTE DE CREDITO ESPECIAL\", \"telefonoOtorgante\": \"51662455\", \"tipoCredito\": \"M\", \"claveUnidadMonetaria\": \"MX\", \"importeCredito\": \"1\" }, { \"fechaConsulta\": \"2018-08-24\", \"nombreOtorgante\": \"CONSUMIDOR FINAL / BC\", \"tipoCredito\": \"NC\", \"importeCredito\": \"0\", \"tipoResponsabilidad\": \"I\" }, { \"fechaConsulta\": \"2018-06-13\", \"nombreOtorgante\": \"BANCO / BC\", \"tipoCredito\": \"NC\", \"importeCredito\": \"0\", \"tipoResponsabilidad\": \"I\" }, { \"fechaConsulta\": \"2018-06-01\", \"nombreOtorgante\": \"FIANZAS / BC\", \"tipoCredito\": \"FI\", \"importeCredito\": \"0\", \"tipoResponsabilidad\": \"I\" }, { \"fechaConsulta\": \"2018-05-24\", \"nombreOtorgante\": \"CONSUMIDOR FINAL / BC\", \"tipoCredito\": \"NC\", \"importeCredito\": \"0\", \"tipoResponsabilidad\": \"I\" }, { \"fechaConsulta\": \"2018-03-14\", \"nombreOtorgante\": \"BANCO / BC\", \"tipoCredito\": \"NC\", \"importeCredito\": \"0\", \"tipoResponsabilidad\": \"I\" }, { \"fechaConsulta\": \"2018-02-24\", \"nombreOtorgante\": \"CONSUMIDOR FINAL / BC\", \"tipoCredito\": \"NC\", \"importeCredito\": \"0\", \"tipoResponsabilidad\": \"I\" }, { \"fechaConsulta\": \"2017-11-23\", \"nombreOtorgante\": \"CONSUMIDOR FINAL / BC\", \"tipoCredito\": \"NC\", \"importeCredito\": \"0\", \"tipoResponsabilidad\": \"I\" }, { \"fechaConsulta\": \"2017-09-15\", \"nombreOtorgante\": \"BANCO / BC\", \"tipoCredito\": \"NC\", \"importeCredito\": \"0\", \"tipoResponsabilidad\": \"I\" }, { \"fechaConsulta\": \"2017-08-23\", \"nombreOtorgante\": \"CONSUMIDOR FINAL / BC\", \"tipoCredito\": \"NC\", \"importeCredito\": \"0\", \"tipoResponsabilidad\": \"I\" }, { \"fechaConsulta\": \"2017-05-25\", \"nombreOtorgante\": \"FIANZAS / BC\", \"tipoCredito\": \"FI\", \"importeCredito\": \"0\", \"tipoResponsabilidad\": \"I\" }, { \"fechaConsulta\": \"2017-05-23\", \"nombreOtorgante\": \"CONSUMIDOR FINAL / BC\", \"tipoCredito\": \"NC\", \"importeCredito\": \"0\", \"tipoResponsabilidad\": \"I\" }, { \"fechaConsulta\": \"2017-03-08\", \"nombreOtorgante\": \"BANCO / BC\", \"tipoCredito\": \"TC\", \"importeCredito\": \"0\", \"tipoResponsabilidad\": \"I\" }, { \"fechaConsulta\": \"2017-02-23\", \"nombreOtorgante\": \"CONSUMIDOR FINAL / BC\", \"tipoCredito\": \"NC\", \"importeCredito\": \"0\", \"tipoResponsabilidad\": \"I\" } ], \"creditos\": [ { \"fechaActualizacion\": \"2020-05-31\", \"registroImpugnado\": \"0\", \"nombreOtorgante\": \"REPORTE DE CREDITO ESPECIAL\", \"cuentaActual\": \"1234567890135\", \"tipoResponsabilidad\": \"I\", \"tipoCuenta\": \"F\", \"tipoCredito\": \"CC\", \"claveUnidadMonetaria\": \"UD\", \"valorActivoValuacion\": \"1098\", \"numeroPagos\": \"40\", \"frecuenciaPagos\": \"M\", \"montoPagar\": \"20\", \"fechaAperturaCuenta\": \"2017-01-28\", \"fechaUltimoPago\": \"2020-04-21\", \"fechaUltimaCompra\": \"2020-04-03\", \"fechaReporte\": \"2020-05-31\", \"creditoMaximo\": \"160000\", \"saldoActual\": \"100\", \"limiteCredito\": \"200000\", \"saldoVencido\": \"70\", \"numeroPagosVencidos\": \"4\", \"pagoActual\": \"02\", \"historicoPagos\": \" V V V V V V V V V V V V\", \"totalPagosReportados\": \"0\", \"peorAtraso\": \"2\", \"fechaPeorAtraso\": \"2020-05-31\", \"saldoVencidoPeorAtraso\": \"70\" }, { \"fechaActualizacion\": \"2018-09-14\", \"registroImpugnado\": \"0\", \"nombreOtorgante\": \"BANCO / BC\", \"tipoResponsabilidad\": \"I\", \"tipoCuenta\": \"R\", \"tipoCredito\": \"TC\", \"claveUnidadMonetaria\": \"MX\", \"frecuenciaPagos\": \"M\", \"montoPagar\": \"1925\", \"fechaAperturaCuenta\": \"1998-08-25\", \"fechaUltimoPago\": \"2018-08-13\", \"fechaUltimaCompra\": \"2018-08-26\", \"fechaReporte\": \"2018-08-31\", \"creditoMaximo\": \"118648\", \"saldoActual\": \"20353\", \"limiteCredito\": \"154000\", \"saldoVencido\": \"0\", \"numeroPagosVencidos\": \"0\", \"pagoActual\": \"V\", \"historicoPagos\": \" V V V V V V V V V V V V\", \"saldoVencidoPeorAtraso\": \"0\", \"CAN\": { \"identificadorCAN\": \"01\", \"prelacionOrigen\": \"1\", \"prelacionActual\": \"1\", \"fechaAperturaCAN\": \"2019-12-01\", \"fechaCancelacionCAN\": \"2019-12-01\", \"historicoCAN\": \"2\", \"fechaMACAN\": \"2019-12-01\" } }, { \"fechaActualizacion\": \"2018-09-13\", \"registroImpugnado\": \"0\", \"nombreOtorgante\": \"BANCO / BC\", \"tipoResponsabilidad\": \"I\", \"tipoCuenta\": \"R\", \"tipoCredito\": \"TC\", \"claveUnidadMonetaria\": \"MX\", \"frecuenciaPagos\": \"M\", \"montoPagar\": \"0\", \"fechaAperturaCuenta\": \"2010-12-21\", \"fechaUltimoPago\": \"2018-08-23\", \"fechaUltimaCompra\": \"2018-08-28\", \"fechaReporte\": \"2018-08-31\", \"creditoMaximo\": \"124551\", \"saldoActual\": \"37456\", \"limiteCredito\": \"172500\", \"saldoVencido\": \"0\", \"numeroPagosVencidos\": \"0\", \"pagoActual\": \"V\", \"historicoPagos\": \" V V V V V V V V V V V V\", \"saldoVencidoPeorAtraso\": \"0\" }, { \"fechaActualizacion\": \"2018-09-07\", \"registroImpugnado\": \"0\", \"nombreOtorgante\": \"BANCO / BC\", \"tipoResponsabilidad\": \"I\", \"tipoCuenta\": \"R\", \"tipoCredito\": \"LC\", \"claveUnidadMonetaria\": \"MX\", \"frecuenciaPagos\": \"M\", \"montoPagar\": \"0\", \"fechaAperturaCuenta\": \"2004-06-07\", \"fechaUltimoPago\": \"2018-06-21\", \"fechaUltimaCompra\": \"2015-08-14\", \"fechaReporte\": \"2018-08-31\", \"creditoMaximo\": \"252703\", \"saldoActual\": \"0\", \"limiteCredito\": \"250000\", \"saldoVencido\": \"0\", \"numeroPagosVencidos\": \"1\", \"pagoActual\": \"V\", \"historicoPagos\": \" V V V V V V V V V V V V\", \"clavePrevencion\": \"IA\", \"saldoVencidoPeorAtraso\": \"0\" }, { \"fechaActualizacion\": \"2017-09-06\", \"registroImpugnado\": \"0\", \"nombreOtorgante\": \"BANCO / BC\", \"tipoResponsabilidad\": \"I\", \"tipoCuenta\": \"R\", \"tipoCredito\": \"TC\", \"claveUnidadMonetaria\": \"MX\", \"frecuenciaPagos\": \"M\", \"montoPagar\": \"0\", \"fechaAperturaCuenta\": \"1998-08-25\", \"fechaUltimoPago\": \"2017-08-10\", \"fechaUltimaCompra\": \"2017-08-28\", \"fechaCierreCuenta\": \"2017-08-31\", \"fechaReporte\": \"2017-08-31\", \"creditoMaximo\": \"118648\", \"saldoActual\": \"0\", \"limiteCredito\": \"154000\", \"saldoVencido\": \"0\", \"numeroPagosVencidos\": \"0\", \"pagoActual\": \"--\", \"clavePrevencion\": \"LS\", \"saldoVencidoPeorAtraso\": \"0\" }, { \"fechaActualizacion\": \"2017-09-06\", \"registroImpugnado\": \"0\", \"nombreOtorgante\": \"BANCO / BC\", \"tipoResponsabilidad\": \"I\", \"tipoCuenta\": \"R\", \"tipoCredito\": \"TC\", \"claveUnidadMonetaria\": \"MX\", \"frecuenciaPagos\": \"M\", \"montoPagar\": \"0\", \"fechaAperturaCuenta\": \"1998-08-25\", \"fechaUltimoPago\": \"2017-08-10\", \"fechaUltimaCompra\": \"2017-08-28\", \"fechaCierreCuenta\": \"2017-08-31\", \"fechaReporte\": \"2017-08-31\", \"creditoMaximo\": \"118648\", \"saldoActual\": \"0\", \"limiteCredito\": \"154000\", \"saldoVencido\": \"0\", \"numeroPagosVencidos\": \"1\", \"pagoActual\": \"V\", \"historicoPagos\": \" V V V V V V V V V V V V\", \"clavePrevencion\": \"CC\", \"saldoVencidoPeorAtraso\": \"0\" }, { \"fechaActualizacion\": \"2018-08-28\", \"registroImpugnado\": \"0\", \"nombreOtorgante\": \"BANCO / BC\", \"tipoResponsabilidad\": \"I\", \"tipoCuenta\": \"R\", \"tipoCredito\": \"TC\", \"claveUnidadMonetaria\": \"MX\", \"frecuenciaPagos\": \"M\", \"montoPagar\": \"0\", \"fechaAperturaCuenta\": \"2010-12-21\", \"fechaUltimoPago\": \"2017-07-25\", \"fechaUltimaCompra\": \"2017-07-28\", \"fechaCierreCuenta\": \"2017-08-01\", \"fechaReporte\": \"2017-07-31\", \"creditoMaximo\": \"124551\", \"saldoActual\": \"0\", \"limiteCredito\": \"172500\", \"saldoVencido\": \"0\", \"numeroPagosVencidos\": \"1\", \"pagoActual\": \"V\", \"historicoPagos\": \" V V V V V V V V V V V V\", \"clavePrevencion\": \"CA\", \"saldoVencidoPeorAtraso\": \"0\" }, { \"fechaActualizacion\": \"2015-06-01\", \"registroImpugnado\": \"0\", \"nombreOtorgante\": \"BANCO / BC\", \"tipoResponsabilidad\": \"I\", \"tipoCuenta\": \"H\", \"tipoCredito\": \"BR\", \"claveUnidadMonetaria\": \"MX\", \"numeroPagos\": \"120\", \"frecuenciaPagos\": \"M\", \"montoPagar\": \"0\", \"fechaAperturaCuenta\": \"2006-06-16\", \"fechaUltimoPago\": \"2015-05-27\", \"fechaCierreCuenta\": \"2015-05-27\", \"fechaReporte\": \"2015-05-31\", \"creditoMaximo\": \"1538820\", \"saldoActual\": \"0\", \"limiteCredito\": \"1538820\", \"saldoVencido\": \"0\", \"numeroPagosVencidos\": \"1\", \"pagoActual\": \"V\", \"historicoPagos\": \" V V V V V V V V V V V V\", \"clavePrevencion\": \"CC\", \"saldoVencidoPeorAtraso\": \"0\" }, { \"fechaActualizacion\": \"2014-10-28\", \"registroImpugnado\": \"0\", \"nombreOtorgante\": \"TIENDA COMERCIAL / BC\", \"tipoResponsabilidad\": \"I\", \"tipoCuenta\": \"R\", \"tipoCredito\": \"LC\", \"claveUnidadMonetaria\": \"MX\", \"frecuenciaPagos\": \"M\", \"montoPagar\": \"0\", \"fechaAperturaCuenta\": \"2001-11-28\", \"fechaUltimoPago\": \"2011-08-17\", \"fechaUltimaCompra\": \"2010-06-05\", \"fechaCierreCuenta\": \"2014-10-06\", \"fechaReporte\": \"2014-10-08\", \"creditoMaximo\": \"37500\", \"saldoActual\": \"0\", \"limiteCredito\": \"37500\", \"saldoVencido\": \"0\", \"numeroPagosVencidos\": \"0\", \"pagoActual\": \"--\", \"historicoPagos\": \" V V V V V V V V V V V V\", \"saldoVencidoPeorAtraso\": \"0\" } ], \"domicilios\": [ { \"direccion\": \"PASADISO ENCONTRADO 58\", \"coloniaPoblacion\": \"montevideo\", \"delegacionMunicipio\": \"GUSTAVO A MADERO\", \"ciudad\": \"CIUDAD DE M\\u00c9XICO\", \"estado\": \"DF\", \"CP\": \"07730\", \"fechaResidencia\": \"2020-06-10\", \"fechaRegistroDomicilio\": \"2020-06-10\" }, { \"direccion\": \"PASADISO ENCONTRADO 58\", \"coloniaPoblacion\": \"MONTEVIDEO\", \"delegacionMunicipio\": \"GUSTAVO A MADERO\", \"ciudad\": \"CIUDAD DE MXICO\", \"estado\": \"CDMX\", \"CP\": \"07730\", \"fechaResidencia\": \"2020-06-02\", \"numeroTelefono\": \"55664420\", \"tipoDomicilio\": \"C\", \"tipoAsentamiento\": \"0\", \"fechaRegistroDomicilio\": \"2020-06-02\" } ], \"empleos\": [ { \"nombreEmpresa\": \"EMPRESA EJEMPLO\", \"direccion\": \"PASADISO ENCONTRADO 58\", \"coloniaPoblacion\": \"MONTEVIDEO\", \"delegacionMunicipio\": \"GUSTAVO A MADERO\", \"ciudad\": \"CIUDAD DE MXICO\", \"estado\": \"CDMX\", \"CP\": \"00000\", \"numeroTelefono\": \"54783257\", \"extension\": \"1110\", \"fax\": \"54146531\", \"puesto\": \"AUXILIAR ADMINISTRATIVO\", \"fechaContratacion\": \"2000-02-02\", \"claveMoneda\": \"UD\", \"salarioMensual\": 6499, \"fechaUltimoDiaEmpleo\": \"2020-06-02\", \"fechaVerificacionEmpleo\": \"2000-05-10\" } ], \"mensajes\": [ { \"tipoMensaje\": 2, \"leyenda\": \"Respuesta exitosa de otras SIC´s\" } ] }\n'),
(18, '2023-04-19 10:23:55', 24, '1', '    { \"folio\": \"\", \"folioConsulta\": \"19698610\", \"folioConsultaOtorgante\": \"1\", \"claveOtorgante\": \"0000081008\", \"declaracionesConsumidor\": null, \"persona\": { \"apellidoPaterno\": \"SESENTAYDOS\", \"apellidoMaterno\": \"PRUEBA\", \"nombres\": \"JUAN\", \"fechaNacimiento\": \"1965-08-09\", \"RFC\": \"SEPJ650809JG1\", \"nacionalidad\": \"MX\", \"residencia\": \"5\", \"estadoCivil\": \"C\", \"sexo\": \"M\", \"numeroDependientes\": \"0\" }, \"consultas\": [ { \"fechaConsulta\": \"2020-06-10\", \"nombreOtorgante\": \"REPORTE DE CREDITO ESPECIAL\", \"telefonoOtorgante\": \"51662455\", \"tipoCredito\": \"M\", \"claveUnidadMonetaria\": \"MX\", \"importeCredito\": \"1\" }, { \"fechaConsulta\": \"2018-08-24\", \"nombreOtorgante\": \"CONSUMIDOR FINAL / BC\", \"tipoCredito\": \"NC\", \"importeCredito\": \"0\", \"tipoResponsabilidad\": \"I\" }, { \"fechaConsulta\": \"2018-06-13\", \"nombreOtorgante\": \"BANCO / BC\", \"tipoCredito\": \"NC\", \"importeCredito\": \"0\", \"tipoResponsabilidad\": \"I\" }, { \"fechaConsulta\": \"2018-06-01\", \"nombreOtorgante\": \"FIANZAS / BC\", \"tipoCredito\": \"FI\", \"importeCredito\": \"0\", \"tipoResponsabilidad\": \"I\" }, { \"fechaConsulta\": \"2018-05-24\", \"nombreOtorgante\": \"CONSUMIDOR FINAL / BC\", \"tipoCredito\": \"NC\", \"importeCredito\": \"0\", \"tipoResponsabilidad\": \"I\" }, { \"fechaConsulta\": \"2018-03-14\", \"nombreOtorgante\": \"BANCO / BC\", \"tipoCredito\": \"NC\", \"importeCredito\": \"0\", \"tipoResponsabilidad\": \"I\" }, { \"fechaConsulta\": \"2018-02-24\", \"nombreOtorgante\": \"CONSUMIDOR FINAL / BC\", \"tipoCredito\": \"NC\", \"importeCredito\": \"0\", \"tipoResponsabilidad\": \"I\" }, { \"fechaConsulta\": \"2017-11-23\", \"nombreOtorgante\": \"CONSUMIDOR FINAL / BC\", \"tipoCredito\": \"NC\", \"importeCredito\": \"0\", \"tipoResponsabilidad\": \"I\" }, { \"fechaConsulta\": \"2017-09-15\", \"nombreOtorgante\": \"BANCO / BC\", \"tipoCredito\": \"NC\", \"importeCredito\": \"0\", \"tipoResponsabilidad\": \"I\" }, { \"fechaConsulta\": \"2017-08-23\", \"nombreOtorgante\": \"CONSUMIDOR FINAL / BC\", \"tipoCredito\": \"NC\", \"importeCredito\": \"0\", \"tipoResponsabilidad\": \"I\" }, { \"fechaConsulta\": \"2017-05-25\", \"nombreOtorgante\": \"FIANZAS / BC\", \"tipoCredito\": \"FI\", \"importeCredito\": \"0\", \"tipoResponsabilidad\": \"I\" }, { \"fechaConsulta\": \"2017-05-23\", \"nombreOtorgante\": \"CONSUMIDOR FINAL / BC\", \"tipoCredito\": \"NC\", \"importeCredito\": \"0\", \"tipoResponsabilidad\": \"I\" }, { \"fechaConsulta\": \"2017-03-08\", \"nombreOtorgante\": \"BANCO / BC\", \"tipoCredito\": \"TC\", \"importeCredito\": \"0\", \"tipoResponsabilidad\": \"I\" }, { \"fechaConsulta\": \"2017-02-23\", \"nombreOtorgante\": \"CONSUMIDOR FINAL / BC\", \"tipoCredito\": \"NC\", \"importeCredito\": \"0\", \"tipoResponsabilidad\": \"I\" } ], \"creditos\": [ { \"fechaActualizacion\": \"2020-05-31\", \"registroImpugnado\": \"0\", \"nombreOtorgante\": \"REPORTE DE CREDITO ESPECIAL\", \"cuentaActual\": \"1234567890135\", \"tipoResponsabilidad\": \"I\", \"tipoCuenta\": \"F\", \"tipoCredito\": \"CC\", \"claveUnidadMonetaria\": \"UD\", \"valorActivoValuacion\": \"1098\", \"numeroPagos\": \"40\", \"frecuenciaPagos\": \"M\", \"montoPagar\": \"20\", \"fechaAperturaCuenta\": \"2017-01-28\", \"fechaUltimoPago\": \"2020-04-21\", \"fechaUltimaCompra\": \"2020-04-03\", \"fechaReporte\": \"2020-05-31\", \"creditoMaximo\": \"160000\", \"saldoActual\": \"100\", \"limiteCredito\": \"200000\", \"saldoVencido\": \"70\", \"numeroPagosVencidos\": \"4\", \"pagoActual\": \"02\", \"historicoPagos\": \" V V V V V V V V V V V V\", \"totalPagosReportados\": \"0\", \"peorAtraso\": \"2\", \"fechaPeorAtraso\": \"2020-05-31\", \"saldoVencidoPeorAtraso\": \"70\" }, { \"fechaActualizacion\": \"2018-09-14\", \"registroImpugnado\": \"0\", \"nombreOtorgante\": \"BANCO / BC\", \"tipoResponsabilidad\": \"I\", \"tipoCuenta\": \"R\", \"tipoCredito\": \"TC\", \"claveUnidadMonetaria\": \"MX\", \"frecuenciaPagos\": \"M\", \"montoPagar\": \"1925\", \"fechaAperturaCuenta\": \"1998-08-25\", \"fechaUltimoPago\": \"2018-08-13\", \"fechaUltimaCompra\": \"2018-08-26\", \"fechaReporte\": \"2018-08-31\", \"creditoMaximo\": \"118648\", \"saldoActual\": \"20353\", \"limiteCredito\": \"154000\", \"saldoVencido\": \"0\", \"numeroPagosVencidos\": \"0\", \"pagoActual\": \"V\", \"historicoPagos\": \" V V V V V V V V V V V V\", \"saldoVencidoPeorAtraso\": \"0\", \"CAN\": { \"identificadorCAN\": \"01\", \"prelacionOrigen\": \"1\", \"prelacionActual\": \"1\", \"fechaAperturaCAN\": \"2019-12-01\", \"fechaCancelacionCAN\": \"2019-12-01\", \"historicoCAN\": \"2\", \"fechaMACAN\": \"2019-12-01\" } }, { \"fechaActualizacion\": \"2018-09-13\", \"registroImpugnado\": \"0\", \"nombreOtorgante\": \"BANCO / BC\", \"tipoResponsabilidad\": \"I\", \"tipoCuenta\": \"R\", \"tipoCredito\": \"TC\", \"claveUnidadMonetaria\": \"MX\", \"frecuenciaPagos\": \"M\", \"montoPagar\": \"0\", \"fechaAperturaCuenta\": \"2010-12-21\", \"fechaUltimoPago\": \"2018-08-23\", \"fechaUltimaCompra\": \"2018-08-28\", \"fechaReporte\": \"2018-08-31\", \"creditoMaximo\": \"124551\", \"saldoActual\": \"37456\", \"limiteCredito\": \"172500\", \"saldoVencido\": \"0\", \"numeroPagosVencidos\": \"0\", \"pagoActual\": \"V\", \"historicoPagos\": \" V V V V V V V V V V V V\", \"saldoVencidoPeorAtraso\": \"0\" }, { \"fechaActualizacion\": \"2018-09-07\", \"registroImpugnado\": \"0\", \"nombreOtorgante\": \"BANCO / BC\", \"tipoResponsabilidad\": \"I\", \"tipoCuenta\": \"R\", \"tipoCredito\": \"LC\", \"claveUnidadMonetaria\": \"MX\", \"frecuenciaPagos\": \"M\", \"montoPagar\": \"0\", \"fechaAperturaCuenta\": \"2004-06-07\", \"fechaUltimoPago\": \"2018-06-21\", \"fechaUltimaCompra\": \"2015-08-14\", \"fechaReporte\": \"2018-08-31\", \"creditoMaximo\": \"252703\", \"saldoActual\": \"0\", \"limiteCredito\": \"250000\", \"saldoVencido\": \"0\", \"numeroPagosVencidos\": \"1\", \"pagoActual\": \"V\", \"historicoPagos\": \" V V V V V V V V V V V V\", \"clavePrevencion\": \"IA\", \"saldoVencidoPeorAtraso\": \"0\" }, { \"fechaActualizacion\": \"2017-09-06\", \"registroImpugnado\": \"0\", \"nombreOtorgante\": \"BANCO / BC\", \"tipoResponsabilidad\": \"I\", \"tipoCuenta\": \"R\", \"tipoCredito\": \"TC\", \"claveUnidadMonetaria\": \"MX\", \"frecuenciaPagos\": \"M\", \"montoPagar\": \"0\", \"fechaAperturaCuenta\": \"1998-08-25\", \"fechaUltimoPago\": \"2017-08-10\", \"fechaUltimaCompra\": \"2017-08-28\", \"fechaCierreCuenta\": \"2017-08-31\", \"fechaReporte\": \"2017-08-31\", \"creditoMaximo\": \"118648\", \"saldoActual\": \"0\", \"limiteCredito\": \"154000\", \"saldoVencido\": \"0\", \"numeroPagosVencidos\": \"0\", \"pagoActual\": \"--\", \"clavePrevencion\": \"LS\", \"saldoVencidoPeorAtraso\": \"0\" }, { \"fechaActualizacion\": \"2017-09-06\", \"registroImpugnado\": \"0\", \"nombreOtorgante\": \"BANCO / BC\", \"tipoResponsabilidad\": \"I\", \"tipoCuenta\": \"R\", \"tipoCredito\": \"TC\", \"claveUnidadMonetaria\": \"MX\", \"frecuenciaPagos\": \"M\", \"montoPagar\": \"0\", \"fechaAperturaCuenta\": \"1998-08-25\", \"fechaUltimoPago\": \"2017-08-10\", \"fechaUltimaCompra\": \"2017-08-28\", \"fechaCierreCuenta\": \"2017-08-31\", \"fechaReporte\": \"2017-08-31\", \"creditoMaximo\": \"118648\", \"saldoActual\": \"0\", \"limiteCredito\": \"154000\", \"saldoVencido\": \"0\", \"numeroPagosVencidos\": \"1\", \"pagoActual\": \"V\", \"historicoPagos\": \" V V V V V V V V V V V V\", \"clavePrevencion\": \"CC\", \"saldoVencidoPeorAtraso\": \"0\" }, { \"fechaActualizacion\": \"2018-08-28\", \"registroImpugnado\": \"0\", \"nombreOtorgante\": \"BANCO / BC\", \"tipoResponsabilidad\": \"I\", \"tipoCuenta\": \"R\", \"tipoCredito\": \"TC\", \"claveUnidadMonetaria\": \"MX\", \"frecuenciaPagos\": \"M\", \"montoPagar\": \"0\", \"fechaAperturaCuenta\": \"2010-12-21\", \"fechaUltimoPago\": \"2017-07-25\", \"fechaUltimaCompra\": \"2017-07-28\", \"fechaCierreCuenta\": \"2017-08-01\", \"fechaReporte\": \"2017-07-31\", \"creditoMaximo\": \"124551\", \"saldoActual\": \"0\", \"limiteCredito\": \"172500\", \"saldoVencido\": \"0\", \"numeroPagosVencidos\": \"1\", \"pagoActual\": \"V\", \"historicoPagos\": \" V V V V V V V V V V V V\", \"clavePrevencion\": \"CA\", \"saldoVencidoPeorAtraso\": \"0\" }, { \"fechaActualizacion\": \"2015-06-01\", \"registroImpugnado\": \"0\", \"nombreOtorgante\": \"BANCO / BC\", \"tipoResponsabilidad\": \"I\", \"tipoCuenta\": \"H\", \"tipoCredito\": \"BR\", \"claveUnidadMonetaria\": \"MX\", \"numeroPagos\": \"120\", \"frecuenciaPagos\": \"M\", \"montoPagar\": \"0\", \"fechaAperturaCuenta\": \"2006-06-16\", \"fechaUltimoPago\": \"2015-05-27\", \"fechaCierreCuenta\": \"2015-05-27\", \"fechaReporte\": \"2015-05-31\", \"creditoMaximo\": \"1538820\", \"saldoActual\": \"0\", \"limiteCredito\": \"1538820\", \"saldoVencido\": \"0\", \"numeroPagosVencidos\": \"1\", \"pagoActual\": \"V\", \"historicoPagos\": \" V V V V V V V V V V V V\", \"clavePrevencion\": \"CC\", \"saldoVencidoPeorAtraso\": \"0\" }, { \"fechaActualizacion\": \"2014-10-28\", \"registroImpugnado\": \"0\", \"nombreOtorgante\": \"TIENDA COMERCIAL / BC\", \"tipoResponsabilidad\": \"I\", \"tipoCuenta\": \"R\", \"tipoCredito\": \"LC\", \"claveUnidadMonetaria\": \"MX\", \"frecuenciaPagos\": \"M\", \"montoPagar\": \"0\", \"fechaAperturaCuenta\": \"2001-11-28\", \"fechaUltimoPago\": \"2011-08-17\", \"fechaUltimaCompra\": \"2010-06-05\", \"fechaCierreCuenta\": \"2014-10-06\", \"fechaReporte\": \"2014-10-08\", \"creditoMaximo\": \"37500\", \"saldoActual\": \"0\", \"limiteCredito\": \"37500\", \"saldoVencido\": \"0\", \"numeroPagosVencidos\": \"0\", \"pagoActual\": \"--\", \"historicoPagos\": \" V V V V V V V V V V V V\", \"saldoVencidoPeorAtraso\": \"0\" } ], \"domicilios\": [ { \"direccion\": \"PASADISO ENCONTRADO 58\", \"coloniaPoblacion\": \"montevideo\", \"delegacionMunicipio\": \"GUSTAVO A MADERO\", \"ciudad\": \"CIUDAD DE M\\u00c9XICO\", \"estado\": \"DF\", \"CP\": \"07730\", \"fechaResidencia\": \"2020-06-10\", \"fechaRegistroDomicilio\": \"2020-06-10\" }, { \"direccion\": \"PASADISO ENCONTRADO 58\", \"coloniaPoblacion\": \"MONTEVIDEO\", \"delegacionMunicipio\": \"GUSTAVO A MADERO\", \"ciudad\": \"CIUDAD DE MXICO\", \"estado\": \"CDMX\", \"CP\": \"07730\", \"fechaResidencia\": \"2020-06-02\", \"numeroTelefono\": \"55664420\", \"tipoDomicilio\": \"C\", \"tipoAsentamiento\": \"0\", \"fechaRegistroDomicilio\": \"2020-06-02\" } ], \"empleos\": [ { \"nombreEmpresa\": \"EMPRESA EJEMPLO\", \"direccion\": \"PASADISO ENCONTRADO 58\", \"coloniaPoblacion\": \"MONTEVIDEO\", \"delegacionMunicipio\": \"GUSTAVO A MADERO\", \"ciudad\": \"CIUDAD DE MXICO\", \"estado\": \"CDMX\", \"CP\": \"00000\", \"numeroTelefono\": \"54783257\", \"extension\": \"1110\", \"fax\": \"54146531\", \"puesto\": \"AUXILIAR ADMINISTRATIVO\", \"fechaContratacion\": \"2000-02-02\", \"claveMoneda\": \"UD\", \"salarioMensual\": 6499, \"fechaUltimoDiaEmpleo\": \"2020-06-02\", \"fechaVerificacionEmpleo\": \"2000-05-10\" } ], \"mensajes\": [ { \"tipoMensaje\": 2, \"leyenda\": \"Respuesta exitosa de otras SIC´s\" } ] }\n'),
(19, '2023-04-19 10:25:53', 25, '1', '    { \"folio\": \"\", \"folioConsulta\": \"19698610\", \"folioConsultaOtorgante\": \"1\", \"claveOtorgante\": \"0000081008\", \"declaracionesConsumidor\": null, \"persona\": { \"apellidoPaterno\": \"SESENTAYDOS\", \"apellidoMaterno\": \"PRUEBA\", \"nombres\": \"JUAN\", \"fechaNacimiento\": \"1965-08-09\", \"RFC\": \"SEPJ650809JG1\", \"nacionalidad\": \"MX\", \"residencia\": \"5\", \"estadoCivil\": \"C\", \"sexo\": \"M\", \"numeroDependientes\": \"0\" }, \"consultas\": [ { \"fechaConsulta\": \"2020-06-10\", \"nombreOtorgante\": \"REPORTE DE CREDITO ESPECIAL\", \"telefonoOtorgante\": \"51662455\", \"tipoCredito\": \"M\", \"claveUnidadMonetaria\": \"MX\", \"importeCredito\": \"1\" }, { \"fechaConsulta\": \"2018-08-24\", \"nombreOtorgante\": \"CONSUMIDOR FINAL / BC\", \"tipoCredito\": \"NC\", \"importeCredito\": \"0\", \"tipoResponsabilidad\": \"I\" }, { \"fechaConsulta\": \"2018-06-13\", \"nombreOtorgante\": \"BANCO / BC\", \"tipoCredito\": \"NC\", \"importeCredito\": \"0\", \"tipoResponsabilidad\": \"I\" }, { \"fechaConsulta\": \"2018-06-01\", \"nombreOtorgante\": \"FIANZAS / BC\", \"tipoCredito\": \"FI\", \"importeCredito\": \"0\", \"tipoResponsabilidad\": \"I\" }, { \"fechaConsulta\": \"2018-05-24\", \"nombreOtorgante\": \"CONSUMIDOR FINAL / BC\", \"tipoCredito\": \"NC\", \"importeCredito\": \"0\", \"tipoResponsabilidad\": \"I\" }, { \"fechaConsulta\": \"2018-03-14\", \"nombreOtorgante\": \"BANCO / BC\", \"tipoCredito\": \"NC\", \"importeCredito\": \"0\", \"tipoResponsabilidad\": \"I\" }, { \"fechaConsulta\": \"2018-02-24\", \"nombreOtorgante\": \"CONSUMIDOR FINAL / BC\", \"tipoCredito\": \"NC\", \"importeCredito\": \"0\", \"tipoResponsabilidad\": \"I\" }, { \"fechaConsulta\": \"2017-11-23\", \"nombreOtorgante\": \"CONSUMIDOR FINAL / BC\", \"tipoCredito\": \"NC\", \"importeCredito\": \"0\", \"tipoResponsabilidad\": \"I\" }, { \"fechaConsulta\": \"2017-09-15\", \"nombreOtorgante\": \"BANCO / BC\", \"tipoCredito\": \"NC\", \"importeCredito\": \"0\", \"tipoResponsabilidad\": \"I\" }, { \"fechaConsulta\": \"2017-08-23\", \"nombreOtorgante\": \"CONSUMIDOR FINAL / BC\", \"tipoCredito\": \"NC\", \"importeCredito\": \"0\", \"tipoResponsabilidad\": \"I\" }, { \"fechaConsulta\": \"2017-05-25\", \"nombreOtorgante\": \"FIANZAS / BC\", \"tipoCredito\": \"FI\", \"importeCredito\": \"0\", \"tipoResponsabilidad\": \"I\" }, { \"fechaConsulta\": \"2017-05-23\", \"nombreOtorgante\": \"CONSUMIDOR FINAL / BC\", \"tipoCredito\": \"NC\", \"importeCredito\": \"0\", \"tipoResponsabilidad\": \"I\" }, { \"fechaConsulta\": \"2017-03-08\", \"nombreOtorgante\": \"BANCO / BC\", \"tipoCredito\": \"TC\", \"importeCredito\": \"0\", \"tipoResponsabilidad\": \"I\" }, { \"fechaConsulta\": \"2017-02-23\", \"nombreOtorgante\": \"CONSUMIDOR FINAL / BC\", \"tipoCredito\": \"NC\", \"importeCredito\": \"0\", \"tipoResponsabilidad\": \"I\" } ], \"creditos\": [ { \"fechaActualizacion\": \"2020-05-31\", \"registroImpugnado\": \"0\", \"nombreOtorgante\": \"REPORTE DE CREDITO ESPECIAL\", \"cuentaActual\": \"1234567890135\", \"tipoResponsabilidad\": \"I\", \"tipoCuenta\": \"F\", \"tipoCredito\": \"CC\", \"claveUnidadMonetaria\": \"UD\", \"valorActivoValuacion\": \"1098\", \"numeroPagos\": \"40\", \"frecuenciaPagos\": \"M\", \"montoPagar\": \"20\", \"fechaAperturaCuenta\": \"2017-01-28\", \"fechaUltimoPago\": \"2020-04-21\", \"fechaUltimaCompra\": \"2020-04-03\", \"fechaReporte\": \"2020-05-31\", \"creditoMaximo\": \"160000\", \"saldoActual\": \"100\", \"limiteCredito\": \"200000\", \"saldoVencido\": \"70\", \"numeroPagosVencidos\": \"4\", \"pagoActual\": \"02\", \"historicoPagos\": \" V V V V V V V V V V V V\", \"totalPagosReportados\": \"0\", \"peorAtraso\": \"2\", \"fechaPeorAtraso\": \"2020-05-31\", \"saldoVencidoPeorAtraso\": \"70\" }, { \"fechaActualizacion\": \"2018-09-14\", \"registroImpugnado\": \"0\", \"nombreOtorgante\": \"BANCO / BC\", \"tipoResponsabilidad\": \"I\", \"tipoCuenta\": \"R\", \"tipoCredito\": \"TC\", \"claveUnidadMonetaria\": \"MX\", \"frecuenciaPagos\": \"M\", \"montoPagar\": \"1925\", \"fechaAperturaCuenta\": \"1998-08-25\", \"fechaUltimoPago\": \"2018-08-13\", \"fechaUltimaCompra\": \"2018-08-26\", \"fechaReporte\": \"2018-08-31\", \"creditoMaximo\": \"118648\", \"saldoActual\": \"20353\", \"limiteCredito\": \"154000\", \"saldoVencido\": \"0\", \"numeroPagosVencidos\": \"0\", \"pagoActual\": \"V\", \"historicoPagos\": \" V V V V V V V V V V V V\", \"saldoVencidoPeorAtraso\": \"0\", \"CAN\": { \"identificadorCAN\": \"01\", \"prelacionOrigen\": \"1\", \"prelacionActual\": \"1\", \"fechaAperturaCAN\": \"2019-12-01\", \"fechaCancelacionCAN\": \"2019-12-01\", \"historicoCAN\": \"2\", \"fechaMACAN\": \"2019-12-01\" } }, { \"fechaActualizacion\": \"2018-09-13\", \"registroImpugnado\": \"0\", \"nombreOtorgante\": \"BANCO / BC\", \"tipoResponsabilidad\": \"I\", \"tipoCuenta\": \"R\", \"tipoCredito\": \"TC\", \"claveUnidadMonetaria\": \"MX\", \"frecuenciaPagos\": \"M\", \"montoPagar\": \"0\", \"fechaAperturaCuenta\": \"2010-12-21\", \"fechaUltimoPago\": \"2018-08-23\", \"fechaUltimaCompra\": \"2018-08-28\", \"fechaReporte\": \"2018-08-31\", \"creditoMaximo\": \"124551\", \"saldoActual\": \"37456\", \"limiteCredito\": \"172500\", \"saldoVencido\": \"0\", \"numeroPagosVencidos\": \"0\", \"pagoActual\": \"V\", \"historicoPagos\": \" V V V V V V V V V V V V\", \"saldoVencidoPeorAtraso\": \"0\" }, { \"fechaActualizacion\": \"2018-09-07\", \"registroImpugnado\": \"0\", \"nombreOtorgante\": \"BANCO / BC\", \"tipoResponsabilidad\": \"I\", \"tipoCuenta\": \"R\", \"tipoCredito\": \"LC\", \"claveUnidadMonetaria\": \"MX\", \"frecuenciaPagos\": \"M\", \"montoPagar\": \"0\", \"fechaAperturaCuenta\": \"2004-06-07\", \"fechaUltimoPago\": \"2018-06-21\", \"fechaUltimaCompra\": \"2015-08-14\", \"fechaReporte\": \"2018-08-31\", \"creditoMaximo\": \"252703\", \"saldoActual\": \"0\", \"limiteCredito\": \"250000\", \"saldoVencido\": \"0\", \"numeroPagosVencidos\": \"1\", \"pagoActual\": \"V\", \"historicoPagos\": \" V V V V V V V V V V V V\", \"clavePrevencion\": \"IA\", \"saldoVencidoPeorAtraso\": \"0\" }, { \"fechaActualizacion\": \"2017-09-06\", \"registroImpugnado\": \"0\", \"nombreOtorgante\": \"BANCO / BC\", \"tipoResponsabilidad\": \"I\", \"tipoCuenta\": \"R\", \"tipoCredito\": \"TC\", \"claveUnidadMonetaria\": \"MX\", \"frecuenciaPagos\": \"M\", \"montoPagar\": \"0\", \"fechaAperturaCuenta\": \"1998-08-25\", \"fechaUltimoPago\": \"2017-08-10\", \"fechaUltimaCompra\": \"2017-08-28\", \"fechaCierreCuenta\": \"2017-08-31\", \"fechaReporte\": \"2017-08-31\", \"creditoMaximo\": \"118648\", \"saldoActual\": \"0\", \"limiteCredito\": \"154000\", \"saldoVencido\": \"0\", \"numeroPagosVencidos\": \"0\", \"pagoActual\": \"--\", \"clavePrevencion\": \"LS\", \"saldoVencidoPeorAtraso\": \"0\" }, { \"fechaActualizacion\": \"2017-09-06\", \"registroImpugnado\": \"0\", \"nombreOtorgante\": \"BANCO / BC\", \"tipoResponsabilidad\": \"I\", \"tipoCuenta\": \"R\", \"tipoCredito\": \"TC\", \"claveUnidadMonetaria\": \"MX\", \"frecuenciaPagos\": \"M\", \"montoPagar\": \"0\", \"fechaAperturaCuenta\": \"1998-08-25\", \"fechaUltimoPago\": \"2017-08-10\", \"fechaUltimaCompra\": \"2017-08-28\", \"fechaCierreCuenta\": \"2017-08-31\", \"fechaReporte\": \"2017-08-31\", \"creditoMaximo\": \"118648\", \"saldoActual\": \"0\", \"limiteCredito\": \"154000\", \"saldoVencido\": \"0\", \"numeroPagosVencidos\": \"1\", \"pagoActual\": \"V\", \"historicoPagos\": \" V V V V V V V V V V V V\", \"clavePrevencion\": \"CC\", \"saldoVencidoPeorAtraso\": \"0\" }, { \"fechaActualizacion\": \"2018-08-28\", \"registroImpugnado\": \"0\", \"nombreOtorgante\": \"BANCO / BC\", \"tipoResponsabilidad\": \"I\", \"tipoCuenta\": \"R\", \"tipoCredito\": \"TC\", \"claveUnidadMonetaria\": \"MX\", \"frecuenciaPagos\": \"M\", \"montoPagar\": \"0\", \"fechaAperturaCuenta\": \"2010-12-21\", \"fechaUltimoPago\": \"2017-07-25\", \"fechaUltimaCompra\": \"2017-07-28\", \"fechaCierreCuenta\": \"2017-08-01\", \"fechaReporte\": \"2017-07-31\", \"creditoMaximo\": \"124551\", \"saldoActual\": \"0\", \"limiteCredito\": \"172500\", \"saldoVencido\": \"0\", \"numeroPagosVencidos\": \"1\", \"pagoActual\": \"V\", \"historicoPagos\": \" V V V V V V V V V V V V\", \"clavePrevencion\": \"CA\", \"saldoVencidoPeorAtraso\": \"0\" }, { \"fechaActualizacion\": \"2015-06-01\", \"registroImpugnado\": \"0\", \"nombreOtorgante\": \"BANCO / BC\", \"tipoResponsabilidad\": \"I\", \"tipoCuenta\": \"H\", \"tipoCredito\": \"BR\", \"claveUnidadMonetaria\": \"MX\", \"numeroPagos\": \"120\", \"frecuenciaPagos\": \"M\", \"montoPagar\": \"0\", \"fechaAperturaCuenta\": \"2006-06-16\", \"fechaUltimoPago\": \"2015-05-27\", \"fechaCierreCuenta\": \"2015-05-27\", \"fechaReporte\": \"2015-05-31\", \"creditoMaximo\": \"1538820\", \"saldoActual\": \"0\", \"limiteCredito\": \"1538820\", \"saldoVencido\": \"0\", \"numeroPagosVencidos\": \"1\", \"pagoActual\": \"V\", \"historicoPagos\": \" V V V V V V V V V V V V\", \"clavePrevencion\": \"CC\", \"saldoVencidoPeorAtraso\": \"0\" }, { \"fechaActualizacion\": \"2014-10-28\", \"registroImpugnado\": \"0\", \"nombreOtorgante\": \"TIENDA COMERCIAL / BC\", \"tipoResponsabilidad\": \"I\", \"tipoCuenta\": \"R\", \"tipoCredito\": \"LC\", \"claveUnidadMonetaria\": \"MX\", \"frecuenciaPagos\": \"M\", \"montoPagar\": \"0\", \"fechaAperturaCuenta\": \"2001-11-28\", \"fechaUltimoPago\": \"2011-08-17\", \"fechaUltimaCompra\": \"2010-06-05\", \"fechaCierreCuenta\": \"2014-10-06\", \"fechaReporte\": \"2014-10-08\", \"creditoMaximo\": \"37500\", \"saldoActual\": \"0\", \"limiteCredito\": \"37500\", \"saldoVencido\": \"0\", \"numeroPagosVencidos\": \"0\", \"pagoActual\": \"--\", \"historicoPagos\": \" V V V V V V V V V V V V\", \"saldoVencidoPeorAtraso\": \"0\" } ], \"domicilios\": [ { \"direccion\": \"PASADISO ENCONTRADO 58\", \"coloniaPoblacion\": \"montevideo\", \"delegacionMunicipio\": \"GUSTAVO A MADERO\", \"ciudad\": \"CIUDAD DE M\\u00c9XICO\", \"estado\": \"DF\", \"CP\": \"07730\", \"fechaResidencia\": \"2020-06-10\", \"fechaRegistroDomicilio\": \"2020-06-10\" }, { \"direccion\": \"PASADISO ENCONTRADO 58\", \"coloniaPoblacion\": \"MONTEVIDEO\", \"delegacionMunicipio\": \"GUSTAVO A MADERO\", \"ciudad\": \"CIUDAD DE MXICO\", \"estado\": \"CDMX\", \"CP\": \"07730\", \"fechaResidencia\": \"2020-06-02\", \"numeroTelefono\": \"55664420\", \"tipoDomicilio\": \"C\", \"tipoAsentamiento\": \"0\", \"fechaRegistroDomicilio\": \"2020-06-02\" } ], \"empleos\": [ { \"nombreEmpresa\": \"EMPRESA EJEMPLO\", \"direccion\": \"PASADISO ENCONTRADO 58\", \"coloniaPoblacion\": \"MONTEVIDEO\", \"delegacionMunicipio\": \"GUSTAVO A MADERO\", \"ciudad\": \"CIUDAD DE MXICO\", \"estado\": \"CDMX\", \"CP\": \"00000\", \"numeroTelefono\": \"54783257\", \"extension\": \"1110\", \"fax\": \"54146531\", \"puesto\": \"AUXILIAR ADMINISTRATIVO\", \"fechaContratacion\": \"2000-02-02\", \"claveMoneda\": \"UD\", \"salarioMensual\": 6499, \"fechaUltimoDiaEmpleo\": \"2020-06-02\", \"fechaVerificacionEmpleo\": \"2000-05-10\" } ], \"mensajes\": [ { \"tipoMensaje\": 2, \"leyenda\": \"Respuesta exitosa de otras SIC´s\" } ] }\n'),
(20, '2023-04-19 10:26:17', 26, '1', '    { \"folio\": \"\", \"folioConsulta\": \"19698610\", \"folioConsultaOtorgante\": \"1\", \"claveOtorgante\": \"0000081008\", \"declaracionesConsumidor\": null, \"persona\": { \"apellidoPaterno\": \"SESENTAYDOS\", \"apellidoMaterno\": \"PRUEBA\", \"nombres\": \"JUAN\", \"fechaNacimiento\": \"1965-08-09\", \"RFC\": \"SEPJ650809JG1\", \"nacionalidad\": \"MX\", \"residencia\": \"5\", \"estadoCivil\": \"C\", \"sexo\": \"M\", \"numeroDependientes\": \"0\" }, \"consultas\": [ { \"fechaConsulta\": \"2020-06-10\", \"nombreOtorgante\": \"REPORTE DE CREDITO ESPECIAL\", \"telefonoOtorgante\": \"51662455\", \"tipoCredito\": \"M\", \"claveUnidadMonetaria\": \"MX\", \"importeCredito\": \"1\" }, { \"fechaConsulta\": \"2018-08-24\", \"nombreOtorgante\": \"CONSUMIDOR FINAL / BC\", \"tipoCredito\": \"NC\", \"importeCredito\": \"0\", \"tipoResponsabilidad\": \"I\" }, { \"fechaConsulta\": \"2018-06-13\", \"nombreOtorgante\": \"BANCO / BC\", \"tipoCredito\": \"NC\", \"importeCredito\": \"0\", \"tipoResponsabilidad\": \"I\" }, { \"fechaConsulta\": \"2018-06-01\", \"nombreOtorgante\": \"FIANZAS / BC\", \"tipoCredito\": \"FI\", \"importeCredito\": \"0\", \"tipoResponsabilidad\": \"I\" }, { \"fechaConsulta\": \"2018-05-24\", \"nombreOtorgante\": \"CONSUMIDOR FINAL / BC\", \"tipoCredito\": \"NC\", \"importeCredito\": \"0\", \"tipoResponsabilidad\": \"I\" }, { \"fechaConsulta\": \"2018-03-14\", \"nombreOtorgante\": \"BANCO / BC\", \"tipoCredito\": \"NC\", \"importeCredito\": \"0\", \"tipoResponsabilidad\": \"I\" }, { \"fechaConsulta\": \"2018-02-24\", \"nombreOtorgante\": \"CONSUMIDOR FINAL / BC\", \"tipoCredito\": \"NC\", \"importeCredito\": \"0\", \"tipoResponsabilidad\": \"I\" }, { \"fechaConsulta\": \"2017-11-23\", \"nombreOtorgante\": \"CONSUMIDOR FINAL / BC\", \"tipoCredito\": \"NC\", \"importeCredito\": \"0\", \"tipoResponsabilidad\": \"I\" }, { \"fechaConsulta\": \"2017-09-15\", \"nombreOtorgante\": \"BANCO / BC\", \"tipoCredito\": \"NC\", \"importeCredito\": \"0\", \"tipoResponsabilidad\": \"I\" }, { \"fechaConsulta\": \"2017-08-23\", \"nombreOtorgante\": \"CONSUMIDOR FINAL / BC\", \"tipoCredito\": \"NC\", \"importeCredito\": \"0\", \"tipoResponsabilidad\": \"I\" }, { \"fechaConsulta\": \"2017-05-25\", \"nombreOtorgante\": \"FIANZAS / BC\", \"tipoCredito\": \"FI\", \"importeCredito\": \"0\", \"tipoResponsabilidad\": \"I\" }, { \"fechaConsulta\": \"2017-05-23\", \"nombreOtorgante\": \"CONSUMIDOR FINAL / BC\", \"tipoCredito\": \"NC\", \"importeCredito\": \"0\", \"tipoResponsabilidad\": \"I\" }, { \"fechaConsulta\": \"2017-03-08\", \"nombreOtorgante\": \"BANCO / BC\", \"tipoCredito\": \"TC\", \"importeCredito\": \"0\", \"tipoResponsabilidad\": \"I\" }, { \"fechaConsulta\": \"2017-02-23\", \"nombreOtorgante\": \"CONSUMIDOR FINAL / BC\", \"tipoCredito\": \"NC\", \"importeCredito\": \"0\", \"tipoResponsabilidad\": \"I\" } ], \"creditos\": [ { \"fechaActualizacion\": \"2020-05-31\", \"registroImpugnado\": \"0\", \"nombreOtorgante\": \"REPORTE DE CREDITO ESPECIAL\", \"cuentaActual\": \"1234567890135\", \"tipoResponsabilidad\": \"I\", \"tipoCuenta\": \"F\", \"tipoCredito\": \"CC\", \"claveUnidadMonetaria\": \"UD\", \"valorActivoValuacion\": \"1098\", \"numeroPagos\": \"40\", \"frecuenciaPagos\": \"M\", \"montoPagar\": \"20\", \"fechaAperturaCuenta\": \"2017-01-28\", \"fechaUltimoPago\": \"2020-04-21\", \"fechaUltimaCompra\": \"2020-04-03\", \"fechaReporte\": \"2020-05-31\", \"creditoMaximo\": \"160000\", \"saldoActual\": \"100\", \"limiteCredito\": \"200000\", \"saldoVencido\": \"70\", \"numeroPagosVencidos\": \"4\", \"pagoActual\": \"02\", \"historicoPagos\": \" V V V V V V V V V V V V\", \"totalPagosReportados\": \"0\", \"peorAtraso\": \"2\", \"fechaPeorAtraso\": \"2020-05-31\", \"saldoVencidoPeorAtraso\": \"70\" }, { \"fechaActualizacion\": \"2018-09-14\", \"registroImpugnado\": \"0\", \"nombreOtorgante\": \"BANCO / BC\", \"tipoResponsabilidad\": \"I\", \"tipoCuenta\": \"R\", \"tipoCredito\": \"TC\", \"claveUnidadMonetaria\": \"MX\", \"frecuenciaPagos\": \"M\", \"montoPagar\": \"1925\", \"fechaAperturaCuenta\": \"1998-08-25\", \"fechaUltimoPago\": \"2018-08-13\", \"fechaUltimaCompra\": \"2018-08-26\", \"fechaReporte\": \"2018-08-31\", \"creditoMaximo\": \"118648\", \"saldoActual\": \"20353\", \"limiteCredito\": \"154000\", \"saldoVencido\": \"0\", \"numeroPagosVencidos\": \"0\", \"pagoActual\": \"V\", \"historicoPagos\": \" V V V V V V V V V V V V\", \"saldoVencidoPeorAtraso\": \"0\", \"CAN\": { \"identificadorCAN\": \"01\", \"prelacionOrigen\": \"1\", \"prelacionActual\": \"1\", \"fechaAperturaCAN\": \"2019-12-01\", \"fechaCancelacionCAN\": \"2019-12-01\", \"historicoCAN\": \"2\", \"fechaMACAN\": \"2019-12-01\" } }, { \"fechaActualizacion\": \"2018-09-13\", \"registroImpugnado\": \"0\", \"nombreOtorgante\": \"BANCO / BC\", \"tipoResponsabilidad\": \"I\", \"tipoCuenta\": \"R\", \"tipoCredito\": \"TC\", \"claveUnidadMonetaria\": \"MX\", \"frecuenciaPagos\": \"M\", \"montoPagar\": \"0\", \"fechaAperturaCuenta\": \"2010-12-21\", \"fechaUltimoPago\": \"2018-08-23\", \"fechaUltimaCompra\": \"2018-08-28\", \"fechaReporte\": \"2018-08-31\", \"creditoMaximo\": \"124551\", \"saldoActual\": \"37456\", \"limiteCredito\": \"172500\", \"saldoVencido\": \"0\", \"numeroPagosVencidos\": \"0\", \"pagoActual\": \"V\", \"historicoPagos\": \" V V V V V V V V V V V V\", \"saldoVencidoPeorAtraso\": \"0\" }, { \"fechaActualizacion\": \"2018-09-07\", \"registroImpugnado\": \"0\", \"nombreOtorgante\": \"BANCO / BC\", \"tipoResponsabilidad\": \"I\", \"tipoCuenta\": \"R\", \"tipoCredito\": \"LC\", \"claveUnidadMonetaria\": \"MX\", \"frecuenciaPagos\": \"M\", \"montoPagar\": \"0\", \"fechaAperturaCuenta\": \"2004-06-07\", \"fechaUltimoPago\": \"2018-06-21\", \"fechaUltimaCompra\": \"2015-08-14\", \"fechaReporte\": \"2018-08-31\", \"creditoMaximo\": \"252703\", \"saldoActual\": \"0\", \"limiteCredito\": \"250000\", \"saldoVencido\": \"0\", \"numeroPagosVencidos\": \"1\", \"pagoActual\": \"V\", \"historicoPagos\": \" V V V V V V V V V V V V\", \"clavePrevencion\": \"IA\", \"saldoVencidoPeorAtraso\": \"0\" }, { \"fechaActualizacion\": \"2017-09-06\", \"registroImpugnado\": \"0\", \"nombreOtorgante\": \"BANCO / BC\", \"tipoResponsabilidad\": \"I\", \"tipoCuenta\": \"R\", \"tipoCredito\": \"TC\", \"claveUnidadMonetaria\": \"MX\", \"frecuenciaPagos\": \"M\", \"montoPagar\": \"0\", \"fechaAperturaCuenta\": \"1998-08-25\", \"fechaUltimoPago\": \"2017-08-10\", \"fechaUltimaCompra\": \"2017-08-28\", \"fechaCierreCuenta\": \"2017-08-31\", \"fechaReporte\": \"2017-08-31\", \"creditoMaximo\": \"118648\", \"saldoActual\": \"0\", \"limiteCredito\": \"154000\", \"saldoVencido\": \"0\", \"numeroPagosVencidos\": \"0\", \"pagoActual\": \"--\", \"clavePrevencion\": \"LS\", \"saldoVencidoPeorAtraso\": \"0\" }, { \"fechaActualizacion\": \"2017-09-06\", \"registroImpugnado\": \"0\", \"nombreOtorgante\": \"BANCO / BC\", \"tipoResponsabilidad\": \"I\", \"tipoCuenta\": \"R\", \"tipoCredito\": \"TC\", \"claveUnidadMonetaria\": \"MX\", \"frecuenciaPagos\": \"M\", \"montoPagar\": \"0\", \"fechaAperturaCuenta\": \"1998-08-25\", \"fechaUltimoPago\": \"2017-08-10\", \"fechaUltimaCompra\": \"2017-08-28\", \"fechaCierreCuenta\": \"2017-08-31\", \"fechaReporte\": \"2017-08-31\", \"creditoMaximo\": \"118648\", \"saldoActual\": \"0\", \"limiteCredito\": \"154000\", \"saldoVencido\": \"0\", \"numeroPagosVencidos\": \"1\", \"pagoActual\": \"V\", \"historicoPagos\": \" V V V V V V V V V V V V\", \"clavePrevencion\": \"CC\", \"saldoVencidoPeorAtraso\": \"0\" }, { \"fechaActualizacion\": \"2018-08-28\", \"registroImpugnado\": \"0\", \"nombreOtorgante\": \"BANCO / BC\", \"tipoResponsabilidad\": \"I\", \"tipoCuenta\": \"R\", \"tipoCredito\": \"TC\", \"claveUnidadMonetaria\": \"MX\", \"frecuenciaPagos\": \"M\", \"montoPagar\": \"0\", \"fechaAperturaCuenta\": \"2010-12-21\", \"fechaUltimoPago\": \"2017-07-25\", \"fechaUltimaCompra\": \"2017-07-28\", \"fechaCierreCuenta\": \"2017-08-01\", \"fechaReporte\": \"2017-07-31\", \"creditoMaximo\": \"124551\", \"saldoActual\": \"0\", \"limiteCredito\": \"172500\", \"saldoVencido\": \"0\", \"numeroPagosVencidos\": \"1\", \"pagoActual\": \"V\", \"historicoPagos\": \" V V V V V V V V V V V V\", \"clavePrevencion\": \"CA\", \"saldoVencidoPeorAtraso\": \"0\" }, { \"fechaActualizacion\": \"2015-06-01\", \"registroImpugnado\": \"0\", \"nombreOtorgante\": \"BANCO / BC\", \"tipoResponsabilidad\": \"I\", \"tipoCuenta\": \"H\", \"tipoCredito\": \"BR\", \"claveUnidadMonetaria\": \"MX\", \"numeroPagos\": \"120\", \"frecuenciaPagos\": \"M\", \"montoPagar\": \"0\", \"fechaAperturaCuenta\": \"2006-06-16\", \"fechaUltimoPago\": \"2015-05-27\", \"fechaCierreCuenta\": \"2015-05-27\", \"fechaReporte\": \"2015-05-31\", \"creditoMaximo\": \"1538820\", \"saldoActual\": \"0\", \"limiteCredito\": \"1538820\", \"saldoVencido\": \"0\", \"numeroPagosVencidos\": \"1\", \"pagoActual\": \"V\", \"historicoPagos\": \" V V V V V V V V V V V V\", \"clavePrevencion\": \"CC\", \"saldoVencidoPeorAtraso\": \"0\" }, { \"fechaActualizacion\": \"2014-10-28\", \"registroImpugnado\": \"0\", \"nombreOtorgante\": \"TIENDA COMERCIAL / BC\", \"tipoResponsabilidad\": \"I\", \"tipoCuenta\": \"R\", \"tipoCredito\": \"LC\", \"claveUnidadMonetaria\": \"MX\", \"frecuenciaPagos\": \"M\", \"montoPagar\": \"0\", \"fechaAperturaCuenta\": \"2001-11-28\", \"fechaUltimoPago\": \"2011-08-17\", \"fechaUltimaCompra\": \"2010-06-05\", \"fechaCierreCuenta\": \"2014-10-06\", \"fechaReporte\": \"2014-10-08\", \"creditoMaximo\": \"37500\", \"saldoActual\": \"0\", \"limiteCredito\": \"37500\", \"saldoVencido\": \"0\", \"numeroPagosVencidos\": \"0\", \"pagoActual\": \"--\", \"historicoPagos\": \" V V V V V V V V V V V V\", \"saldoVencidoPeorAtraso\": \"0\" } ], \"domicilios\": [ { \"direccion\": \"PASADISO ENCONTRADO 58\", \"coloniaPoblacion\": \"montevideo\", \"delegacionMunicipio\": \"GUSTAVO A MADERO\", \"ciudad\": \"CIUDAD DE M\\u00c9XICO\", \"estado\": \"DF\", \"CP\": \"07730\", \"fechaResidencia\": \"2020-06-10\", \"fechaRegistroDomicilio\": \"2020-06-10\" }, { \"direccion\": \"PASADISO ENCONTRADO 58\", \"coloniaPoblacion\": \"MONTEVIDEO\", \"delegacionMunicipio\": \"GUSTAVO A MADERO\", \"ciudad\": \"CIUDAD DE MXICO\", \"estado\": \"CDMX\", \"CP\": \"07730\", \"fechaResidencia\": \"2020-06-02\", \"numeroTelefono\": \"55664420\", \"tipoDomicilio\": \"C\", \"tipoAsentamiento\": \"0\", \"fechaRegistroDomicilio\": \"2020-06-02\" } ], \"empleos\": [ { \"nombreEmpresa\": \"EMPRESA EJEMPLO\", \"direccion\": \"PASADISO ENCONTRADO 58\", \"coloniaPoblacion\": \"MONTEVIDEO\", \"delegacionMunicipio\": \"GUSTAVO A MADERO\", \"ciudad\": \"CIUDAD DE MXICO\", \"estado\": \"CDMX\", \"CP\": \"00000\", \"numeroTelefono\": \"54783257\", \"extension\": \"1110\", \"fax\": \"54146531\", \"puesto\": \"AUXILIAR ADMINISTRATIVO\", \"fechaContratacion\": \"2000-02-02\", \"claveMoneda\": \"UD\", \"salarioMensual\": 6499, \"fechaUltimoDiaEmpleo\": \"2020-06-02\", \"fechaVerificacionEmpleo\": \"2000-05-10\" } ], \"mensajes\": [ { \"tipoMensaje\": 2, \"leyenda\": \"Respuesta exitosa de otras SIC´s\" } ] }\n');

-- --------------------------------------------------------

--
-- Estructura de tabla para la tabla `circlerequests`
--

CREATE TABLE `circlerequests` (
  `id` int(6) NOT NULL,
  `timestamp` datetime NOT NULL DEFAULT current_timestamp(),
  `scorerequest_id` int(6) NOT NULL
) ENGINE=InnoDB DEFAULT CHARSET=utf8mb4;

--
-- Volcado de datos para la tabla `circlerequests`
--

INSERT INTO `circlerequests` (`id`, `timestamp`, `scorerequest_id`) VALUES
(1, '2023-04-18 23:31:23', 10),
(2, '2023-04-18 23:31:27', 11),
(3, '2023-04-19 00:17:51', 12),
(4, '2023-04-19 00:19:06', 13),
(5, '2023-04-19 00:19:11', 14),
(6, '2023-04-19 00:23:37', 15),
(7, '2023-04-19 00:24:17', 16),
(8, '2023-04-19 00:25:11', 17),
(9, '2023-04-19 00:31:22', 18),
(10, '2023-04-19 00:31:59', 19),
(11, '2023-04-19 00:45:10', 20),
(12, '2023-04-19 00:45:21', 21),
(13, '2023-04-19 00:51:42', 22),
(14, '2023-04-19 00:53:15', 23),
(15, '2023-04-19 00:57:14', 24),
(16, '2023-04-19 00:58:03', 25),
(17, '2023-04-19 00:58:54', 26),
(18, '2023-04-19 00:59:45', 27),
(19, '2023-04-19 01:00:26', 28),
(20, '2023-04-19 01:01:21', 29),
(21, '2023-04-19 01:01:33', 30),
(22, '2023-04-19 09:18:06', 31),
(23, '2023-04-19 09:18:21', 32),
(24, '2023-04-19 09:22:18', 33),
(25, '2023-04-19 09:22:21', 34),
(26, '2023-04-19 10:23:46', 35),
(27, '2023-04-19 10:23:53', 36),
(28, '2023-04-19 10:25:52', 37),
(29, '2023-04-19 10:26:17', 38);

-- --------------------------------------------------------

--
-- Estructura de tabla para la tabla `scorerequests`
--

CREATE TABLE `scorerequests` (
  `id` int(6) NOT NULL,
  `timestamp` datetime NOT NULL DEFAULT current_timestamp(),
  `lastname` varchar(100) NOT NULL,
  `secondname` varchar(100) NOT NULL,
  `firstname` varchar(100) NOT NULL,
  `birthdate` date NOT NULL,
  `rfc` varchar(15) NOT NULL,
  `street` text NOT NULL,
  `country` varchar(50) NOT NULL,
  `deleg` varchar(50) NOT NULL,
  `city` varchar(50) NOT NULL,
  `state` varchar(50) NOT NULL,
  `zipcode` int(6) NOT NULL,
  `signature` text NOT NULL,
  `user` int(5) NOT NULL
) ENGINE=InnoDB DEFAULT CHARSET=utf8mb4;

--
-- Volcado de datos para la tabla `scorerequests`
--

INSERT INTO `scorerequests` (`id`, `timestamp`, `lastname`, `secondname`, `firstname`, `birthdate`, `rfc`, `street`, `country`, `deleg`, `city`, `state`, `zipcode`, `signature`, `user`) VALUES
(1, '2023-04-18 23:00:13', 'hola', '?', '?', '0000-00-00', '?', '?', '?', '?', '?', '?', 0, '?', 0),
(2, '2023-04-18 23:00:37', 'hola', '?', '?', '0000-00-00', '?', '?', '?', '?', '?', '?', 0, '1', 1),
(3, '2023-04-18 23:00:55', 'hola', '?', '?', '0000-00-00', '?', '?', '?', '?', '?', '?', 1, '1', 1),
(4, '2023-04-18 23:01:27', 'hola', '?', '?', '2013-03-23', '?', '?', '?', '?', '?', '?', 1, '1', 1),
(5, '2023-04-18 23:17:21', 'hola', 'secondname', 'first', '2013-03-23', 'rfc', 'street', 'country', 'deleg', 'city', 'state', 0, 'signature', 1),
(6, '2023-04-18 23:21:09', '', '', '', '2023-02-01', '', '', '', '', '', '', 0, '', 1),
(7, '2023-04-18 23:24:18', 'hola', 'secondname', 'first', '2013-03-23', 'rfc', 'street', 'country', 'deleg', 'city', 'state', 0, 'signature', 1),
(8, '2023-04-18 23:24:49', 'hola', 'secondname', 'first', '2013-03-23', 'rfc', 'street', 'country', 'deleg', 'city', 'state', 0, 'signature', 1),
(9, '2023-04-18 23:30:26', 'hola', 'secondname', 'first', '2013-03-23', 'rfc', 'street', 'country', 'deleg', 'city', 'state', 0, 'signature', 1),
(10, '2023-04-18 23:31:23', 'hola', 'secondname', 'first', '2013-03-23', 'rfc', 'street', 'country', 'deleg', 'city', 'state', 0, 'signature', 1),
(11, '2023-04-18 23:31:27', 'hola', 'secondname', 'first', '2013-03-23', 'rfc', 'street', 'country', 'deleg', 'city', 'state', 0, 'signature', 1),
(12, '2023-04-19 00:17:51', 'hola', 'secondname', 'first', '2013-03-23', 'rfc', 'street', 'country', 'deleg', 'city', 'state', 0, 'signature', 1),
(13, '2023-04-19 00:19:06', 'hola', 'secondname', 'first', '2013-03-23', 'rfc', 'street', 'country', 'deleg', 'city', 'state', 0, 'signature', 1),
(14, '2023-04-19 00:19:11', 'hola', 'secondname', 'first', '2013-03-23', 'rfc', 'street', 'country', 'deleg', 'city', 'state', 0, 'signature', 1),
(15, '2023-04-19 00:23:37', 'ramirez', 'irineo', 'daniel', '2013-03-23', 'rfc', 'street', 'country', 'deleg', 'city', 'state', 0, 'signature', 1),
(16, '2023-04-19 00:24:17', 'ramirez', 'irineo', 'daniel', '2013-03-23', 'rfc', 'street', 'country', 'deleg', 'city', 'state', 0, 'signature', 1),
(17, '2023-04-19 00:25:11', 'ramirez', 'irineo', 'daniel', '2013-03-23', 'rfc', 'street', 'country', 'deleg', 'city', 'state', 0, 'signature', 1),
(18, '2023-04-19 00:31:22', 'ramirez', 'irineo', 'daniel', '2013-03-23', 'rfc', 'street', 'country', 'deleg', 'city', 'state', 0, 'signature', 1),
(19, '2023-04-19 00:31:59', 'ramirez', 'irineo', 'daniel', '2013-03-23', 'rfc', 'street', 'country', 'deleg', 'city', 'state', 52765, 'signature', 1),
(20, '2023-04-19 00:45:10', 'ramirez', 'irineo', 'daniel', '2013-03-23', 'rfc', 'street', 'country', 'deleg', 'city', 'state', 52765, 'signature', 1),
(21, '2023-04-19 00:45:21', 'ramirez', 'irineo', 'daniel', '2013-03-23', 'rfc', 'street', 'country', 'deleg', 'city', 'state', 52765, 'signature', 1),
(22, '2023-04-19 00:51:42', 'ramirez', 'irineo', 'daniel', '2013-03-23', 'rfc', 'street', 'country', 'deleg', 'city', 'state', 52765, 'signature', 1),
(23, '2023-04-19 00:53:15', 'ramirez', 'irineo', 'daniel', '2013-03-23', 'rfc', 'street', 'country', 'deleg', 'city', 'state', 52765, 'signature', 1),
(24, '2023-04-19 00:57:14', 'ramirez', 'irineo', 'daniel', '2013-03-23', 'rfc', 'street', 'country', 'deleg', 'city', 'state', 52765, 'signature', 1),
(25, '2023-04-19 00:58:03', 'ramirez', 'irineo', 'daniel', '2013-03-23', 'rfc', 'street', 'country', 'deleg', 'city', 'state', 52765, 'signature', 1),
(26, '2023-04-19 00:58:54', 'ramirez', 'irineo', 'daniel', '2013-03-23', 'rfc', 'street', 'country', 'deleg', 'city', 'state', 52765, 'signature', 1),
(27, '2023-04-19 00:59:45', 'ramirez', 'irineo', 'daniel', '2013-03-23', 'rfc', 'street', 'country', 'deleg', 'city', 'state', 52765, 'signature', 1),
(28, '2023-04-19 01:00:26', 'ramirez', 'irineo', 'daniel', '2013-03-23', 'rfc', 'street', 'country', 'deleg', 'city', 'state', 52765, 'signature', 1),
(29, '2023-04-19 01:01:21', 'ramirez', 'irineo', 'daniel', '2013-03-23', 'rfc', 'street', 'country', 'deleg', 'city', 'state', 52765, 'signature', 1),
(30, '2023-04-19 01:01:33', 'ramirez', 'irineo', 'daniel', '2013-03-23', 'rfc', 'street', 'country', 'deleg', 'city', 'state', 52765, 'signature', 1),
(31, '2023-04-19 09:18:06', 'ramirez', 'irineo', 'daniel', '2013-03-23', 'rfc', 'street', 'country', 'deleg', 'city', 'state', 52765, 'signature', 1),
(32, '2023-04-19 09:18:21', 'ramirez', 'irineo', 'daniel', '2013-03-23', 'rfc', 'street', 'country', 'deleg', 'city', 'state', 52765, 'signature', 1),
(33, '2023-04-19 09:22:18', 'ramirez', 'irineo', 'daniel', '2013-03-23', 'rfc', 'street', 'country', 'deleg', 'city', 'state', 52765, 'signature', 1),
(34, '2023-04-19 09:22:21', 'ramirez', 'irineo', 'daniel', '2013-03-23', 'rfc', 'street', 'country', 'deleg', 'city', 'state', 52765, 'signature', 1),
(35, '2023-04-19 10:23:45', 'ramirez', 'irineo', 'daniel', '2013-03-23', 'rfc', 'street', 'country', 'deleg', 'city', 'state', 52765, 'signature', 1),
(36, '2023-04-19 10:23:53', 'ramirez', 'irineo', 'daniel', '2013-03-23', 'rfc', 'street', 'country', 'deleg', 'city', 'state', 52765, 'signature', 1),
(37, '2023-04-19 10:25:52', 'ramirez', 'irineo', 'daniel', '2013-03-23', 'rfc', 'street', 'country', 'deleg', 'city', 'state', 52765, 'signature', 1),
(38, '2023-04-19 10:26:17', 'ramirez', 'irineo', 'daniel', '2013-03-23', 'rfc', 'street', 'country', 'deleg', 'city', 'state', 52765, 'signature', 1);

-- --------------------------------------------------------

--
-- Estructura de tabla para la tabla `scoreresults`
--

CREATE TABLE `scoreresults` (
  `id` int(6) NOT NULL,
  `timestamp` datetime NOT NULL DEFAULT current_timestamp(),
  `circlerequest_id` int(6) NOT NULL,
  `type` varchar(10) NOT NULL,
  `pdffile` varchar(15) NOT NULL
) ENGINE=InnoDB DEFAULT CHARSET=utf8mb4;

--
-- Volcado de datos para la tabla `scoreresults`
--

INSERT INTO `scoreresults` (`id`, `timestamp`, `circlerequest_id`, `type`, `pdffile`) VALUES
(1, '2023-04-19 00:51:42', 13, 'carta', 'folioCredtoAky.'),
(2, '2023-04-19 00:51:42', 13, 'score', 'folioCC.pdf'),
(3, '2023-04-19 00:53:15', 14, 'carta', 'folioCredtoAky.'),
(4, '2023-04-19 00:53:15', 14, 'score', 'folioCC.pdf'),
(5, '2023-04-19 00:57:15', 15, 'carta', 'folioCredtoAky.'),
(6, '2023-04-19 00:57:15', 15, 'score', 'folioCC.pdf'),
(7, '2023-04-19 00:58:05', 16, 'carta', 'folioCredtoAky.'),
(8, '2023-04-19 00:58:05', 16, 'score', 'folioCC.pdf'),
(9, '2023-04-19 00:58:56', 17, 'carta', 'folioCredtoAky.'),
(10, '2023-04-19 00:58:56', 17, 'score', 'folioCC.pdf'),
(11, '2023-04-19 00:59:46', 18, 'carta', 'folioCredtoAky.'),
(12, '2023-04-19 00:59:46', 18, 'score', 'folioCC.pdf'),
(13, '2023-04-19 01:00:28', 19, 'carta', 'folioCredtoAky.'),
(14, '2023-04-19 01:00:28', 19, 'score', 'folioCC.pdf'),
(15, '2023-04-19 01:01:22', 20, 'carta', 'folioCredtoAky.'),
(16, '2023-04-19 01:01:22', 20, 'score', 'folioCC.pdf'),
(17, '2023-04-19 01:01:35', 21, 'carta', 'folioCredtoAky.'),
(18, '2023-04-19 01:01:35', 21, 'score', 'folioCC.pdf'),
(19, '2023-04-19 09:18:07', 22, 'carta', 'folioCredtoAky.'),
(20, '2023-04-19 09:18:08', 22, 'score', 'folioCC.pdf'),
(21, '2023-04-19 09:18:22', 23, 'carta', 'folioCredtoAky.'),
(22, '2023-04-19 09:18:22', 23, 'score', 'folioCC.pdf'),
(23, '2023-04-19 09:22:20', 24, 'carta', 'folioCredtoAky.'),
(24, '2023-04-19 09:22:20', 24, 'score', 'folioCC.pdf'),
(25, '2023-04-19 09:22:21', 25, 'carta', 'folioCredtoAky.'),
(26, '2023-04-19 09:22:21', 25, 'score', 'folioCC.pdf'),
(27, '2023-04-19 10:23:48', 26, 'carta', 'folioCredtoAky.'),
(28, '2023-04-19 10:23:49', 26, 'score', 'folioCC.pdf'),
(29, '2023-04-19 10:23:55', 27, 'carta', 'folioCredtoAky.'),
(30, '2023-04-19 10:23:56', 27, 'score', 'folioCC.pdf'),
(31, '2023-04-19 10:25:53', 28, 'carta', 'folioCredtoAky.'),
(32, '2023-04-19 10:25:53', 28, 'score', 'docs/19.pdf'),
(33, '2023-04-19 10:26:17', 29, 'carta', 'folioCredtoAky.'),
(34, '2023-04-19 10:26:18', 29, 'score', 'docs/20.pdf');

--
-- Índices para tablas volcadas
--

--
-- Indices de la tabla `circlerawrequests`
--
ALTER TABLE `circlerawrequests`
  ADD PRIMARY KEY (`id`);

--
-- Indices de la tabla `circlerawresponses`
--
ALTER TABLE `circlerawresponses`
  ADD PRIMARY KEY (`id`);

--
-- Indices de la tabla `circlerequests`
--
ALTER TABLE `circlerequests`
  ADD PRIMARY KEY (`id`);

--
-- Indices de la tabla `scorerequests`
--
ALTER TABLE `scorerequests`
  ADD PRIMARY KEY (`id`);

--
-- Indices de la tabla `scoreresults`
--
ALTER TABLE `scoreresults`
  ADD PRIMARY KEY (`id`);

--
-- AUTO_INCREMENT de las tablas volcadas
--

--
-- AUTO_INCREMENT de la tabla `circlerawrequests`
--
ALTER TABLE `circlerawrequests`
  MODIFY `id` int(11) NOT NULL AUTO_INCREMENT, AUTO_INCREMENT=27;

--
-- AUTO_INCREMENT de la tabla `circlerawresponses`
--
ALTER TABLE `circlerawresponses`
  MODIFY `id` int(11) NOT NULL AUTO_INCREMENT, AUTO_INCREMENT=21;

--
-- AUTO_INCREMENT de la tabla `circlerequests`
--
ALTER TABLE `circlerequests`
  MODIFY `id` int(6) NOT NULL AUTO_INCREMENT, AUTO_INCREMENT=30;

--
-- AUTO_INCREMENT de la tabla `scorerequests`
--
ALTER TABLE `scorerequests`
  MODIFY `id` int(6) NOT NULL AUTO_INCREMENT, AUTO_INCREMENT=39;

--
-- AUTO_INCREMENT de la tabla `scoreresults`
--
ALTER TABLE `scoreresults`
  MODIFY `id` int(6) NOT NULL AUTO_INCREMENT, AUTO_INCREMENT=35;
COMMIT;

/*!40101 SET CHARACTER_SET_CLIENT=@OLD_CHARACTER_SET_CLIENT */;
/*!40101 SET CHARACTER_SET_RESULTS=@OLD_CHARACTER_SET_RESULTS */;
/*!40101 SET COLLATION_CONNECTION=@OLD_COLLATION_CONNECTION */;
